{"id":729675,"date":"2025-08-27T21:00:36","date_gmt":"2025-08-27T18:00:36","guid":{"rendered":"https:\/\/roveyayinevi.com.tr\/index.php\/urun\/yaralarin-gizli-hayati\/"},"modified":"2026-04-16T02:37:15","modified_gmt":"2026-04-15T23:37:15","slug":"yaralarin-gizli-hayati","status":"publish","type":"product","link":"https:\/\/roveyayinevi.com.tr\/index.php\/urun\/yaralarin-gizli-hayati\/","title":{"rendered":"Yaralar\u0131n Gizli Hayat\u0131"},"content":{"rendered":"<p>Hi\u00e7birimiz yaralar\u0131 sevmesek de \u00e7o\u011fu zaman onlardan ka\u00e7amay\u0131z. Evde, yolda, okulda, parkta, sahilde\u2026 Hemen her yerde bir yerimizi incitebiliriz. Can\u0131m\u0131z bazen ac\u0131r, evet ama \u00f6nemli olan, yaralar\u0131m\u0131z\u0131 tan\u0131mak ve nas\u0131l iyile\u015fece\u011fini bilmek. Peki yaraya ilk \u00f6nce nas\u0131l m\u00fcdahale etmek gerekir? Bir yerimizi \u00e7arpt\u0131\u011f\u0131m\u0131zda cildimiz neden k\u0131zar\u0131p morar\u0131r? Yaralara iyi gelen do\u011fal y\u00f6ntemler var m\u0131d\u0131r? Tarih boyunca insanlar nas\u0131l pansuman yapm\u0131\u015flard\u0131r? Yaralar, bereler ve \u00e7\u00fcr\u00fckler hakk\u0131nda her \u015feyi \u00f6\u011frenmeye haz\u0131r m\u0131s\u0131n?<\/p>\n","protected":false},"excerpt":{"rendered":"<p>Hi\u00e7birimiz yaralar\u0131 sevmesek de \u00e7o\u011fu zaman onlardan ka\u00e7amay\u0131z. Evde, yolda, okulda, parkta, sahilde\u2026 Hemen her yerde bir yerimizi incitebiliriz. Can\u0131m\u0131z bazen ac\u0131r, evet ama \u00f6nemli olan,<span class=\"excerpt-hellip\"> [\u2026]<\/span><\/p>\n","protected":false},"featured_media":0,"template":"","meta":{"_monsterinsights_skip_tracking":false,"_monsterinsights_sitenote_active":false,"_monsterinsights_sitenote_note":"","_monsterinsights_sitenote_category":0},"product_brand":[],"product_cat":[12275,12274],"product_tag":[],"class_list":{"0":"post-729675","1":"product","2":"type-product","3":"status-publish","5":"product_cat-6-12-yas-kitaplari","6":"product_cat-cocuk-ve-genclik-kitaplari","7":"pa_cilt-ciltsiz","8":"pa_tur-kitap","9":"pa_yayinevi-abm-yayinevi","10":"pa_yazar-mariona-tolosa-sistere","12":"first","13":"instock","14":"sale","15":"shipping-taxable","16":"purchasable","17":"product-type-simple"},"_links":{"self":[{"href":"https:\/\/roveyayinevi.com.tr\/index.php\/wp-json\/wp\/v2\/product\/729675","targetHints":{"allow":["GET"]}}],"collection":[{"href":"https:\/\/roveyayinevi.com.tr\/index.php\/wp-json\/wp\/v2\/product"}],"about":[{"href":"https:\/\/roveyayinevi.com.tr\/index.php\/wp-json\/wp\/v2\/types\/product"}],"wp:attachment":[{"href":"https:\/\/roveyayinevi.com.tr\/index.php\/wp-json\/wp\/v2\/media?parent=729675"}],"wp:term":[{"taxonomy":"product_brand","embeddable":true,"href":"https:\/\/roveyayinevi.com.tr\/index.php\/wp-json\/wp\/v2\/product_brand?post=729675"},{"taxonomy":"product_cat","embeddable":true,"href":"https:\/\/roveyayinevi.com.tr\/index.php\/wp-json\/wp\/v2\/product_cat?post=729675"},{"taxonomy":"product_tag","embeddable":true,"href":"https:\/\/roveyayinevi.com.tr\/index.php\/wp-json\/wp\/v2\/product_tag?post=729675"}],"curies":[{"name":"wp","href":"https:\/\/api.w.org\/{rel}","templated":true}]}}