{"id":729666,"date":"2025-08-27T21:00:27","date_gmt":"2025-08-27T18:00:27","guid":{"rendered":"https:\/\/roveyayinevi.com.tr\/index.php\/urun\/din-siyaset-ve-mimari-amerika-diyanet-merkezinin-tarihi\/"},"modified":"2026-04-16T02:37:15","modified_gmt":"2026-04-15T23:37:15","slug":"din-siyaset-ve-mimari-amerika-diyanet-merkezinin-tarihi","status":"publish","type":"product","link":"https:\/\/roveyayinevi.com.tr\/index.php\/urun\/din-siyaset-ve-mimari-amerika-diyanet-merkezinin-tarihi\/","title":{"rendered":"Din, Siyaset ve Mimari: Amerika Diyanet Merkezinin Tarihi"},"content":{"rendered":"<p>\u0130sl\u00e2m\u2019\u0131n bar\u0131\u015f mesaj\u0131n\u0131n remizlerini ta\u015f\u0131yan bu eser, sadece \u0130sl\u00e2mofobik risklerin azalt\u0131lmas\u0131 de\u011fil, ayn\u0131 zamanda Bat\u0131 medeniyeti ile \u0130sl\u00e2m medeniyeti aras\u0131ndaki ili\u015fkileri de derinle\u015ftirme amac\u0131na hizmet etme potansiyeli ta\u015f\u0131maktad\u0131r.Bu eser, \u00f6z\u00fc itibar\u0131yla Amerika Diyanet Merkezinin amac\u0131n\u0131, nas\u0131l yap\u0131ld\u0131\u011f\u0131n\u0131, neyi simgeledi\u011fi ve nas\u0131l konumland\u0131r\u0131lmas\u0131 gerekti\u011fini a\u00e7\u0131klamak i\u00e7in kaleme al\u0131nm\u0131\u015ft\u0131r. Kitap in\u015fa a\u015famalar\u0131n\u0131 izleyerek din, siyaset ve mimar\u00ee alan\u0131n birbiriyle ili\u015fkisini analiz etmekte, profan bir mek\u00e2n\u0131n manev\u00ee bir \u00e7ekim merkezine d\u00f6n\u00fc\u015fmesinin hik\u00e2yesini anlatmaktad\u0131r. Kitap kl\u00e2sik mimar\u00ee anlay\u0131\u015f\u0131n g\u00fcn\u00fcm\u00fcz malzeme ve teknik imk\u00e2nlar\u0131yla nas\u0131l sentezlenebilece\u011fini merak edenler i\u00e7in bir kaynak de\u011feri ta\u015f\u0131maktad\u0131r. Kapitalizmin merkezi Amerika\u2019da M\u00fcsl\u00fcmanlar i\u00e7in manev\u00ee bir s\u0131\u011f\u0131nak, sa\u011fl\u0131kl\u0131 bir temas noktas\u0131 ve engelsiz bir ya\u015fam alan\u0131 in\u015fa etmenin zorluklar\u0131n\u0131 yans\u0131tmas\u0131 bak\u0131m\u0131ndan da \u00f6nem ta\u015f\u0131maktad\u0131r. \u00c7al\u0131\u015fma, hat\u0131ra derlemeleri, uzman g\u00f6r\u00fc\u015fleri ve bolca g\u00f6rsel malzeme i\u00e7ermesi bak\u0131m\u0131ndan genel okuyucu kitlesinin ilgilendirirken, vesika de\u011feri ta\u015f\u0131yan malzemeye yer vermesi itibar\u0131yla da Diyanet tarihi ve Amerika\u2019daki toplum merkezleri \u00fczerinde ara\u015ft\u0131rma yapacaklar i\u00e7in g\u00f6z ard\u0131 edilemeyecek bir kaynak de\u011feri ta\u015f\u0131maktad\u0131r.Yazar, Dr. Ya\u015far \u00c7olak, Amerikan Diyanet Merkezinin 2011-2017 y\u0131llar\u0131 aras\u0131nda kurucu ba\u015fkanl\u0131\u011f\u0131n\u0131 yapm\u0131\u015f, h\u00e2len \u0130bn Haldun \u00dcniversitesi \u0130sl\u00e2m\u00ee \u0130limler Fak\u00fcltesi \u0130sl\u00e2m Tarihi ve Sanatlar\u0131 Anabilim Dal\u0131nda \u00f6\u011fretim \u00fcyesi olarak \u00e7al\u0131\u015fmaktad\u0131r<\/p>\n","protected":false},"excerpt":{"rendered":"<p>\u0130sl\u00e2m\u2019\u0131n bar\u0131\u015f mesaj\u0131n\u0131n remizlerini ta\u015f\u0131yan bu eser, sadece \u0130sl\u00e2mofobik risklerin azalt\u0131lmas\u0131 de\u011fil, ayn\u0131 zamanda Bat\u0131 medeniyeti ile \u0130sl\u00e2m medeniyeti aras\u0131ndaki ili\u015fkileri de derinle\u015ftirme amac\u0131na hizmet etme<span class=\"excerpt-hellip\"> [\u2026]<\/span><\/p>\n","protected":false},"featured_media":0,"template":"","meta":{"_monsterinsights_skip_tracking":false,"_monsterinsights_sitenote_active":false,"_monsterinsights_sitenote_note":"","_monsterinsights_sitenote_category":0},"product_brand":[],"product_cat":[13036,12718,12719],"product_tag":[],"class_list":{"0":"post-729666","1":"product","2":"type-product","3":"status-publish","5":"product_cat-arastirma-inceleme-islam","6":"product_cat-din","7":"product_cat-islam","8":"pa_cilt-ciltsiz","9":"pa_tur-kitap","10":"pa_yayinevi-kopernik-kitap","11":"pa_yazar-yasar-colak","13":"first","14":"instock","15":"sale","16":"shipping-taxable","17":"purchasable","18":"product-type-simple"},"_links":{"self":[{"href":"https:\/\/roveyayinevi.com.tr\/index.php\/wp-json\/wp\/v2\/product\/729666","targetHints":{"allow":["GET"]}}],"collection":[{"href":"https:\/\/roveyayinevi.com.tr\/index.php\/wp-json\/wp\/v2\/product"}],"about":[{"href":"https:\/\/roveyayinevi.com.tr\/index.php\/wp-json\/wp\/v2\/types\/product"}],"wp:attachment":[{"href":"https:\/\/roveyayinevi.com.tr\/index.php\/wp-json\/wp\/v2\/media?parent=729666"}],"wp:term":[{"taxonomy":"product_brand","embeddable":true,"href":"https:\/\/roveyayinevi.com.tr\/index.php\/wp-json\/wp\/v2\/product_brand?post=729666"},{"taxonomy":"product_cat","embeddable":true,"href":"https:\/\/roveyayinevi.com.tr\/index.php\/wp-json\/wp\/v2\/product_cat?post=729666"},{"taxonomy":"product_tag","embeddable":true,"href":"https:\/\/roveyayinevi.com.tr\/index.php\/wp-json\/wp\/v2\/product_tag?post=729666"}],"curies":[{"name":"wp","href":"https:\/\/api.w.org\/{rel}","templated":true}]}}