{"id":729662,"date":"2025-08-27T21:00:24","date_gmt":"2025-08-27T18:00:24","guid":{"rendered":"https:\/\/roveyayinevi.com.tr\/index.php\/urun\/bir-turkun-olumu\/"},"modified":"2026-04-16T02:37:15","modified_gmt":"2026-04-15T23:37:15","slug":"bir-turkun-olumu","status":"publish","type":"product","link":"https:\/\/roveyayinevi.com.tr\/index.php\/urun\/bir-turkun-olumu\/","title":{"rendered":"Bir T\u00fcrk\u00fcn \u00d6l\u00fcm\u00fc"},"content":{"rendered":"<p>\u0130smail Cem: Daha g\u00fczel bir T\u00fcrkiye yaratmak, \u00e7ocuklar\u0131m\u0131za daha ileri bir T\u00fcrkiye b\u0131rakmak u\u011fruna \u015fehit oldu. Onu kalbimizde ve zihnimizde her zaman ya\u015fataca\u011f\u0131z. (D\u0131\u015fi\u015fleri Bakan\u0131)\u0130smet Sezgin: \u00d6\u011frencilerin senin g\u00fczel an\u0131lar\u0131nla g\u00f6revlerini yapmaya devam edecekler. (TBMM Ba\u015fkan\u0131)Hakk\u0131 S\u00fcha Okay: K\u0131\u015flal\u0131\u2019n\u0131n \u00f6nc\u00fc oldu\u011fu yol, cumhuriyet sevdal\u0131lar\u0131n\u0131n yolu olacak. M\u00fccadelen s\u00fcrecek. (Ankara Barosu Ba\u015fkan\u0131, Milletvekili)Enis T\u00fct\u00fcnc\u00fc: Ta\u015f\u0131d\u0131\u011f\u0131n \u0131\u015f\u0131\u011f\u0131 sonsuza kadar g\u00f6t\u00fcrme sava\u015f\u0131m\u0131n\u0131 daha kararl\u0131 s\u00fcrd\u00fcrenler saf\u0131nda bir nefer gibi y\u00fcr\u00fcyece\u011fim. (Milletvekili)Prof. Dr. Aysel \u00c7elikel: Ulusumuzun Muammer Aksoy\u2019un ard\u0131ndan Ahmet Taner K\u0131\u015flal\u0131\u2019y\u0131 ter\u00f6re kurban vermesi, ADD\u2019yi yolundan ay\u0131ramayacakt\u0131r. (\u00c7YDD Genel Ba\u015fkan\u0131)Prof. Dr. Mehmet Tomanbay: Sald\u0131ranlar \u00e7a\u011fda\u015f T\u00fcrkiye\u2019nin \u00f6n\u00fcn\u00fc t\u0131kayamayacakt\u0131r. (Milletvekili)Din\u00e7er S\u00fcmer: Ard\u0131nda b\u0131rakt\u0131\u011f\u0131n \u0131\u015f\u0131k, g\u00fcc\u00fcm\u00fcz\u00fc, umudumuzu, yar\u0131nlara inanc\u0131m\u0131z\u0131 ayd\u0131nlat\u0131yor. \u015eimdi, daha bilin\u00e7li ve sorumluyuz. (Tiyatro Yazar\u0131-Y\u00f6netmeni)Y\u00fccel Erdener: Kalemin hepimizin \u0131\u015f\u0131\u011f\u0131. (Milletvekili)<\/p>\n","protected":false},"excerpt":{"rendered":"<p>\u0130smail Cem: Daha g\u00fczel bir T\u00fcrkiye yaratmak, \u00e7ocuklar\u0131m\u0131za daha ileri bir T\u00fcrkiye b\u0131rakmak u\u011fruna \u015fehit oldu. Onu kalbimizde ve zihnimizde her zaman ya\u015fataca\u011f\u0131z. (D\u0131\u015fi\u015fleri Bakan\u0131)\u0130smet Sezgin:<span class=\"excerpt-hellip\"> [\u2026]<\/span><\/p>\n","protected":false},"featured_media":0,"template":"","meta":{"_monsterinsights_skip_tracking":false,"_monsterinsights_sitenote_active":false,"_monsterinsights_sitenote_note":"","_monsterinsights_sitenote_category":0},"product_brand":[],"product_cat":[13590,12337],"product_tag":[],"class_list":{"0":"post-729662","1":"product","2":"type-product","3":"status-publish","5":"product_cat-arastirma-inceleme-politika-siyaset","6":"product_cat-politika-siyaset","7":"pa_cilt-ciltsiz","8":"pa_tur-kitap","9":"pa_yayinevi-kirmizi-kedi-yayinevi","10":"pa_yazar-ahmet-taner-kislali","12":"first","13":"instock","14":"sale","15":"shipping-taxable","16":"purchasable","17":"product-type-simple"},"_links":{"self":[{"href":"https:\/\/roveyayinevi.com.tr\/index.php\/wp-json\/wp\/v2\/product\/729662","targetHints":{"allow":["GET"]}}],"collection":[{"href":"https:\/\/roveyayinevi.com.tr\/index.php\/wp-json\/wp\/v2\/product"}],"about":[{"href":"https:\/\/roveyayinevi.com.tr\/index.php\/wp-json\/wp\/v2\/types\/product"}],"wp:attachment":[{"href":"https:\/\/roveyayinevi.com.tr\/index.php\/wp-json\/wp\/v2\/media?parent=729662"}],"wp:term":[{"taxonomy":"product_brand","embeddable":true,"href":"https:\/\/roveyayinevi.com.tr\/index.php\/wp-json\/wp\/v2\/product_brand?post=729662"},{"taxonomy":"product_cat","embeddable":true,"href":"https:\/\/roveyayinevi.com.tr\/index.php\/wp-json\/wp\/v2\/product_cat?post=729662"},{"taxonomy":"product_tag","embeddable":true,"href":"https:\/\/roveyayinevi.com.tr\/index.php\/wp-json\/wp\/v2\/product_tag?post=729662"}],"curies":[{"name":"wp","href":"https:\/\/api.w.org\/{rel}","templated":true}]}}