{"id":729659,"date":"2025-08-27T21:00:21","date_gmt":"2025-08-27T18:00:21","guid":{"rendered":"https:\/\/roveyayinevi.com.tr\/index.php\/urun\/butun-siirleri-4-2\/"},"modified":"2026-04-16T02:37:15","modified_gmt":"2026-04-15T23:37:15","slug":"butun-siirleri-4-2","status":"publish","type":"product","link":"https:\/\/roveyayinevi.com.tr\/index.php\/urun\/butun-siirleri-4-2\/","title":{"rendered":"B\u00fct\u00fcn \u015eiirleri -4"},"content":{"rendered":"<p>Seni yaln\u0131z b\u0131rakt\u0131m diyeMezar\u0131ndan bile ko\u015farak geliyorum eve.Isl\u0131k \u00e7alan odalardaKonu\u015fuyorum konu\u015fuyorum konu\u015fuyorum.Uzaktan gelmi\u015fim, a\u011fz\u0131mda sabah\u0131n \u00e7iy taneleri\u00c7ocukla\u015fma diyerek \u00e7ekiyorsun a\u011fz\u0131n\u0131.Sonra kald\u0131r\u0131yorum ba\u015f\u0131m\u0131, pencere de\u011filS\u0131ral\u0131 kirpikler gibi \u00e7ocuk \u00f6l\u00fcleri.\u0130nsan ac\u0131s\u0131ndan utan\u0131r m\u0131D\u00f6kt\u00fc\u011f\u00fcm ya\u015flarla zehirleniyorum.Bizden ge\u00e7ti de, demi\u015ftin, hepsi \u00f6l\u00fcm\u00fcn rahmindeBu \u00e7ocuklar nas\u0131l ya\u015fayacaklar bu \u00fclkede.Antakya\u2019day\u0131z, Vak\u0131fl\u0131 K\u00f6y\u00fc\u2019nde kalbimizi seviyoruzBu iyilik i\u00e7inde kimin akl\u0131na gelir \u00f6l\u00fcm.Deniz k\u0131y\u0131s\u0131na gidelim haydiMavi, g\u00f6\u011fs\u00fcnde uyutur biraz korkumuzu.\u0130ki ki\u015filik bir yaln\u0131zl\u0131\u011f\u0131m foto\u011fraflar\u0131n\u0131n \u00f6n\u00fcndeBirisi al\u0131p g\u00f6t\u00fcrd\u00fc\u011f\u00fcn, \u00f6teki b\u0131rak\u0131p gitti\u011fin.<\/p>\n","protected":false},"excerpt":{"rendered":"<p>Seni yaln\u0131z b\u0131rakt\u0131m diyeMezar\u0131ndan bile ko\u015farak geliyorum eve.Isl\u0131k \u00e7alan odalardaKonu\u015fuyorum konu\u015fuyorum konu\u015fuyorum.Uzaktan gelmi\u015fim, a\u011fz\u0131mda sabah\u0131n \u00e7iy taneleri\u00c7ocukla\u015fma diyerek \u00e7ekiyorsun a\u011fz\u0131n\u0131.Sonra kald\u0131r\u0131yorum ba\u015f\u0131m\u0131, pencere de\u011filS\u0131ral\u0131 kirpikler gibi<span class=\"excerpt-hellip\"> [\u2026]<\/span><\/p>\n","protected":false},"featured_media":0,"template":"","meta":{"_monsterinsights_skip_tracking":false,"_monsterinsights_sitenote_active":false,"_monsterinsights_sitenote_note":"","_monsterinsights_sitenote_category":0},"product_brand":[],"product_cat":[12291,12509],"product_tag":[],"class_list":{"0":"post-729659","1":"product","2":"type-product","3":"status-publish","5":"product_cat-edebiyat","6":"product_cat-siir","7":"pa_cilt-ciltsiz","8":"pa_tur-kitap","9":"pa_yayinevi-kirmizi-kedi-yayinevi","10":"pa_yazar-sukru-erbas","12":"first","13":"instock","14":"sale","15":"shipping-taxable","16":"purchasable","17":"product-type-simple"},"_links":{"self":[{"href":"https:\/\/roveyayinevi.com.tr\/index.php\/wp-json\/wp\/v2\/product\/729659","targetHints":{"allow":["GET"]}}],"collection":[{"href":"https:\/\/roveyayinevi.com.tr\/index.php\/wp-json\/wp\/v2\/product"}],"about":[{"href":"https:\/\/roveyayinevi.com.tr\/index.php\/wp-json\/wp\/v2\/types\/product"}],"wp:attachment":[{"href":"https:\/\/roveyayinevi.com.tr\/index.php\/wp-json\/wp\/v2\/media?parent=729659"}],"wp:term":[{"taxonomy":"product_brand","embeddable":true,"href":"https:\/\/roveyayinevi.com.tr\/index.php\/wp-json\/wp\/v2\/product_brand?post=729659"},{"taxonomy":"product_cat","embeddable":true,"href":"https:\/\/roveyayinevi.com.tr\/index.php\/wp-json\/wp\/v2\/product_cat?post=729659"},{"taxonomy":"product_tag","embeddable":true,"href":"https:\/\/roveyayinevi.com.tr\/index.php\/wp-json\/wp\/v2\/product_tag?post=729659"}],"curies":[{"name":"wp","href":"https:\/\/api.w.org\/{rel}","templated":true}]}}