{"id":729657,"date":"2025-08-27T21:00:19","date_gmt":"2025-08-27T18:00:19","guid":{"rendered":"https:\/\/roveyayinevi.com.tr\/index.php\/urun\/ana-hatlariyla-siyasi-ve-kulturel-avrupa-tarihi\/"},"modified":"2026-04-16T02:37:15","modified_gmt":"2026-04-15T23:37:15","slug":"ana-hatlariyla-siyasi-ve-kulturel-avrupa-tarihi","status":"publish","type":"product","link":"https:\/\/roveyayinevi.com.tr\/index.php\/urun\/ana-hatlariyla-siyasi-ve-kulturel-avrupa-tarihi\/","title":{"rendered":"Ana Hatlar\u0131yla Siyasi ve K\u00fclt\u00fcrel Avrupa Tarihi"},"content":{"rendered":"<p>Avrupa Tarihini Bilmeliyiz T\u00fcrk Milleti olarak Avrupa tarihini yeterince biliyor muyuz? Bu soruya verilebilecek cevap herhalde \u201cevet\u201d de\u011fildir. Halbuki yakla\u015f\u0131k bin y\u0131ld\u0131r onlarla bazen sava\u015f bazen bar\u0131\u015f i\u00e7inde birlikte ya\u015f\u0131yoruz. 18. y\u00fczy\u0131l sonlar\u0131ndan itibaren ise, onlar\u0131 yo\u011fun etkileri alt\u0131nda bulunuyoruz.Son yar\u0131m as\u0131rd\u0131r da (1960\u2019dan g\u00fcn\u00fcm\u00fcze do\u011fru) be\u015f milyon civar\u0131nda vatanda\u015f\u0131m\u0131z Avrupa \u00fclkelerinde \u00e7al\u0131\u015fmakta ve ya\u015famaktad\u0131rlar.\u0130\u015fte bu bak\u0131mdan Avrupa tarihini di\u011fer ad\u0131 ile \u201cBat\u0131\u201d tarihini en az\u0131ndan ana hatlar\u0131 ile bilmemiz gerekmektedir.<\/p>\n","protected":false},"excerpt":{"rendered":"<p>Avrupa Tarihini Bilmeliyiz T\u00fcrk Milleti olarak Avrupa tarihini yeterince biliyor muyuz? Bu soruya verilebilecek cevap herhalde \u201cevet\u201d de\u011fildir. Halbuki yakla\u015f\u0131k bin y\u0131ld\u0131r onlarla bazen sava\u015f bazen<span class=\"excerpt-hellip\"> [\u2026]<\/span><\/p>\n","protected":false},"featured_media":0,"template":"","meta":{"_monsterinsights_skip_tracking":false,"_monsterinsights_sitenote_active":false,"_monsterinsights_sitenote_note":"","_monsterinsights_sitenote_category":0},"product_brand":[],"product_cat":[12370,12304],"product_tag":[],"class_list":{"0":"post-729657","1":"product","2":"type-product","3":"status-publish","5":"product_cat-arastirma-inceleme","6":"product_cat-tarih","7":"pa_cilt-ciltsiz","8":"pa_tur-kitap","9":"pa_yayinevi-biyografi-net-yayincilik","10":"pa_yazar-veli-sirin","12":"first","13":"instock","14":"sale","15":"shipping-taxable","16":"purchasable","17":"product-type-simple"},"_links":{"self":[{"href":"https:\/\/roveyayinevi.com.tr\/index.php\/wp-json\/wp\/v2\/product\/729657","targetHints":{"allow":["GET"]}}],"collection":[{"href":"https:\/\/roveyayinevi.com.tr\/index.php\/wp-json\/wp\/v2\/product"}],"about":[{"href":"https:\/\/roveyayinevi.com.tr\/index.php\/wp-json\/wp\/v2\/types\/product"}],"wp:attachment":[{"href":"https:\/\/roveyayinevi.com.tr\/index.php\/wp-json\/wp\/v2\/media?parent=729657"}],"wp:term":[{"taxonomy":"product_brand","embeddable":true,"href":"https:\/\/roveyayinevi.com.tr\/index.php\/wp-json\/wp\/v2\/product_brand?post=729657"},{"taxonomy":"product_cat","embeddable":true,"href":"https:\/\/roveyayinevi.com.tr\/index.php\/wp-json\/wp\/v2\/product_cat?post=729657"},{"taxonomy":"product_tag","embeddable":true,"href":"https:\/\/roveyayinevi.com.tr\/index.php\/wp-json\/wp\/v2\/product_tag?post=729657"}],"curies":[{"name":"wp","href":"https:\/\/api.w.org\/{rel}","templated":true}]}}

Ana Hatlarıyla Siyasi ve Kültürel Avrupa Tarihi

<p>Avrupa Tarihini Bilmeliyiz Türk Milleti olarak Avrupa tarihini yeterince biliyor muyuz? Bu soruya verilebilecek cevap herhalde “evet” değildir. Halbuki yaklaşık bin yıldır onlarla bazen savaş bazen barış içinde birlikte yaşıyoruz. 18. yüzyıl sonlarından itibaren ise, onları yoğun etkileri altında bulunuyoruz.Son yarım asırdır da (1960’dan günümüze doğru) beş milyon civarında vatandaşımız Avrupa ülkelerinde çalışmakta ve yaşamaktadırlar.İşte bu bakımdan Avrupa tarihini diğer adı ile “Batı” tarihini en azından ana hatları ile bilmemiz gerekmektedir.</p>

<p>Avrupa Tarihini Bilmeliyiz Türk Milleti olarak Avrupa tarihini yeterince biliyor muyuz? Bu soruya verilebilecek cevap herhalde “evet” değildir. Halbuki yaklaşık bin yıldır onlarla bazen savaş bazen<span class="excerpt-hellip"> […]</span></p>
