{"id":729649,"date":"2025-08-27T21:00:10","date_gmt":"2025-08-27T18:00:10","guid":{"rendered":"https:\/\/roveyayinevi.com.tr\/index.php\/urun\/arife-tarif\/"},"modified":"2026-04-16T02:37:14","modified_gmt":"2026-04-15T23:37:14","slug":"arife-tarif","status":"publish","type":"product","link":"https:\/\/roveyayinevi.com.tr\/index.php\/urun\/arife-tarif\/","title":{"rendered":"Arife Tarif"},"content":{"rendered":"<p>T\u00fcrkiye\u2019de ekolojik ya\u015fam\u0131n \u00f6nc\u00fclerinden Victor Ananias, ya\u015fam\u0131 boyunca do\u011fan\u0131n sundu\u011fumucizeleri topraktan tezg\u00e2ha, oradan mutfa\u011fa, sofraya ve g\u00f6n\u00fcllere ta\u015f\u0131yan bir dost oldu herkesi\u00e7in. Elinin de\u011fdi\u011fi her yere bereket, \u015fifa ve a\u015fk getirdi. Sofralar kurdu; mutfa\u011f\u0131nda fikirler,insanlar, hayaller de pi\u015fti yemeklerin yan\u0131nda. Ve pek \u00e7ok can\u0131 bir araya toplad\u0131 Bu\u011fday\u2019\u0131n \u00e7at\u0131s\u0131alt\u0131nda\u2026Vefat\u0131n\u0131n 10. y\u0131l\u0131nda Victor\u2019un an\u0131s\u0131na haz\u0131rlanan bu kitapta; kendi kaleminden \u00e7\u0131kan yaz\u0131larlabirlikte, dostlar\u0131n\u0131n dilinden onu okuyacak, sa\u011fl\u0131kl\u0131 ve lezzetli tariflerini \u00f6\u011frenecek, bu yemeklerie\u015fsiz k\u0131lan s\u0131rr\u0131 ke\u015ffedeceksiniz.***T\u00fcm \u2018ama\u2019lar\u0131 yok eden, yaln\u0131z olan\u0131 k\u00f6pr\u00fclendiren, d\u00fc\u015fman g\u00f6r\u00fcneni konu\u015fulur k\u0131lan, ak\u0131\u015f\u0131ndabir m\u00fccadeleye ortak bir ufuk sunan s\u00fck\u00fbneti vard\u0131 Victor&#8217;un; dinleyenini topraklayan, bizlerinyaln\u0131zl\u0131kta de\u011fil, o, bu, \u015fu diye ay\u0131rmayan bir \u00e7oklukta durmam\u0131z gerekti\u011fini hat\u0131rlatan m\u00fcstesnabir muhabbetti kurdu\u011fu. Bu metinler bana yeniden durma, soluklanma imk\u00e2n\u0131 verdi. M\u00fchimiehemden ay\u0131klamaya f\u0131rsat bir s\u00fck\u00fbnet. Can\u0131na de\u011fsin Victor! \u00c7oklukta ya\u015fayas\u0131n!Defne KORY\u00dcREK<\/p>\n","protected":false},"excerpt":{"rendered":"<p>T\u00fcrkiye\u2019de ekolojik ya\u015fam\u0131n \u00f6nc\u00fclerinden Victor Ananias, ya\u015fam\u0131 boyunca do\u011fan\u0131n sundu\u011fumucizeleri topraktan tezg\u00e2ha, oradan mutfa\u011fa, sofraya ve g\u00f6n\u00fcllere ta\u015f\u0131yan bir dost oldu herkesi\u00e7in. Elinin de\u011fdi\u011fi her yere<span class=\"excerpt-hellip\"> [\u2026]<\/span><\/p>\n","protected":false},"featured_media":0,"template":"","meta":{"_monsterinsights_skip_tracking":false,"_monsterinsights_sitenote_active":false,"_monsterinsights_sitenote_note":"","_monsterinsights_sitenote_category":0},"product_brand":[],"product_cat":[13701,12291],"product_tag":[],"class_list":{"0":"post-729649","1":"product","2":"type-product","3":"status-publish","5":"product_cat-ani-mektup-gunluk","6":"product_cat-edebiyat","7":"pa_cilt-ciltsiz","8":"pa_tur-kitap","9":"pa_yayinevi-tuti-kitap","10":"pa_yazar-victor-ananias","12":"first","13":"instock","14":"sale","15":"shipping-taxable","16":"purchasable","17":"product-type-simple"},"_links":{"self":[{"href":"https:\/\/roveyayinevi.com.tr\/index.php\/wp-json\/wp\/v2\/product\/729649","targetHints":{"allow":["GET"]}}],"collection":[{"href":"https:\/\/roveyayinevi.com.tr\/index.php\/wp-json\/wp\/v2\/product"}],"about":[{"href":"https:\/\/roveyayinevi.com.tr\/index.php\/wp-json\/wp\/v2\/types\/product"}],"wp:attachment":[{"href":"https:\/\/roveyayinevi.com.tr\/index.php\/wp-json\/wp\/v2\/media?parent=729649"}],"wp:term":[{"taxonomy":"product_brand","embeddable":true,"href":"https:\/\/roveyayinevi.com.tr\/index.php\/wp-json\/wp\/v2\/product_brand?post=729649"},{"taxonomy":"product_cat","embeddable":true,"href":"https:\/\/roveyayinevi.com.tr\/index.php\/wp-json\/wp\/v2\/product_cat?post=729649"},{"taxonomy":"product_tag","embeddable":true,"href":"https:\/\/roveyayinevi.com.tr\/index.php\/wp-json\/wp\/v2\/product_tag?post=729649"}],"curies":[{"name":"wp","href":"https:\/\/api.w.org\/{rel}","templated":true}]}}