{"id":729647,"date":"2025-08-27T21:00:08","date_gmt":"2025-08-27T18:00:08","guid":{"rendered":"https:\/\/roveyayinevi.com.tr\/index.php\/urun\/hayvan-ciftligi-16\/"},"modified":"2026-04-16T02:37:14","modified_gmt":"2026-04-15T23:37:14","slug":"hayvan-ciftligi-16","status":"publish","type":"product","link":"https:\/\/roveyayinevi.com.tr\/index.php\/urun\/hayvan-ciftligi-16\/","title":{"rendered":"Hayvan \u00c7iftli\u011fi"},"content":{"rendered":"<p>\u0130ngiltere\u2019de bir \u00e7iftlikte, y\u0131llard\u0131r durmadan \u00e7al\u0131\u015ft\u0131r\u0131l\u0131p zul\u00fcm g\u00f6ren hayvanlar bir g\u00fcn birlik olup efendileri olan insanlar\u0131 alt eder, y\u00f6netimi ele ge\u00e7irirler. Ancak \u201cB\u00fct\u00fcn hayvanlar e\u015fittir\u201d slogan\u0131yla \u00e7\u0131kt\u0131klar\u0131 \u00f6zg\u00fcr ve adil bir d\u00fczen kurma yolculu\u011fu, aralar\u0131ndan baz\u0131lar\u0131n\u0131n iktidar\u0131n cazibesine kap\u0131lmas\u0131yla beraber hedefinden uzakla\u015fmaya ba\u015flayacakt\u0131r.   George Orwell HAYVAN \u00c7\u0130FTL\u0130\u011e\u0130\u2019ni Sovyet devrimini hicvetmek amac\u0131yla yazm\u0131\u015ft\u0131, ancak bu keskin siyasi ta\u015flama okundu\u011fu her \u00fclkede, her yeni nesille birlikte yeni bir anlam kazand\u0131, evrensel bir niteli\u011fe kavu\u015ftu. Yay\u0131mland\u0131\u011f\u0131 tarihten bug\u00fcne milyonlarca okurla bulu\u015ftu ve hem ge\u00e7ti\u011fimiz y\u00fczy\u0131l\u0131n hem de g\u00fcn\u00fcm\u00fcz\u00fcn en etkili romanlar\u0131ndan biri haline geldi.   Hayvan \u00c7iftli\u011fi yeti\u015fkinler i\u00e7in bir masal; ba\u015fkald\u0131r\u0131ya, kolektif d\u00fc\u015fler u\u011fruna feda edilen \u00f6zg\u00fcrl\u00fcklere, bo\u015fa giden ideallere dair \u00f6l\u00fcms\u00fcz bir klasik.   Hayvan \u00c7iftli\u011fi modern tarihin karanl\u0131k y\u00fcz\u00fcne dair en b\u00fcy\u00fck ta\u015flama olmay\u0131 s\u00fcrd\u00fcr\u00fcyor. -Malcolm Bradbury   En \u00e7ok istedi\u011fim \u015fey, siyasi yaz\u0131n\u0131 bir sanata d\u00f6n\u00fc\u015ft\u00fcrmekti. -George Orwell <\/p>\n","protected":false},"excerpt":{"rendered":"<p>\u0130ngiltere\u2019de bir \u00e7iftlikte, y\u0131llard\u0131r durmadan \u00e7al\u0131\u015ft\u0131r\u0131l\u0131p zul\u00fcm g\u00f6ren hayvanlar bir g\u00fcn birlik olup efendileri olan insanlar\u0131 alt eder, y\u00f6netimi ele ge\u00e7irirler. Ancak \u201cB\u00fct\u00fcn hayvanlar e\u015fittir\u201d slogan\u0131yla<span class=\"excerpt-hellip\"> [\u2026]<\/span><\/p>\n","protected":false},"featured_media":0,"template":"","meta":{"_monsterinsights_skip_tracking":false,"_monsterinsights_sitenote_active":false,"_monsterinsights_sitenote_note":"","_monsterinsights_sitenote_category":0},"product_brand":[],"product_cat":[12291,12711],"product_tag":[],"class_list":{"0":"post-729647","1":"product","2":"type-product","3":"status-publish","5":"product_cat-edebiyat","6":"product_cat-roman-oyku","7":"pa_cilt-ciltsiz","8":"pa_tur-kitap","9":"pa_yayinevi-yapi-kredi-yayinlari","10":"pa_yazar-george-orwell","12":"first","13":"instock","14":"sale","15":"shipping-taxable","16":"purchasable","17":"product-type-simple"},"_links":{"self":[{"href":"https:\/\/roveyayinevi.com.tr\/index.php\/wp-json\/wp\/v2\/product\/729647","targetHints":{"allow":["GET"]}}],"collection":[{"href":"https:\/\/roveyayinevi.com.tr\/index.php\/wp-json\/wp\/v2\/product"}],"about":[{"href":"https:\/\/roveyayinevi.com.tr\/index.php\/wp-json\/wp\/v2\/types\/product"}],"wp:attachment":[{"href":"https:\/\/roveyayinevi.com.tr\/index.php\/wp-json\/wp\/v2\/media?parent=729647"}],"wp:term":[{"taxonomy":"product_brand","embeddable":true,"href":"https:\/\/roveyayinevi.com.tr\/index.php\/wp-json\/wp\/v2\/product_brand?post=729647"},{"taxonomy":"product_cat","embeddable":true,"href":"https:\/\/roveyayinevi.com.tr\/index.php\/wp-json\/wp\/v2\/product_cat?post=729647"},{"taxonomy":"product_tag","embeddable":true,"href":"https:\/\/roveyayinevi.com.tr\/index.php\/wp-json\/wp\/v2\/product_tag?post=729647"}],"curies":[{"name":"wp","href":"https:\/\/api.w.org\/{rel}","templated":true}]}}