{"id":729642,"date":"2025-08-27T21:00:03","date_gmt":"2025-08-27T18:00:03","guid":{"rendered":"https:\/\/roveyayinevi.com.tr\/index.php\/urun\/turkce-ibadet\/"},"modified":"2026-04-16T02:37:14","modified_gmt":"2026-04-15T23:37:14","slug":"turkce-ibadet","status":"publish","type":"product","link":"https:\/\/roveyayinevi.com.tr\/index.php\/urun\/turkce-ibadet\/","title":{"rendered":"T\u00fcrk\u00e7e \u0130badet"},"content":{"rendered":"<p>Anadilde ibadet konusu \u0130slam\u2019\u0131n ilk d\u00f6nemlerinden beri tart\u0131\u015f\u0131lan bir konudur. Bu konunun iki y\u00fcz\u00fc var. Birincisi; insan haklar\u0131 y\u00fcz\u00fc, ikincisi ise inan\u00e7sal y\u00fczd\u00fcr. Anadilde ibadet iste\u011finin temel bir insan hakk\u0131 oldu\u011funa kim kar\u015f\u0131 \u00e7\u0131kabilir? \u0130steyen Arap\u00e7a, isteyen T\u00fcrk\u00e7e ibadet edebilir. Dileyen Arap\u00e7a ezan dinleyebilmeli dileyen de T\u00fcrk\u00e7e ezan&#8230; Kur\u2019an\u2019\u0131 anadilde okuma iste\u011fi de insan\u00ee bir hakt\u0131r. Haks\u0131zl\u0131k, bu haklara kar\u015f\u0131 \u00e7\u0131kmakt\u0131r. Peki ya inan\u00e7sal a\u00e7\u0131dan \u0130slam kaynaklar\u0131 bu konuda ne diyor? Kur\u2019an\u2019a ve Hazreti Muhammed\u2019in s\u00fcnnetine g\u00f6re T\u00fcrk\u00e7e ezan\u0131n, T\u00fcrk\u00e7e namaz\u0131n ve T\u00fcrk\u00e7e Kur\u2019an\u2019\u0131n yeri nedir? \u0130slam tarihinde bu konularda neler ya\u015fand\u0131?  Selman-\u0131 Farisi\u2019den \u0130mam\u0131 Azam Ebu Hanife\u2019ye ve g\u00fcn\u00fcm\u00fcze kadar neler s\u00f6ylendi, neler yaz\u0131ld\u0131? Kim hangi fetvalar\u0131 verdi? Fars\u00e7a ve Berberice ezan okundu mu? Fars\u00e7a, Berberice ve T\u00fcrk\u00e7e ibadet hi\u00e7 uyguland\u0131 m\u0131? Konunun kuramsal y\u00f6n\u00fc uygulamada ne gibi sonu\u00e7lara yol a\u00e7t\u0131? Anadilde ibadet nas\u0131l uygulanabilir? Hepsi bu \u00e7al\u0131\u015fmada&#8230; <\/p>\n","protected":false},"excerpt":{"rendered":"<p>Anadilde ibadet konusu \u0130slam\u2019\u0131n ilk d\u00f6nemlerinden beri tart\u0131\u015f\u0131lan bir konudur. Bu konunun iki y\u00fcz\u00fc var. Birincisi; insan haklar\u0131 y\u00fcz\u00fc, ikincisi ise inan\u00e7sal y\u00fczd\u00fcr. Anadilde ibadet iste\u011finin<span class=\"excerpt-hellip\"> [\u2026]<\/span><\/p>\n","protected":false},"featured_media":0,"template":"","meta":{"_monsterinsights_skip_tracking":false,"_monsterinsights_sitenote_active":false,"_monsterinsights_sitenote_note":"","_monsterinsights_sitenote_category":0},"product_brand":[],"product_cat":[13036,12718,12719],"product_tag":[],"class_list":{"0":"post-729642","1":"product","2":"type-product","3":"status-publish","5":"product_cat-arastirma-inceleme-islam","6":"product_cat-din","7":"product_cat-islam","8":"pa_cilt-ciltsiz","9":"pa_tur-kitap","10":"pa_yayinevi-kirmizi-kedi-yayinevi","11":"pa_yazar-cemil-kilic","13":"first","14":"instock","15":"sale","16":"shipping-taxable","17":"purchasable","18":"product-type-simple"},"_links":{"self":[{"href":"https:\/\/roveyayinevi.com.tr\/index.php\/wp-json\/wp\/v2\/product\/729642","targetHints":{"allow":["GET"]}}],"collection":[{"href":"https:\/\/roveyayinevi.com.tr\/index.php\/wp-json\/wp\/v2\/product"}],"about":[{"href":"https:\/\/roveyayinevi.com.tr\/index.php\/wp-json\/wp\/v2\/types\/product"}],"wp:attachment":[{"href":"https:\/\/roveyayinevi.com.tr\/index.php\/wp-json\/wp\/v2\/media?parent=729642"}],"wp:term":[{"taxonomy":"product_brand","embeddable":true,"href":"https:\/\/roveyayinevi.com.tr\/index.php\/wp-json\/wp\/v2\/product_brand?post=729642"},{"taxonomy":"product_cat","embeddable":true,"href":"https:\/\/roveyayinevi.com.tr\/index.php\/wp-json\/wp\/v2\/product_cat?post=729642"},{"taxonomy":"product_tag","embeddable":true,"href":"https:\/\/roveyayinevi.com.tr\/index.php\/wp-json\/wp\/v2\/product_tag?post=729642"}],"curies":[{"name":"wp","href":"https:\/\/api.w.org\/{rel}","templated":true}]}}