{"id":729632,"date":"2025-08-27T20:59:55","date_gmt":"2025-08-27T17:59:55","guid":{"rendered":"https:\/\/roveyayinevi.com.tr\/index.php\/urun\/en-degerli-varliga\/"},"modified":"2026-04-16T02:37:14","modified_gmt":"2026-04-15T23:37:14","slug":"en-degerli-varliga","status":"publish","type":"product","link":"https:\/\/roveyayinevi.com.tr\/index.php\/urun\/en-degerli-varliga\/","title":{"rendered":"En De\u011ferli Varl\u0131\u011fa"},"content":{"rendered":"<p>Umudumdu bekleyi\u015fim Umudumdu s\u00f6z veri\u015fin Umudumdu hep g\u00fcl\u00fc\u015f\u00fcn Umudumdu \u00f6zleyi\u015fim Bayram oldu gurbette Bana ans\u0131z\u0131n geli\u015fin.<\/p>\n","protected":false},"excerpt":{"rendered":"<p>Umudumdu bekleyi\u015fim Umudumdu s\u00f6z veri\u015fin Umudumdu hep g\u00fcl\u00fc\u015f\u00fcn Umudumdu \u00f6zleyi\u015fim Bayram oldu gurbette Bana ans\u0131z\u0131n geli\u015fin.<\/p>\n","protected":false},"featured_media":0,"template":"","meta":{"_monsterinsights_skip_tracking":false,"_monsterinsights_sitenote_active":false,"_monsterinsights_sitenote_note":"","_monsterinsights_sitenote_category":0},"product_brand":[],"product_cat":[12291,12509],"product_tag":[],"class_list":{"0":"post-729632","1":"product","2":"type-product","3":"status-publish","5":"product_cat-edebiyat","6":"product_cat-siir","7":"pa_cilt-ciltsiz","8":"pa_tur-kitap","9":"pa_yayinevi-elpis-yayinlari","10":"pa_yazar-selim-altuntas","12":"first","13":"instock","14":"sale","15":"shipping-taxable","16":"purchasable","17":"product-type-simple"},"_links":{"self":[{"href":"https:\/\/roveyayinevi.com.tr\/index.php\/wp-json\/wp\/v2\/product\/729632","targetHints":{"allow":["GET"]}}],"collection":[{"href":"https:\/\/roveyayinevi.com.tr\/index.php\/wp-json\/wp\/v2\/product"}],"about":[{"href":"https:\/\/roveyayinevi.com.tr\/index.php\/wp-json\/wp\/v2\/types\/product"}],"wp:attachment":[{"href":"https:\/\/roveyayinevi.com.tr\/index.php\/wp-json\/wp\/v2\/media?parent=729632"}],"wp:term":[{"taxonomy":"product_brand","embeddable":true,"href":"https:\/\/roveyayinevi.com.tr\/index.php\/wp-json\/wp\/v2\/product_brand?post=729632"},{"taxonomy":"product_cat","embeddable":true,"href":"https:\/\/roveyayinevi.com.tr\/index.php\/wp-json\/wp\/v2\/product_cat?post=729632"},{"taxonomy":"product_tag","embeddable":true,"href":"https:\/\/roveyayinevi.com.tr\/index.php\/wp-json\/wp\/v2\/product_tag?post=729632"}],"curies":[{"name":"wp","href":"https:\/\/api.w.org\/{rel}","templated":true}]}}