{"id":729630,"date":"2025-08-27T20:59:52","date_gmt":"2025-08-27T17:59:52","guid":{"rendered":"https:\/\/roveyayinevi.com.tr\/index.php\/urun\/kendine-yabancilasan-insan\/"},"modified":"2026-04-16T02:37:14","modified_gmt":"2026-04-15T23:37:14","slug":"kendine-yabancilasan-insan","status":"publish","type":"product","link":"https:\/\/roveyayinevi.com.tr\/index.php\/urun\/kendine-yabancilasan-insan\/","title":{"rendered":"Kendine Yabanc\u0131la\u015fan \u0130nsan"},"content":{"rendered":"<p>Herkes kendi yaratt\u0131\u011f\u0131 hapishanenin anahtar\u0131 elinde ya\u015far. Kalabal\u0131klar\u0131n i\u00e7inde yaln\u0131z, kendi hayat\u0131na yabanc\u0131, olan biten her \u015feyden huzursuz bir insan i\u00e7in zamanla her \u015feyi unutmaya ba\u015flamak, belki de bir l\u00fctuftu asl\u0131nda&#8230; Gittik\u00e7e haf\u0131zas\u0131n\u0131 kaybeden ya\u015fl\u0131 bir adamla, aralar\u0131ndaki derin yaln\u0131zl\u0131\u011f\u0131 a\u015fk sanan gen\u00e7 bir k\u0131z\u0131n i\u00e7ine d\u00fc\u015ft\u00fc\u011f\u00fc bir yolculuk, toplumun dayatt\u0131\u011f\u0131 d\u00fc\u015f\u00fcnce ve inan\u00e7 bi\u00e7imleri y\u00fcz\u00fcnden kocaman bir yaln\u0131zl\u0131\u011fa ve yabanc\u0131la\u015fmaya d\u00f6n\u00fc\u015f\u00fcr giderek. B\u0130R NARS\u0130S\u0130N G\u00d6LGES\u0130NDE ON \u0130K\u0130 AY adl\u0131 \u00e7ok satan kitab\u0131n yazar\u0131 Dr. Fikret Y\u0131ld\u0131r\u0131m, bu kez ya\u015fad\u0131\u011f\u0131 aileye, topluma ve k\u00fclt\u00fcre yabanc\u0131la\u015fan yeni asr\u0131n insan\u0131n\u0131 al\u0131yor roman\u0131n\u0131n merkezine. \u201c\u0130nsan\u0131n bir \u00f6z\u00fc var m\u0131d\u0131r?\u201d sorusunun yerini, \u201c\u0130nsan\u0131n bir \u00f6z\u00fc var m\u0131yd\u0131?\u201d sorusu al\u0131yor art\u0131k&#8230; <\/p>\n","protected":false},"excerpt":{"rendered":"<p>Herkes kendi yaratt\u0131\u011f\u0131 hapishanenin anahtar\u0131 elinde ya\u015far. Kalabal\u0131klar\u0131n i\u00e7inde yaln\u0131z, kendi hayat\u0131na yabanc\u0131, olan biten her \u015feyden huzursuz bir insan i\u00e7in zamanla her \u015feyi unutmaya ba\u015flamak,<span class=\"excerpt-hellip\"> [\u2026]<\/span><\/p>\n","protected":false},"featured_media":0,"template":"","meta":{"_monsterinsights_skip_tracking":false,"_monsterinsights_sitenote_active":false,"_monsterinsights_sitenote_note":"","_monsterinsights_sitenote_category":0},"product_brand":[],"product_cat":[12291,12711],"product_tag":[],"class_list":{"0":"post-729630","1":"product","2":"type-product","3":"status-publish","5":"product_cat-edebiyat","6":"product_cat-roman-oyku","7":"pa_cilt-ciltsiz","8":"pa_tur-kitap","9":"pa_yayinevi-destek-yayinlari","10":"pa_yazar-fikret-yildirim","12":"first","13":"instock","14":"sale","15":"shipping-taxable","16":"purchasable","17":"product-type-simple"},"_links":{"self":[{"href":"https:\/\/roveyayinevi.com.tr\/index.php\/wp-json\/wp\/v2\/product\/729630","targetHints":{"allow":["GET"]}}],"collection":[{"href":"https:\/\/roveyayinevi.com.tr\/index.php\/wp-json\/wp\/v2\/product"}],"about":[{"href":"https:\/\/roveyayinevi.com.tr\/index.php\/wp-json\/wp\/v2\/types\/product"}],"wp:attachment":[{"href":"https:\/\/roveyayinevi.com.tr\/index.php\/wp-json\/wp\/v2\/media?parent=729630"}],"wp:term":[{"taxonomy":"product_brand","embeddable":true,"href":"https:\/\/roveyayinevi.com.tr\/index.php\/wp-json\/wp\/v2\/product_brand?post=729630"},{"taxonomy":"product_cat","embeddable":true,"href":"https:\/\/roveyayinevi.com.tr\/index.php\/wp-json\/wp\/v2\/product_cat?post=729630"},{"taxonomy":"product_tag","embeddable":true,"href":"https:\/\/roveyayinevi.com.tr\/index.php\/wp-json\/wp\/v2\/product_tag?post=729630"}],"curies":[{"name":"wp","href":"https:\/\/api.w.org\/{rel}","templated":true}]}}