{"id":729621,"date":"2025-08-27T20:58:41","date_gmt":"2025-08-27T17:58:41","guid":{"rendered":"https:\/\/roveyayinevi.com.tr\/index.php\/urun\/puyonun-londra-macerasi\/"},"modified":"2026-04-16T02:37:14","modified_gmt":"2026-04-15T23:37:14","slug":"puyonun-londra-macerasi","status":"publish","type":"product","link":"https:\/\/roveyayinevi.com.tr\/index.php\/urun\/puyonun-londra-macerasi\/","title":{"rendered":"Puyo\u2019nun Londra Maceras\u0131"},"content":{"rendered":"<p>Puyo\u2019nun bug\u00fcnlerde i\u00e7i k\u0131p\u0131r k\u0131p\u0131rd\u0131. K\u0131sa bir s\u00fcreli\u011fine evinden uzak bir yere, uzun zamand\u0131r g\u00f6rmedi\u011fi karde\u015fi Yupo\u2019nun yan\u0131na, \u0130ngiltere\u2019nin ba\u015fkenti Londra\u2019ya seyahate gidecekti. \u0130lk kez u\u00e7a\u011fa binece\u011fini d\u00fc\u015f\u00fcn\u00fcnce daha da heyecanland\u0131. Londra\u2019ya gidece\u011fini \u00f6\u011frendi\u011fi g\u00fcnden beri ya uyuyam\u0131yor ya da ilgin\u00e7 r\u00fcyalar g\u00f6r\u00fcyordu. Puyo ve karde\u015fi Yupo ile macera dolu Londra seyahatine haz\u0131r m\u0131s\u0131n\u0131z? -Puyo\u2019nun Londra Maceras\u0131, Londra \u015fehri ve \u00f6nemli yap\u0131lar hakk\u0131nda bilgi verirken ayn\u0131 zamanda macera dolu hikayesi ile \u00e7ocuklara heyecan dolu bir okuma ser\u00fcveni sunuyor. <\/p>\n","protected":false},"excerpt":{"rendered":"<p>Puyo\u2019nun bug\u00fcnlerde i\u00e7i k\u0131p\u0131r k\u0131p\u0131rd\u0131. K\u0131sa bir s\u00fcreli\u011fine evinden uzak bir yere, uzun zamand\u0131r g\u00f6rmedi\u011fi karde\u015fi Yupo\u2019nun yan\u0131na, \u0130ngiltere\u2019nin ba\u015fkenti Londra\u2019ya seyahate gidecekti. \u0130lk kez u\u00e7a\u011fa<span class=\"excerpt-hellip\"> [\u2026]<\/span><\/p>\n","protected":false},"featured_media":0,"template":"","meta":{"_monsterinsights_skip_tracking":false,"_monsterinsights_sitenote_active":false,"_monsterinsights_sitenote_note":"","_monsterinsights_sitenote_category":0},"product_brand":[],"product_cat":[12913,12274],"product_tag":[],"class_list":{"0":"post-729621","1":"product","2":"type-product","3":"status-publish","5":"product_cat-3-6-yas-kitaplari","6":"product_cat-cocuk-ve-genclik-kitaplari","7":"pa_cilt-ciltsiz","8":"pa_tur-kitap","9":"pa_yayinevi-puyoandaya","10":"pa_yazar-tuce-bakan","12":"first","13":"instock","14":"sale","15":"shipping-taxable","16":"purchasable","17":"product-type-simple"},"_links":{"self":[{"href":"https:\/\/roveyayinevi.com.tr\/index.php\/wp-json\/wp\/v2\/product\/729621","targetHints":{"allow":["GET"]}}],"collection":[{"href":"https:\/\/roveyayinevi.com.tr\/index.php\/wp-json\/wp\/v2\/product"}],"about":[{"href":"https:\/\/roveyayinevi.com.tr\/index.php\/wp-json\/wp\/v2\/types\/product"}],"wp:attachment":[{"href":"https:\/\/roveyayinevi.com.tr\/index.php\/wp-json\/wp\/v2\/media?parent=729621"}],"wp:term":[{"taxonomy":"product_brand","embeddable":true,"href":"https:\/\/roveyayinevi.com.tr\/index.php\/wp-json\/wp\/v2\/product_brand?post=729621"},{"taxonomy":"product_cat","embeddable":true,"href":"https:\/\/roveyayinevi.com.tr\/index.php\/wp-json\/wp\/v2\/product_cat?post=729621"},{"taxonomy":"product_tag","embeddable":true,"href":"https:\/\/roveyayinevi.com.tr\/index.php\/wp-json\/wp\/v2\/product_tag?post=729621"}],"curies":[{"name":"wp","href":"https:\/\/api.w.org\/{rel}","templated":true}]}}