{"id":729610,"date":"2025-08-27T20:58:30","date_gmt":"2025-08-27T17:58:30","guid":{"rendered":"https:\/\/roveyayinevi.com.tr\/index.php\/urun\/siyaset-devlet-ve-uluslararasi-iliskiler\/"},"modified":"2025-12-30T10:38:34","modified_gmt":"2025-12-30T07:38:34","slug":"siyaset-devlet-ve-uluslararasi-iliskiler","status":"publish","type":"product","link":"https:\/\/roveyayinevi.com.tr\/index.php\/urun\/siyaset-devlet-ve-uluslararasi-iliskiler\/","title":{"rendered":"Siyaset, Devlet ve Uluslararas\u0131 \u0130li\u015fkiler"},"content":{"rendered":"<p>\u0130\u00e7indekiler 1.Uluslararas\u0131 \u0130li\u015fkiler Kuramlar\u0131nda Devlet 2.Ulusal G\u00fcvenlik Devleti 3.Modern Devlet 4.K\u00fcreselle\u015fme ve Ulus Devlet: D\u00f6n\u00fc\u015f\u00fcmc\u00fcler A\u00e7\u0131s\u0131ndan Bir De\u011ferlendirme 5.Klasik Liberalizm ve S\u0131n\u0131rl\u0131 Devlet 6.Marksizm\u2019de Devlet 7.Hayek\u2019te Devlet ve Refah Devleti 8.Neo-Weberyan Devlet Teorisi ve Tarihsel Kurumsalc\u0131l\u0131k 9.Anar\u015fizm ve Devlet 10.D\u00fcnya Sistemi Teorisi A\u00e7\u0131s\u0131ndan Devlet 11.Yazarlar Hakk\u0131nda 12.Edit\u00f6r Hakk\u0131nda <\/p>\n","protected":false},"excerpt":{"rendered":"<p>\u0130\u00e7indekiler 1.Uluslararas\u0131 \u0130li\u015fkiler Kuramlar\u0131nda Devlet 2.Ulusal G\u00fcvenlik Devleti 3.Modern Devlet 4.K\u00fcreselle\u015fme ve Ulus Devlet: D\u00f6n\u00fc\u015f\u00fcmc\u00fcler A\u00e7\u0131s\u0131ndan Bir De\u011ferlendirme 5.Klasik Liberalizm ve S\u0131n\u0131rl\u0131 Devlet 6.Marksizm\u2019de Devlet 7.Hayek\u2019te<span class=\"excerpt-hellip\"> [\u2026]<\/span><\/p>\n","protected":false},"featured_media":0,"template":"","meta":{"_monsterinsights_skip_tracking":false,"_monsterinsights_sitenote_active":false,"_monsterinsights_sitenote_note":"","_monsterinsights_sitenote_category":0},"product_brand":[],"product_cat":[12337,14706],"product_tag":[],"class_list":{"0":"post-729610","1":"product","2":"type-product","3":"status-publish","5":"product_cat-politika-siyaset","6":"product_cat-siyaset-bilimi","7":"pa_cilt-ciltsiz","8":"pa_tur-kitap","9":"pa_yayinevi-gazi-kitabevi","10":"pa_yazar-abdullah-torun","12":"first","13":"instock","14":"sale","15":"shipping-taxable","16":"purchasable","17":"product-type-simple"},"_links":{"self":[{"href":"https:\/\/roveyayinevi.com.tr\/index.php\/wp-json\/wp\/v2\/product\/729610","targetHints":{"allow":["GET"]}}],"collection":[{"href":"https:\/\/roveyayinevi.com.tr\/index.php\/wp-json\/wp\/v2\/product"}],"about":[{"href":"https:\/\/roveyayinevi.com.tr\/index.php\/wp-json\/wp\/v2\/types\/product"}],"wp:attachment":[{"href":"https:\/\/roveyayinevi.com.tr\/index.php\/wp-json\/wp\/v2\/media?parent=729610"}],"wp:term":[{"taxonomy":"product_brand","embeddable":true,"href":"https:\/\/roveyayinevi.com.tr\/index.php\/wp-json\/wp\/v2\/product_brand?post=729610"},{"taxonomy":"product_cat","embeddable":true,"href":"https:\/\/roveyayinevi.com.tr\/index.php\/wp-json\/wp\/v2\/product_cat?post=729610"},{"taxonomy":"product_tag","embeddable":true,"href":"https:\/\/roveyayinevi.com.tr\/index.php\/wp-json\/wp\/v2\/product_tag?post=729610"}],"curies":[{"name":"wp","href":"https:\/\/api.w.org\/{rel}","templated":true}]}}