{"id":729609,"date":"2025-08-27T20:58:30","date_gmt":"2025-08-27T17:58:30","guid":{"rendered":"https:\/\/roveyayinevi.com.tr\/index.php\/urun\/kavram-atlasi-turk-islam-sanatlari-i\/"},"modified":"2025-08-31T17:07:46","modified_gmt":"2025-08-31T14:07:46","slug":"kavram-atlasi-turk-islam-sanatlari-i","status":"publish","type":"product","link":"https:\/\/roveyayinevi.com.tr\/index.php\/urun\/kavram-atlasi-turk-islam-sanatlari-i\/","title":{"rendered":"Kavram Atlas\u0131 &#8211; T\u00fcrk \u0130slam Sanatlar\u0131 I"},"content":{"rendered":"<p>Kavram Atlas\u0131 &#8211; T\u00fcrk \u0130slam Sanatlar\u0131 I<\/p>\n","protected":false},"excerpt":{"rendered":"<p>Kavram Atlas\u0131 &#8211; T\u00fcrk \u0130slam Sanatlar\u0131 I<\/p>\n","protected":false},"featured_media":0,"template":"","meta":{"_monsterinsights_skip_tracking":false,"_monsterinsights_sitenote_active":false,"_monsterinsights_sitenote_note":"","_monsterinsights_sitenote_category":0},"product_brand":[],"product_cat":[16789,12718,12719],"product_tag":[],"class_list":{"0":"post-729609","1":"product","2":"type-product","3":"status-publish","5":"product_cat-diger-islam","6":"product_cat-din","7":"product_cat-islam","8":"pa_cilt-ciltsiz","9":"pa_tur-kitap","10":"pa_yayinevi-gazi-kitabevi","11":"pa_yazar-senay-ozgur-yildiz","13":"first","14":"instock","15":"sale","16":"shipping-taxable","17":"purchasable","18":"product-type-simple"},"_links":{"self":[{"href":"https:\/\/roveyayinevi.com.tr\/index.php\/wp-json\/wp\/v2\/product\/729609","targetHints":{"allow":["GET"]}}],"collection":[{"href":"https:\/\/roveyayinevi.com.tr\/index.php\/wp-json\/wp\/v2\/product"}],"about":[{"href":"https:\/\/roveyayinevi.com.tr\/index.php\/wp-json\/wp\/v2\/types\/product"}],"wp:attachment":[{"href":"https:\/\/roveyayinevi.com.tr\/index.php\/wp-json\/wp\/v2\/media?parent=729609"}],"wp:term":[{"taxonomy":"product_brand","embeddable":true,"href":"https:\/\/roveyayinevi.com.tr\/index.php\/wp-json\/wp\/v2\/product_brand?post=729609"},{"taxonomy":"product_cat","embeddable":true,"href":"https:\/\/roveyayinevi.com.tr\/index.php\/wp-json\/wp\/v2\/product_cat?post=729609"},{"taxonomy":"product_tag","embeddable":true,"href":"https:\/\/roveyayinevi.com.tr\/index.php\/wp-json\/wp\/v2\/product_tag?post=729609"}],"curies":[{"name":"wp","href":"https:\/\/api.w.org\/{rel}","templated":true}]}}