{"id":729586,"date":"2025-08-27T20:58:09","date_gmt":"2025-08-27T17:58:09","guid":{"rendered":"https:\/\/roveyayinevi.com.tr\/index.php\/urun\/dunyalar-vardir\/"},"modified":"2026-04-16T02:37:13","modified_gmt":"2026-04-15T23:37:13","slug":"dunyalar-vardir","status":"publish","type":"product","link":"https:\/\/roveyayinevi.com.tr\/index.php\/urun\/dunyalar-vardir\/","title":{"rendered":"D\u00fcnyalar Vard\u0131r"},"content":{"rendered":"<p>Yelkovan ku\u015flar\u0131n\u0131n pe\u015fi s\u0131ra gidenler, g\u00f6ky\u00fcz\u00fcn\u00fc maviye boyayanlar, sokakta giderken kendi kendine g\u00fcl\u00fcmseyenler, k\u00e2\u011f\u0131t helvadaki g\u00fcvercin y\u00fcrekler, sabahlar\u0131 i\u00e7ine g\u00fcne\u015f vuranlar, g\u00f6zleri kapal\u0131 \u0130stanbul\u2019u dinleyenler\u2026 Ad\u0131n\u0131 Orhan Veli\u2019nin \u201cG\u00fcn Olur\u201d \u015fiirinin bir dizesinden alan D\u00fcnyalar Vard\u0131r, \u015fairin her daim e\u011flenceli ve sevecen hayat anlay\u0131\u015f\u0131n\u0131 yans\u0131tan \u015fiirlerinden olu\u015fuyor. \u015eair Faris Kuseyri\u2019nin haz\u0131rlad\u0131\u011f\u0131 bu kitap;\u015fiire ilk selam\u0131n\u0131 vermek isteyenleri, Orhan Veli okumaya doyamayanlar\u0131 \u015fiirin r\u00fczg\u00e2rl\u0131 havas\u0131yla yeni d\u00fcnyalar ke\u015ffetmeye davet ediyor. <\/p>\n","protected":false},"excerpt":{"rendered":"<p>Yelkovan ku\u015flar\u0131n\u0131n pe\u015fi s\u0131ra gidenler, g\u00f6ky\u00fcz\u00fcn\u00fc maviye boyayanlar, sokakta giderken kendi kendine g\u00fcl\u00fcmseyenler, k\u00e2\u011f\u0131t helvadaki g\u00fcvercin y\u00fcrekler, sabahlar\u0131 i\u00e7ine g\u00fcne\u015f vuranlar, g\u00f6zleri kapal\u0131 \u0130stanbul\u2019u dinleyenler\u2026 Ad\u0131n\u0131<span class=\"excerpt-hellip\"> [\u2026]<\/span><\/p>\n","protected":false},"featured_media":0,"template":"","meta":{"_monsterinsights_skip_tracking":false,"_monsterinsights_sitenote_active":false,"_monsterinsights_sitenote_note":"","_monsterinsights_sitenote_category":0},"product_brand":[],"product_cat":[12291,12509],"product_tag":[],"class_list":{"0":"post-729586","1":"product","2":"type-product","3":"status-publish","5":"product_cat-edebiyat","6":"product_cat-siir","7":"pa_cilt-ciltsiz","8":"pa_tur-kitap","9":"pa_yayinevi-masalperest-ozel-urun","10":"pa_yazar-orhan-veli-kanik","12":"first","13":"instock","14":"sale","15":"shipping-taxable","16":"purchasable","17":"product-type-simple"},"_links":{"self":[{"href":"https:\/\/roveyayinevi.com.tr\/index.php\/wp-json\/wp\/v2\/product\/729586","targetHints":{"allow":["GET"]}}],"collection":[{"href":"https:\/\/roveyayinevi.com.tr\/index.php\/wp-json\/wp\/v2\/product"}],"about":[{"href":"https:\/\/roveyayinevi.com.tr\/index.php\/wp-json\/wp\/v2\/types\/product"}],"wp:attachment":[{"href":"https:\/\/roveyayinevi.com.tr\/index.php\/wp-json\/wp\/v2\/media?parent=729586"}],"wp:term":[{"taxonomy":"product_brand","embeddable":true,"href":"https:\/\/roveyayinevi.com.tr\/index.php\/wp-json\/wp\/v2\/product_brand?post=729586"},{"taxonomy":"product_cat","embeddable":true,"href":"https:\/\/roveyayinevi.com.tr\/index.php\/wp-json\/wp\/v2\/product_cat?post=729586"},{"taxonomy":"product_tag","embeddable":true,"href":"https:\/\/roveyayinevi.com.tr\/index.php\/wp-json\/wp\/v2\/product_tag?post=729586"}],"curies":[{"name":"wp","href":"https:\/\/api.w.org\/{rel}","templated":true}]}}