{"id":729583,"date":"2025-08-27T20:58:06","date_gmt":"2025-08-27T17:58:06","guid":{"rendered":"https:\/\/roveyayinevi.com.tr\/index.php\/urun\/neden-olmasin\/"},"modified":"2026-04-16T02:37:13","modified_gmt":"2026-04-15T23:37:13","slug":"neden-olmasin","status":"publish","type":"product","link":"https:\/\/roveyayinevi.com.tr\/index.php\/urun\/neden-olmasin\/","title":{"rendered":"Neden Olmas\u0131n?"},"content":{"rendered":"<p>B\u00fcy\u00fcy\u00fcnce ne olacaks\u0131n? Doktor, avukat, \u00f6\u011fretmen, robot i\u015f\u00e7i koordinat\u00f6r\u00fc, duygu tasar\u0131mc\u0131s\u0131, iklim d\u00fczenleme operat\u00f6r\u00fc\u2026 Karar vermek zor de\u011fil mi? Hayal eder ve yeterince \u00e7aba g\u00f6sterirsen neden olmas\u0131n? \u201cNeden Olmas\u0131n?\u201d, kahraman\u0131 Luna arac\u0131l\u0131\u011f\u0131yla \u00e7ocuklar\u0131n hayal g\u00fcc\u00fcn\u00fc desteklerken, meslek se\u00e7iminde \u2018gelece\u011fin meslekleri\u2019 olarak an\u0131lan alanlar\u0131 \u00e7ocuklar\u0131n sorgulamas\u0131n\u0131 sa\u011fl\u0131yor. Luna ile birlikte \u00e7ocuklar\u0131 kendi istekleri ve karakterleri \u00fczerine d\u00fc\u015f\u00fcnmeleri konusunda y\u00fcreklendirmeyi ama\u00e7l\u0131yor. Sen de gelece\u011fin i\u00e7in hayal et, \u00e7ok iste ve \u00e7abala! \u00c7\u00fcnk\u00fc\u2026 Neden olmas\u0131n?       G\u00fcl\u015fah YemenOkul \u00f6ncesi \u00f6\u011fretmeni, okul sonras\u0131 \u00f6\u011frencisi&#8230; Yazar, \u00e7izer, bozar&#8230;B\u00fcy\u00fcy\u00fcnce \u00e7ocuk olmak istemekte ve bu alandaki e\u011fitimine \u00e7ocuklarla birlikte \u00e7ocuk gibi d\u00fc\u015f\u00fcnerek devam etmektedir     \u00c7a\u011fr\u0131 Odaba\u015f\u0131\u00c7ocuk kitaplar\u0131 ve dergiler i\u00e7in \u00e7izim yapar. \u00c7ok \u00e7izer, \u00e7ok g\u00f6zler&#8230;Resimlerinde masals\u0131 karakterler \u00fczerinden insans\u0131 konulara de\u011finir.At\u00f6lye \u00e7al\u0131\u015fmalar\u0131na \u0130stanbul\u2019da devam etmektedir.. <\/p>\n","protected":false},"excerpt":{"rendered":"<p>B\u00fcy\u00fcy\u00fcnce ne olacaks\u0131n? Doktor, avukat, \u00f6\u011fretmen, robot i\u015f\u00e7i koordinat\u00f6r\u00fc, duygu tasar\u0131mc\u0131s\u0131, iklim d\u00fczenleme operat\u00f6r\u00fc\u2026 Karar vermek zor de\u011fil mi? Hayal eder ve yeterince \u00e7aba g\u00f6sterirsen neden<span class=\"excerpt-hellip\"> [\u2026]<\/span><\/p>\n","protected":false},"featured_media":0,"template":"","meta":{"_monsterinsights_skip_tracking":false,"_monsterinsights_sitenote_active":false,"_monsterinsights_sitenote_note":"","_monsterinsights_sitenote_category":0},"product_brand":[],"product_cat":[12275,12274],"product_tag":[],"class_list":{"0":"post-729583","1":"product","2":"type-product","3":"status-publish","5":"product_cat-6-12-yas-kitaplari","6":"product_cat-cocuk-ve-genclik-kitaplari","7":"pa_cilt-ciltsiz","8":"pa_tur-kitap","9":"pa_yayinevi-masalperest-ozel-urun","10":"pa_yazar-gulsah-yemen-sarioglu-cagri-odabasi","12":"first","13":"instock","14":"sale","15":"shipping-taxable","16":"purchasable","17":"product-type-simple"},"_links":{"self":[{"href":"https:\/\/roveyayinevi.com.tr\/index.php\/wp-json\/wp\/v2\/product\/729583","targetHints":{"allow":["GET"]}}],"collection":[{"href":"https:\/\/roveyayinevi.com.tr\/index.php\/wp-json\/wp\/v2\/product"}],"about":[{"href":"https:\/\/roveyayinevi.com.tr\/index.php\/wp-json\/wp\/v2\/types\/product"}],"wp:attachment":[{"href":"https:\/\/roveyayinevi.com.tr\/index.php\/wp-json\/wp\/v2\/media?parent=729583"}],"wp:term":[{"taxonomy":"product_brand","embeddable":true,"href":"https:\/\/roveyayinevi.com.tr\/index.php\/wp-json\/wp\/v2\/product_brand?post=729583"},{"taxonomy":"product_cat","embeddable":true,"href":"https:\/\/roveyayinevi.com.tr\/index.php\/wp-json\/wp\/v2\/product_cat?post=729583"},{"taxonomy":"product_tag","embeddable":true,"href":"https:\/\/roveyayinevi.com.tr\/index.php\/wp-json\/wp\/v2\/product_tag?post=729583"}],"curies":[{"name":"wp","href":"https:\/\/api.w.org\/{rel}","templated":true}]}}