{"id":729581,"date":"2025-08-27T20:58:05","date_gmt":"2025-08-27T17:58:05","guid":{"rendered":"https:\/\/roveyayinevi.com.tr\/index.php\/urun\/marksizm-mi-varolusculuk-mu\/"},"modified":"2026-04-16T02:37:13","modified_gmt":"2026-04-15T23:37:13","slug":"marksizm-mi-varolusculuk-mu","status":"publish","type":"product","link":"https:\/\/roveyayinevi.com.tr\/index.php\/urun\/marksizm-mi-varolusculuk-mu\/","title":{"rendered":"Marksizm mi Varolu\u015f\u00e7uluk mu?"},"content":{"rendered":"<p>\u0130dealizm ile varolu\u015f\u00e7uluk aras\u0131nda nas\u0131l bir s\u00fcreklilik vard\u0131r? Maddeci materyalizm ile idealizm aras\u0131ndaki kar\u015f\u0131tl\u0131k varolu\u015f\u00e7u felsefede kendini nas\u0131l g\u00f6sterir? Varolu\u015f\u00e7uluk burjuva felsefesinin bunal\u0131m\u0131na bir \u00e7\u00f6z\u00fcm olarak m\u0131 ortaya \u00e7\u0131kt\u0131? Varolu\u015f\u00e7ulu\u011fun fa\u015fizm ile olan ili\u015fkisi nas\u0131l ele al\u0131nmal\u0131? Varolu\u015f\u00e7u ahlak felsefesinin \u00e7eli\u015fkileri nelerdir? Emperyalist a\u015famada idealizm hangi felsefi temellerle \u201ckurtar\u0131lmaya\u201d \u00e7al\u0131\u015f\u0131ld\u0131? Varolu\u015f\u00e7ulu\u011fun maddeci bilgi kuram\u0131na ve diyalekti\u011fe kar\u015f\u0131 g\u00f6sterdi\u011fi direni\u015fin burjuva ideolojisi ile ba\u011flant\u0131s\u0131 nedir? Marksizm, \u00f6znellik ve nesnellik aras\u0131ndaki ili\u015fkiyi nas\u0131l \u00e7\u00f6z\u00fcme kavu\u015fturdu ve bunun ne gibi tarihsel etkileri oldu? Varolu\u015f\u00e7ulu\u011fun soyut ve \u00f6znel \u00f6zg\u00fcrl\u00fck anlay\u0131\u015f\u0131 burjuva felsefesiyle nas\u0131l i\u00e7 i\u00e7e ge\u00e7ti? 20. y\u00fczy\u0131l\u0131n \u00f6nemli Marksist d\u00fc\u015f\u00fcn\u00fcrlerinden Gy\u00f6rgy Luk\u00e1cs, T\u00fcrk\u00e7ede ilk kez yay\u0131nlanan bu yap\u0131t\u0131nda varolu\u015f\u00e7ulu\u011fun Marksist bir \u00e7\u00f6z\u00fcmlemesini ger\u00e7ekle\u015ftiriyor, \u0130kinci D\u00fcnya Sava\u015f\u0131 sonras\u0131nda y\u00fckselen varolu\u015f\u00e7u d\u00fc\u015f\u00fcncenin felsefi ve politik ba\u011flamlar\u0131n\u0131 irdeliyor.Diyalektik maddecilik ile varolu\u015f\u00e7uluk aras\u0131nda ya\u015fanan tart\u0131\u015fmalar\u0131 gelip ge\u00e7ici bir parlama olmaktan ziyade k\u00f6kl\u00fc ve felsefi ge\u00e7mi\u015fi olan bir kar\u015f\u0131la\u015fma olarak ele alan yazar, varolu\u015f\u00e7ulu\u011fun \u00f6nde gelen temsilcilerinden Jean-Paul Sartre, Simone de Beauvoir ve Merleau-Ponty\u2019yi derinlemesine inceliyor. Luk\u00e1cs, bu yazarlar\u0131n aralar\u0131ndaki farkl\u0131l\u0131k ve ortakl\u0131klar\u0131, Heidegger, Schopenhauer, Nietzsche ve Kierkegaard\u2019dan devrald\u0131klar\u0131 g\u00f6r\u00fc\u015fleri, bu felsefenin kar\u015f\u0131s\u0131na Hegel\u2019den Marx\u2019a uzanan diyalektik maddecili\u011fi koyarak tart\u0131\u015f\u0131yor. Luk\u00e1cs\u2019\u0131n varolu\u015f\u00e7ulu\u011fa y\u00f6nelik temel ele\u015ftirilerini dile getirdi\u011fi bu kitap, okurlar\u0131 felsefe tarihine, felsefenin g\u00fcncel politik yans\u0131malar\u0131na ve tart\u0131\u015fmalar\u0131n y\u00fcr\u00fct\u00fcld\u00fc\u011f\u00fc tarihsel, toplumsal ba\u011flama dair d\u00fc\u015f\u00fcnmeye davet ediyor.  <\/p>\n","protected":false},"excerpt":{"rendered":"<p>\u0130dealizm ile varolu\u015f\u00e7uluk aras\u0131nda nas\u0131l bir s\u00fcreklilik vard\u0131r? Maddeci materyalizm ile idealizm aras\u0131ndaki kar\u015f\u0131tl\u0131k varolu\u015f\u00e7u felsefede kendini nas\u0131l g\u00f6sterir? Varolu\u015f\u00e7uluk burjuva felsefesinin bunal\u0131m\u0131na bir \u00e7\u00f6z\u00fcm olarak<span class=\"excerpt-hellip\"> [\u2026]<\/span><\/p>\n","protected":false},"featured_media":0,"template":"","meta":{"_monsterinsights_skip_tracking":false,"_monsterinsights_sitenote_active":false,"_monsterinsights_sitenote_note":"","_monsterinsights_sitenote_category":0},"product_brand":[],"product_cat":[16038,12388],"product_tag":[],"class_list":{"0":"post-729581","1":"product","2":"type-product","3":"status-publish","5":"product_cat-arastirma-inceleme-referans-felsefe","6":"product_cat-felsefe","7":"pa_cilt-ciltsiz","8":"pa_tur-kitap","9":"pa_yayinevi-yordam-kitap","10":"pa_yazar-gyorgy-lukacs","12":"first","13":"instock","14":"sale","15":"shipping-taxable","16":"purchasable","17":"product-type-simple"},"_links":{"self":[{"href":"https:\/\/roveyayinevi.com.tr\/index.php\/wp-json\/wp\/v2\/product\/729581","targetHints":{"allow":["GET"]}}],"collection":[{"href":"https:\/\/roveyayinevi.com.tr\/index.php\/wp-json\/wp\/v2\/product"}],"about":[{"href":"https:\/\/roveyayinevi.com.tr\/index.php\/wp-json\/wp\/v2\/types\/product"}],"wp:attachment":[{"href":"https:\/\/roveyayinevi.com.tr\/index.php\/wp-json\/wp\/v2\/media?parent=729581"}],"wp:term":[{"taxonomy":"product_brand","embeddable":true,"href":"https:\/\/roveyayinevi.com.tr\/index.php\/wp-json\/wp\/v2\/product_brand?post=729581"},{"taxonomy":"product_cat","embeddable":true,"href":"https:\/\/roveyayinevi.com.tr\/index.php\/wp-json\/wp\/v2\/product_cat?post=729581"},{"taxonomy":"product_tag","embeddable":true,"href":"https:\/\/roveyayinevi.com.tr\/index.php\/wp-json\/wp\/v2\/product_tag?post=729581"}],"curies":[{"name":"wp","href":"https:\/\/api.w.org\/{rel}","templated":true}]}}