{"id":729568,"date":"2025-08-27T20:57:54","date_gmt":"2025-08-27T17:57:54","guid":{"rendered":"https:\/\/roveyayinevi.com.tr\/index.php\/urun\/buyuk-biyologlar-rayden-hamiltona\/"},"modified":"2026-04-16T02:37:13","modified_gmt":"2026-04-15T23:37:13","slug":"buyuk-biyologlar-rayden-hamiltona","status":"publish","type":"product","link":"https:\/\/roveyayinevi.com.tr\/index.php\/urun\/buyuk-biyologlar-rayden-hamiltona\/","title":{"rendered":"B\u00fcy\u00fck Biyologlar &#8211; Ray&#8217;den Hamilton&#8217;a"},"content":{"rendered":"<p>\u201cOn yedinci y\u00fczy\u0131lda mikroskobun icat edilmesiyle yeni ve tamamen s\u00fcrprizlerle dolu bir d\u00fcnyan\u0131n kap\u0131lar\u0131 a\u00e7\u0131ld\u0131. K\u00fc\u00e7\u00fcc\u00fck bir su damlas\u0131n\u0131n i\u00e7inde say\u0131s\u0131z canl\u0131n\u0131n bulunmas\u0131 hayal g\u00fcc\u00fcn\u00fcn s\u0131n\u0131rlar\u0131n\u0131 zorluyordu.\u201d Oxford \u00dcniversitesi matematik profes\u00f6rl\u00fc\u011f\u00fcnden emekli olan Ioan James bu \u00f6nemli \u00e7al\u0131\u015fmas\u0131nda, g\u00fcn\u00fcm\u00fczden 400 y\u0131l geriye uzanarak otuz sekiz b\u00fcy\u00fck biyolo\u011fun biyografilerini kaleme al\u0131yor. Kitap, biyologlar\u0131n bilimsel ba\u015far\u0131lar\u0131n\u0131n yan\u0131 s\u0131ra her biri olduk\u00e7a merak uyand\u0131r\u0131c\u0131 ya\u015fam \u00f6yk\u00fcleri \u00fczerinde de titizlikle duruyor. Kronolojik olarak d\u00fczenlenmi\u015f biyografilerle, biyolojinin y\u0131llar i\u00e7inde hangi toplumsal ko\u015fullarda geli\u015fti\u011fine dair \u00e7arp\u0131c\u0131 bir tablo sunuluyor. Bilimsel ve biyolojik teknik ayr\u0131nt\u0131lar\u0131 asgaride tutan kitap, konuya ilgi duyan b\u00fct\u00fcn okurlar\u0131 modern geli\u015fmeleri kolayca izlemeye davet ediyor. Aralar\u0131nda Sloane, Linnaeus, Banks, Lamarck, Humboldt, Hooker, Owen, Aggassiz, Darwin, Galton, Mendel, Wallace, Huxley ve Crick gibi pek \u00e7ok b\u00fcy\u00fck biyolo\u011fa ait ilgin\u00e7 hayat hik\u00e2yelerini okurken bir yandan da modern t\u0131p ve genetik biliminin bug\u00fcnk\u00fc birikimine nas\u0131l kavu\u015ftu\u011funa tan\u0131k olacaks\u0131n\u0131z. <\/p>\n","protected":false},"excerpt":{"rendered":"<p>\u201cOn yedinci y\u00fczy\u0131lda mikroskobun icat edilmesiyle yeni ve tamamen s\u00fcrprizlerle dolu bir d\u00fcnyan\u0131n kap\u0131lar\u0131 a\u00e7\u0131ld\u0131. K\u00fc\u00e7\u00fcc\u00fck bir su damlas\u0131n\u0131n i\u00e7inde say\u0131s\u0131z canl\u0131n\u0131n bulunmas\u0131 hayal g\u00fcc\u00fcn\u00fcn s\u0131n\u0131rlar\u0131n\u0131<span class=\"excerpt-hellip\"> [\u2026]<\/span><\/p>\n","protected":false},"featured_media":0,"template":"","meta":{"_monsterinsights_skip_tracking":false,"_monsterinsights_sitenote_active":false,"_monsterinsights_sitenote_note":"","_monsterinsights_sitenote_category":0},"product_brand":[],"product_cat":[13005,37328],"product_tag":[],"class_list":{"0":"post-729568","1":"product","2":"type-product","3":"status-publish","5":"product_cat-bilim-muhendislik","6":"product_cat-diger-bilim-muhendislik","7":"pa_cilt-ciltsiz","8":"pa_tur-kitap","9":"pa_yayinevi-is-bankasi-kultur-yayinlari","10":"pa_yazar-ioan-james","12":"first","13":"instock","14":"sale","15":"shipping-taxable","16":"purchasable","17":"product-type-simple"},"_links":{"self":[{"href":"https:\/\/roveyayinevi.com.tr\/index.php\/wp-json\/wp\/v2\/product\/729568","targetHints":{"allow":["GET"]}}],"collection":[{"href":"https:\/\/roveyayinevi.com.tr\/index.php\/wp-json\/wp\/v2\/product"}],"about":[{"href":"https:\/\/roveyayinevi.com.tr\/index.php\/wp-json\/wp\/v2\/types\/product"}],"wp:attachment":[{"href":"https:\/\/roveyayinevi.com.tr\/index.php\/wp-json\/wp\/v2\/media?parent=729568"}],"wp:term":[{"taxonomy":"product_brand","embeddable":true,"href":"https:\/\/roveyayinevi.com.tr\/index.php\/wp-json\/wp\/v2\/product_brand?post=729568"},{"taxonomy":"product_cat","embeddable":true,"href":"https:\/\/roveyayinevi.com.tr\/index.php\/wp-json\/wp\/v2\/product_cat?post=729568"},{"taxonomy":"product_tag","embeddable":true,"href":"https:\/\/roveyayinevi.com.tr\/index.php\/wp-json\/wp\/v2\/product_tag?post=729568"}],"curies":[{"name":"wp","href":"https:\/\/api.w.org\/{rel}","templated":true}]}}