{"id":729554,"date":"2025-08-27T20:57:42","date_gmt":"2025-08-27T17:57:42","guid":{"rendered":"https:\/\/roveyayinevi.com.tr\/index.php\/urun\/idari-yargi-temel-mevzuati\/"},"modified":"2026-04-16T02:37:12","modified_gmt":"2026-04-15T23:37:12","slug":"idari-yargi-temel-mevzuati","status":"publish","type":"product","link":"https:\/\/roveyayinevi.com.tr\/index.php\/urun\/idari-yargi-temel-mevzuati\/","title":{"rendered":"\u0130dari Yarg\u0131 Temel Mevzuat\u0131"},"content":{"rendered":"<p>\u0130\u00e7indekiler 1- T\u00fcrkiye Cumhuriyeti Anayasas\u0131 2- \u0130nsan Haklar\u0131 ve Temel \u00d6zg\u00fcrl\u00fcklerin Korunmas\u0131na \u0130li\u015fkin S\u00f6zle\u015fme 3-  \u0130nsan Haklar\u0131 Evrensel Beyannamesi 4-  Avrupa Konseyi Bakanlar Komitesi Hakimlerin Ba\u011f\u0131ms\u0131zl\u0131\u011f\u0131 Etkinli\u011fi ve Rol\u00fc Hakk\u0131nda \u00dcye Devletlere Y\u00f6nelik R(94) 12 Say\u0131l\u0131 TYavsiye Karar\u0131 5-  Avrupa Konseyi Bakanlar Komitesi \u0130dari Makamlar ile \u00d6zel Ki\u015filer Aras\u0131ndaki Dava Alternatifleri Konusunda Rec 82001) 9 Say\u0131l\u0131 Tavsiye Karar\u0131 6- Avrupa Konseyi Bakanlar Komitesi \u0130dare Hukuku Alan\u0131nda \u0130dari Kararlar ile Mahkeme Kararlar\u0131n\u0131n \u0130cras\u0131 Hakk\u0131nda Rec 82003) 16 Say\u0131l\u0131 Tavsiye Karar\u0131 7- Dan\u0131\u015ftay Kanunu 8- B\u00f6lge \u0130dare Mahkemeleri, \u0130dare Mahkemeleri ve Vergi Mahkemelerinin Kurulu\u015fu ve G\u00f6revleri Hakk\u0131nda Kanun 1-      \u0130dari Yarg\u0131lama Usul\u00fc Kanunu 2-\u0130YUK m.31 Yollamas\u0131yla \u0130dari yarg\u0131da Uygulanan Hukuk Muhakemeleri Kanunu\u2019nun \u0130lgili K\u0131s\u0131mlar\u0131 3-  Bilirki\u015filik Kanunu 4- Tebligat Kanunu 5-  Uyu\u015fmazl\u0131k Mahkemesinin Kurulu\u015f ve \u0130\u015fleyi\u015fi Hakk\u0131nda Kanun 6-  Tebligat Kanununun Uygulanmas\u0131na Dair Y\u00f6netmelik 7-   Memurlar ve Di\u011fer Kamu G\u00f6revlilerinin Yarg\u0131lanmas\u0131 Hakk\u0131nda Kanun 8-  Dan\u0131\u015ftay Ba\u015fkanl\u0131k Kurulu Karar\u0131 9-  Avrupa \u0130nsan Haklar\u0131 S\u00f6zle\u015fmesi 46. Madde Rehberi <\/p>\n","protected":false},"excerpt":{"rendered":"<p>\u0130\u00e7indekiler 1- T\u00fcrkiye Cumhuriyeti Anayasas\u0131 2- \u0130nsan Haklar\u0131 ve Temel \u00d6zg\u00fcrl\u00fcklerin Korunmas\u0131na \u0130li\u015fkin S\u00f6zle\u015fme 3- \u0130nsan Haklar\u0131 Evrensel Beyannamesi 4- Avrupa Konseyi Bakanlar Komitesi Hakimlerin Ba\u011f\u0131ms\u0131zl\u0131\u011f\u0131<span class=\"excerpt-hellip\"> [\u2026]<\/span><\/p>\n","protected":false},"featured_media":0,"template":"","meta":{"_monsterinsights_skip_tracking":false,"_monsterinsights_sitenote_active":false,"_monsterinsights_sitenote_note":"","_monsterinsights_sitenote_category":0},"product_brand":[],"product_cat":[15351,15350],"product_tag":[],"class_list":{"0":"post-729554","1":"product","2":"type-product","3":"status-publish","5":"product_cat-ders-kitaplari","6":"product_cat-hukuk","7":"pa_cilt-ciltsiz","8":"pa_tur-kitap","9":"pa_yayinevi-gazi-kitabevi","10":"pa_yazar-gazi-kitabevi-kolektif","12":"first","13":"instock","14":"sale","15":"shipping-taxable","16":"purchasable","17":"product-type-simple"},"_links":{"self":[{"href":"https:\/\/roveyayinevi.com.tr\/index.php\/wp-json\/wp\/v2\/product\/729554","targetHints":{"allow":["GET"]}}],"collection":[{"href":"https:\/\/roveyayinevi.com.tr\/index.php\/wp-json\/wp\/v2\/product"}],"about":[{"href":"https:\/\/roveyayinevi.com.tr\/index.php\/wp-json\/wp\/v2\/types\/product"}],"wp:attachment":[{"href":"https:\/\/roveyayinevi.com.tr\/index.php\/wp-json\/wp\/v2\/media?parent=729554"}],"wp:term":[{"taxonomy":"product_brand","embeddable":true,"href":"https:\/\/roveyayinevi.com.tr\/index.php\/wp-json\/wp\/v2\/product_brand?post=729554"},{"taxonomy":"product_cat","embeddable":true,"href":"https:\/\/roveyayinevi.com.tr\/index.php\/wp-json\/wp\/v2\/product_cat?post=729554"},{"taxonomy":"product_tag","embeddable":true,"href":"https:\/\/roveyayinevi.com.tr\/index.php\/wp-json\/wp\/v2\/product_tag?post=729554"}],"curies":[{"name":"wp","href":"https:\/\/api.w.org\/{rel}","templated":true}]}}