{"id":729545,"date":"2025-08-27T20:57:35","date_gmt":"2025-08-27T17:57:35","guid":{"rendered":"https:\/\/roveyayinevi.com.tr\/index.php\/urun\/kalbimin-dili\/"},"modified":"2026-04-16T02:37:12","modified_gmt":"2026-04-15T23:37:12","slug":"kalbimin-dili","status":"publish","type":"product","link":"https:\/\/roveyayinevi.com.tr\/index.php\/urun\/kalbimin-dili\/","title":{"rendered":"Kalbimin Dili"},"content":{"rendered":"<p>Kirlidir havalar\u0131 kirlidir bak sular\u0131 Kirlidir insanlar\u0131 kirli \u015fu \u015fehirlerin Huzura yol almaya ge\u00e7it vermez da\u011flar\u0131 \u00c7\u00fcr\u00fcm\u00fc\u015fl\u00fck kokuyor memba\u0131d\u0131r kirlerin Renksizdir \u00e7i\u00e7ekleri koklasan da koklanmaz Mevsimlik sevdalar\u0131 iki mevsimlik olmaz Dipsiz bir kuyudur bu doldursan da hi\u00e7 dolmaz Uzanmaz dost elleri bo\u015fta kal\u0131r ellerin   Yorgun arg\u0131n y\u00fcrekler uykusuzdur hep g\u00f6zler Verilmez selam bile samimiyetsiz s\u00f6zler \u015eu \u015fehir g\u00f6\u00e7ebesi nas\u0131lda k\u00f6y\u00fc \u00f6zler Eser yok hi\u00e7 manadan anlam\u0131 yok g\u00fcllerin <\/p>\n","protected":false},"excerpt":{"rendered":"<p>Kirlidir havalar\u0131 kirlidir bak sular\u0131 Kirlidir insanlar\u0131 kirli \u015fu \u015fehirlerin Huzura yol almaya ge\u00e7it vermez da\u011flar\u0131 \u00c7\u00fcr\u00fcm\u00fc\u015fl\u00fck kokuyor memba\u0131d\u0131r kirlerin Renksizdir \u00e7i\u00e7ekleri koklasan da koklanmaz Mevsimlik<span class=\"excerpt-hellip\"> [\u2026]<\/span><\/p>\n","protected":false},"featured_media":0,"template":"","meta":{"_monsterinsights_skip_tracking":false,"_monsterinsights_sitenote_active":false,"_monsterinsights_sitenote_note":"","_monsterinsights_sitenote_category":0},"product_brand":[],"product_cat":[12291,12509],"product_tag":[],"class_list":{"0":"post-729545","1":"product","2":"type-product","3":"status-publish","5":"product_cat-edebiyat","6":"product_cat-siir","7":"pa_cilt-ciltsiz","8":"pa_tur-kitap","9":"pa_yayinevi-gulnar-yayinlari","10":"pa_yazar-behcet-bilgic","12":"first","13":"instock","14":"sale","15":"shipping-taxable","16":"purchasable","17":"product-type-simple"},"_links":{"self":[{"href":"https:\/\/roveyayinevi.com.tr\/index.php\/wp-json\/wp\/v2\/product\/729545","targetHints":{"allow":["GET"]}}],"collection":[{"href":"https:\/\/roveyayinevi.com.tr\/index.php\/wp-json\/wp\/v2\/product"}],"about":[{"href":"https:\/\/roveyayinevi.com.tr\/index.php\/wp-json\/wp\/v2\/types\/product"}],"wp:attachment":[{"href":"https:\/\/roveyayinevi.com.tr\/index.php\/wp-json\/wp\/v2\/media?parent=729545"}],"wp:term":[{"taxonomy":"product_brand","embeddable":true,"href":"https:\/\/roveyayinevi.com.tr\/index.php\/wp-json\/wp\/v2\/product_brand?post=729545"},{"taxonomy":"product_cat","embeddable":true,"href":"https:\/\/roveyayinevi.com.tr\/index.php\/wp-json\/wp\/v2\/product_cat?post=729545"},{"taxonomy":"product_tag","embeddable":true,"href":"https:\/\/roveyayinevi.com.tr\/index.php\/wp-json\/wp\/v2\/product_tag?post=729545"}],"curies":[{"name":"wp","href":"https:\/\/api.w.org\/{rel}","templated":true}]}}