{"id":729542,"date":"2025-08-27T20:57:32","date_gmt":"2025-08-27T17:57:32","guid":{"rendered":"https:\/\/roveyayinevi.com.tr\/index.php\/urun\/sevgi-dunyasi\/"},"modified":"2026-04-16T02:37:12","modified_gmt":"2026-04-15T23:37:12","slug":"sevgi-dunyasi","status":"publish","type":"product","link":"https:\/\/roveyayinevi.com.tr\/index.php\/urun\/sevgi-dunyasi\/","title":{"rendered":"Sevgi D\u00fcnyas\u0131"},"content":{"rendered":"<p>Bir \u00e7ocuk kalbi vard\u0131r, tertemiz dupduru, Bir de \u00e7ocuk kalabilenlerin ayd\u0131nl\u0131k ruhu\u2026 Bilimsel ara\u015ft\u0131rmalar g\u00f6sterdi ki d\u00fczenli olarak kitap okumak; \u00c7ocuklar\u0131n anlama, yorumlama ve ifade etme yetene\u011finin artmas\u0131na, Haf\u0131zan\u0131n g\u00fc\u00e7lenmesine, S\u00f6z da\u011farc\u0131\u011f\u0131 ve dil yetene\u011finin geli\u015fmesine, Okul ba\u015far\u0131s\u0131n\u0131n \u00f6nemli \u00f6l\u00e7\u00fcde artmas\u0131na, Stres, can s\u0131k\u0131nt\u0131s\u0131, depresyon gibi rahats\u0131zl\u0131klar\u0131n \u00f6nlenmesine ve azalmas\u0131na, K\u00fc\u00e7\u00fck ya\u015flardan itibaren kitap okuyanlar\u0131n meslek hayat\u0131nda okumayanlara g\u00f6re \u00e7ok daha ba\u015far\u0131l\u0131 olmas\u0131na, Daha bilin\u00e7li, donan\u0131ml\u0131, sa\u011fl\u0131kl\u0131 ve huzurlu nesillerin yeti\u015fmesine sebep oldu\u011funu g\u00f6stermektedir. S\u00f6z\u00fcn \u00f6z\u00fc: FAYDALI K\u0130TAP EN \u0130Y\u0130 ARKADA\u015eTIR. Bu kitapta; 10 ya\u015f\u0131ndan 100 ya\u015f\u0131na kadar herkesin \u0130LG\u0130S\u0130N\u0130 \u00c7EKEB\u0130LECEK \u015fiirler, yetenek geli\u015ftirici etkinlikler ve se\u00e7meli testler yer al\u0131yor. <\/p>\n","protected":false},"excerpt":{"rendered":"<p>Bir \u00e7ocuk kalbi vard\u0131r, tertemiz dupduru, Bir de \u00e7ocuk kalabilenlerin ayd\u0131nl\u0131k ruhu\u2026 Bilimsel ara\u015ft\u0131rmalar g\u00f6sterdi ki d\u00fczenli olarak kitap okumak; \u00c7ocuklar\u0131n anlama, yorumlama ve ifade etme<span class=\"excerpt-hellip\"> [\u2026]<\/span><\/p>\n","protected":false},"featured_media":0,"template":"","meta":{"_monsterinsights_skip_tracking":false,"_monsterinsights_sitenote_active":false,"_monsterinsights_sitenote_note":"","_monsterinsights_sitenote_category":0},"product_brand":[],"product_cat":[12275,12274],"product_tag":[],"class_list":{"0":"post-729542","1":"product","2":"type-product","3":"status-publish","5":"product_cat-6-12-yas-kitaplari","6":"product_cat-cocuk-ve-genclik-kitaplari","7":"pa_cilt-ciltsiz","8":"pa_tur-kitap","9":"pa_yayinevi-gulnar-yayinlari","10":"pa_yazar-abdurrahman-neseli","12":"first","13":"instock","14":"sale","15":"shipping-taxable","16":"purchasable","17":"product-type-simple"},"_links":{"self":[{"href":"https:\/\/roveyayinevi.com.tr\/index.php\/wp-json\/wp\/v2\/product\/729542","targetHints":{"allow":["GET"]}}],"collection":[{"href":"https:\/\/roveyayinevi.com.tr\/index.php\/wp-json\/wp\/v2\/product"}],"about":[{"href":"https:\/\/roveyayinevi.com.tr\/index.php\/wp-json\/wp\/v2\/types\/product"}],"wp:attachment":[{"href":"https:\/\/roveyayinevi.com.tr\/index.php\/wp-json\/wp\/v2\/media?parent=729542"}],"wp:term":[{"taxonomy":"product_brand","embeddable":true,"href":"https:\/\/roveyayinevi.com.tr\/index.php\/wp-json\/wp\/v2\/product_brand?post=729542"},{"taxonomy":"product_cat","embeddable":true,"href":"https:\/\/roveyayinevi.com.tr\/index.php\/wp-json\/wp\/v2\/product_cat?post=729542"},{"taxonomy":"product_tag","embeddable":true,"href":"https:\/\/roveyayinevi.com.tr\/index.php\/wp-json\/wp\/v2\/product_tag?post=729542"}],"curies":[{"name":"wp","href":"https:\/\/api.w.org\/{rel}","templated":true}]}}