{"id":729541,"date":"2025-08-27T20:57:31","date_gmt":"2025-08-27T17:57:31","guid":{"rendered":"https:\/\/roveyayinevi.com.tr\/index.php\/urun\/eski-turk-edebiyati-3\/"},"modified":"2026-04-16T02:37:12","modified_gmt":"2026-04-15T23:37:12","slug":"eski-turk-edebiyati-3","status":"publish","type":"product","link":"https:\/\/roveyayinevi.com.tr\/index.php\/urun\/eski-turk-edebiyati-3\/","title":{"rendered":"Eski T\u00fcrk Edebiyat\u0131"},"content":{"rendered":"<p>Elinizdeki kitap, E\u011fitim Fak\u00fcltelerinin T\u00fcrk\u00e7e \u00d6\u011fretmenli\u011fi, S\u0131n\u0131f \u00d6\u011fretmenli\u011fi ve T\u00fcrk Dili ve Edebiyat\u0131 \u00d6\u011fretmenli\u011fi b\u00f6l\u00fcmlerindeki Eski T\u00fcrk Edebiyat\u0131 derslerinin m\u00fcfredatlar\u0131 g\u00f6z \u00f6n\u00fcnde bulundurularak haz\u0131rlanm\u0131\u015ft\u0131r. Kitab\u0131n ad\u0131ndaki Eski T\u00fcrk Edebiyat\u0131 terimi, Divan edebiyat\u0131, \u0130sl\u00e2m\u00ee T\u00fcrk edebiyat\u0131 gibi terimlerin yerine de kullan\u0131lmakla birlikte, m\u00fcfredata uygun olarak daha geni\u015f bir \u00e7er\u00e7evede, bilinen ilk s\u00f6zl\u00fc \u00f6rneklerden, Yeni T\u00fcrk edebiyat\u0131n\u0131n ba\u015flad\u0131\u011f\u0131 Tanzimat\u2019a kadar s\u00fcren \u00e7ok uzun bir edeb\u00ee s\u00fcreci ifade etmektedir. Bu sebeple, elinizdeki kitapta, ilk s\u00f6zl\u00fc edeb\u00ee \u00f6rnekler olan sav, ko\u015fuk, sagu ve destanlar ile ilk yaz\u0131l\u0131 edeb\u00ee \u00f6rnekler olan G\u00f6kt\u00fcrk Kitabeleri\u2019nden ba\u015flayarak \u0130sl\u00e2miyet&#8217;in kabul\u00fcnden Tanzimat\u2019a kadar s\u00fcren uzun bir d\u00f6nemde ortaya \u00e7\u0131kan edebiyat\u0131n temsilcileri ve eserleri ele al\u0131nm\u0131\u015ft\u0131r. Bunlar aras\u0131nda Halk edebiyat\u0131, Divan edebiyat\u0131 ve Tasavvuf edebiyat\u0131 mensuplar\u0131 bulunmaktad\u0131r. Bu yenilenmi\u015f bask\u0131n\u0131n \u00f6\u011frencilerimize yararl\u0131 olmas\u0131 dile\u011fiyle&#8230;<\/p>\n","protected":false},"excerpt":{"rendered":"<p>Elinizdeki kitap, E\u011fitim Fak\u00fcltelerinin T\u00fcrk\u00e7e \u00d6\u011fretmenli\u011fi, S\u0131n\u0131f \u00d6\u011fretmenli\u011fi ve T\u00fcrk Dili ve Edebiyat\u0131 \u00d6\u011fretmenli\u011fi b\u00f6l\u00fcmlerindeki Eski T\u00fcrk Edebiyat\u0131 derslerinin m\u00fcfredatlar\u0131 g\u00f6z \u00f6n\u00fcnde bulundurularak haz\u0131rlanm\u0131\u015ft\u0131r. Kitab\u0131n ad\u0131ndaki<span class=\"excerpt-hellip\"> [\u2026]<\/span><\/p>\n","protected":false},"featured_media":0,"template":"","meta":{"_monsterinsights_skip_tracking":false,"_monsterinsights_sitenote_active":false,"_monsterinsights_sitenote_note":"","_monsterinsights_sitenote_category":0},"product_brand":[],"product_cat":[13072,12291],"product_tag":[],"class_list":{"0":"post-729541","1":"product","2":"type-product","3":"status-publish","5":"product_cat-arastirma-inceleme-referans","6":"product_cat-edebiyat","7":"pa_cilt-ciltsiz","8":"pa_tur-kitap","9":"pa_yayinevi-bilge-kultur-sanat","10":"pa_yazar-cemal-kurnaz","12":"first","13":"instock","14":"sale","15":"shipping-taxable","16":"purchasable","17":"product-type-simple"},"_links":{"self":[{"href":"https:\/\/roveyayinevi.com.tr\/index.php\/wp-json\/wp\/v2\/product\/729541","targetHints":{"allow":["GET"]}}],"collection":[{"href":"https:\/\/roveyayinevi.com.tr\/index.php\/wp-json\/wp\/v2\/product"}],"about":[{"href":"https:\/\/roveyayinevi.com.tr\/index.php\/wp-json\/wp\/v2\/types\/product"}],"wp:attachment":[{"href":"https:\/\/roveyayinevi.com.tr\/index.php\/wp-json\/wp\/v2\/media?parent=729541"}],"wp:term":[{"taxonomy":"product_brand","embeddable":true,"href":"https:\/\/roveyayinevi.com.tr\/index.php\/wp-json\/wp\/v2\/product_brand?post=729541"},{"taxonomy":"product_cat","embeddable":true,"href":"https:\/\/roveyayinevi.com.tr\/index.php\/wp-json\/wp\/v2\/product_cat?post=729541"},{"taxonomy":"product_tag","embeddable":true,"href":"https:\/\/roveyayinevi.com.tr\/index.php\/wp-json\/wp\/v2\/product_tag?post=729541"}],"curies":[{"name":"wp","href":"https:\/\/api.w.org\/{rel}","templated":true}]}}