{"id":729530,"date":"2025-08-27T20:57:22","date_gmt":"2025-08-27T17:57:22","guid":{"rendered":"https:\/\/roveyayinevi.com.tr\/index.php\/urun\/pirinc-kenti\/"},"modified":"2026-04-16T02:37:12","modified_gmt":"2026-04-15T23:37:12","slug":"pirinc-kenti","status":"publish","type":"product","link":"https:\/\/roveyayinevi.com.tr\/index.php\/urun\/pirinc-kenti\/","title":{"rendered":"Pirin\u00e7 Kenti"},"content":{"rendered":"<p>Nehri, b\u00fcy\u00fcye asla inanmazd\u0131. \u015e\u00fcphesiz g\u00fc\u00e7l\u00fcyd\u00fc; on sekizinci y\u00fczy\u0131l Kahire\u2019sinin en yetenekli doland\u0131r\u0131c\u0131lar\u0131ndand\u0131. Sundu\u011fu hizmetlerin -el fallar\u0131n\u0131n, cin \u00e7\u0131karma ayinlerinin ve \u015fifal\u0131 muskalar\u0131n- numara oldu\u011funu herkesten iyi biliyordu, yine de gerek hayatta kalmak gerek Osmanl\u0131 se\u00e7kinlerini doland\u0131rmak i\u00e7in harika bir yoldu bu. Ancak Nehri kendisi kadar kurnaz ve karanl\u0131k denebilecek kadar gizemli Dara\u2019y\u0131 kazayla ba\u015fka bir d\u00fcnyadan \u00e7a\u011f\u0131rd\u0131\u011f\u0131nda inan\u00e7lar\u0131n\u0131 g\u00f6zden ge\u00e7irmek zorunda kald\u0131. Dara ona inan\u0131lmaz bir hik\u00e2ye anlatt\u0131: S\u0131cak, r\u00fczg\u00e2rl\u0131 kumlar\u0131n ate\u015f yarat\u0131klar\u0131yla dolup ta\u015ft\u0131\u011f\u0131, nehirlerde efsanevi maridlerin uyudu\u011fu; bir zamanlar\u0131n muhte\u015fem insan \u015fehirlerinin kal\u0131nt\u0131lar\u0131n\u0131n ve \u00fcst\u00fcnde devasa avc\u0131 ku\u015flar\u0131n daireler \u00e7izdi\u011fi da\u011flar\u0131n \u00f6tesinde efsanevi pirin\u00e7 kenti Divyurdu uzan\u0131yordu. Nehri\u2019nin mutlak ba\u011fl\u0131 oldu\u011fu \u015fehir. Divyurdu\u2019nda, b\u00fcy\u00fclerle ba\u011flanm\u0131\u015f yald\u0131zl\u0131 pirin\u00e7 duvarlar\u0131n i\u00e7inde ve alt\u0131 cin kabilesinin alt\u0131 kap\u0131s\u0131n\u0131n arkas\u0131nda, eski husumetler derinlere iniyordu. Nehri bu d\u00fcnyaya ad\u0131m atmaya karar verdi\u011finde ise pamuk ipli\u011fine ba\u011fl\u0131 bar\u0131\u015f bozuldu. Dara\u2019n\u0131n t\u00fcm uyar\u0131lar\u0131na ra\u011fmen Nehri, babas\u0131n\u0131n yozla\u015fm\u0131\u015f y\u00f6netimini de\u011fi\u015ftirmeyi hayal eden idealist prens Alizeyd ile teredd\u00fctl\u00fc bir dostluk kurdu. Nehri \u00e7ok ge\u00e7meden hi\u00e7bir b\u00fcy\u00fcn\u00fcn onu karma\u015f\u0131k taht oyunlar\u0131n\u0131n tehlikelerinden koruyamayaca\u011f\u0131n\u0131, en ak\u0131ll\u0131ca planlar\u0131n bile \u00f6l\u00fcmc\u00fcl sonu\u00e7lar\u0131 olabilece\u011fini anlayacakt\u0131&#8230; ve \u201cne diledi\u011fine dikkat et\u201d demelerinin bir sebebi oldu\u011funu \u00f6\u011frenecekti.  \u201cSadece birka\u00e7 sayfas\u0131 bile b\u00fcy\u00fcs\u00fcyle sizi a\u011f\u0131na d\u00fc\u015f\u00fcrecek.\u201d Robin Hobb, Farseer Serisinin Yazar\u0131   \u201cPirin\u00e7 Kenti, Ba\u011fdat\u2019tan Fairbanks\u2019e t\u00fcm okurlar\u0131 inan\u0131lmayacak kadar farkl\u0131 d\u00fcnyalarla ortak dil ve ola\u011fan\u00fcst\u00fc imgeler vas\u0131tas\u0131yla bulu\u015fturuyor.\u201d New York Times Book Review   \u201cChakraborty canl\u0131 anlat\u0131m\u0131yla kurguya pek \u00e7ok s\u00fcrpriz kat\u0131yor ve aksiyonu alayc\u0131 bir mizah anlay\u0131\u015f\u0131yla ele al\u0131yor. Bu kitapta potansiyel bir seri olu\u015fturmak i\u00e7in gereken her \u015fey var: Kavgac\u0131, ba\u011f\u0131ms\u0131z ana karakter, ki Star Wars\u2019taki Rey\u2019i an\u0131msat\u0131yor, ve zengin bir hayal g\u00fcc\u00fcn\u00fcn eseri, alternatif bir d\u00fcnya.\u201d Publishers Weekly   \u201cBu fantastik roman\u0131n\u0131n ne kadar muhte\u015fem ve \u00e7ok katmanl\u0131 oldu\u011funu tarif etmek zor.\u201d Syfy Wire   \u201c\u015eiirsel&#8230; Chakraborty\u2019nin Ortado\u011fu tarihini, folklorunu ve k\u00fclt\u00fcr\u00fcn\u00fc ele alma bi\u00e7imi h\u0131zla ilerleyen olay \u00f6rg\u00fcs\u00fcne, incelikle \u00e7izilmi\u015f karakterlere ve harika \u015fekilde in\u015fa edilmi\u015f b\u00fcy\u00fcleyici bir d\u00fcnyaya ilham kayna\u011f\u0131 oluyor.\u201d Library Journal   \u201cPirin\u00e7 Kenti, (Patrick Rothfuss\u2019un) R\u00fczgar\u0131n Ad\u0131\u2019ndan beri okudu\u011fum en iyi fantastik roman. \u00c7arp\u0131c\u0131 ve karma\u015f\u0131k, g\u00fc\u00e7l\u00fc ve inan\u0131lmaz. Kesinlikle okumal\u0131s\u0131n\u0131z.\u201d Sabaa Tahir, K\u00fcller ve Kor\u2019un Yazar\u0131   \u201cPirin\u00e7 Kenti\u2019ni h\u0131zla bitirdim, sonras\u0131nda ne olaca\u011f\u0131n\u0131 okumak i\u00e7in sab\u0131rs\u0131zlan\u0131yorum.\u201d Peter V. Brett, \u0130blis D\u00f6ng\u00fcs\u00fc Serisinin Yazar\u0131   \u201cH\u0131zl\u0131 temposu, g\u00fc\u00e7l\u00fc karakterleri ve insan\u0131 i\u00e7ine alan d\u00fcnyas\u0131yla S. A. Chakraborty\u2019nin bu \u00e7\u0131k\u0131\u015f roman\u0131 okuru daha fazlas\u0131n\u0131 ister halde b\u0131rakacak. Cinlerle dolu harikulade bir u\u00e7an hal\u0131 maceras\u0131.\u201d Michael J. Sullivan, Destanlar \u00c7a\u011f\u0131\u2019n\u0131n Yazar\u0131   \u201cGer\u00e7ek bir okuma \u015f\u00f6leni: Esprili ve kanl\u0131, ba\u015f d\u00f6nd\u00fcr\u00fcc\u00fc bi\u00e7imde b\u00fcy\u00fcl\u00fc ve yine de ger\u00e7ek\u00e7i.\u201d Laini Taylor, Duman ve Kemi\u011fin K\u0131z\u0131 Serisinin Yazar\u0131   \u201cZengin bir ba\u015fyap\u0131t. Chakraborty\u2019nin \u00e7\u0131k\u0131\u015f roman\u0131 arzuyla dolu ve entrikayla kapl\u0131; di\u015flerinizi ge\u00e7irmek isteyece\u011finiz kadar leziz bir d\u00fcnyaya ve b\u00fcy\u00fcleyici karakterlere sahip. Mutlaka okunmal\u0131.\u201d Roshani Chokshi, Y\u0131ld\u0131zlara Sar\u0131l\u0131 Krali\u00e7e\u2019nin Yazar\u0131 <\/p>\n","protected":false},"excerpt":{"rendered":"<p>Nehri, b\u00fcy\u00fcye asla inanmazd\u0131. \u015e\u00fcphesiz g\u00fc\u00e7l\u00fcyd\u00fc; on sekizinci y\u00fczy\u0131l Kahire\u2019sinin en yetenekli doland\u0131r\u0131c\u0131lar\u0131ndand\u0131. Sundu\u011fu hizmetlerin -el fallar\u0131n\u0131n, cin \u00e7\u0131karma ayinlerinin ve \u015fifal\u0131 muskalar\u0131n- numara oldu\u011funu herkesten<span class=\"excerpt-hellip\"> [\u2026]<\/span><\/p>\n","protected":false},"featured_media":0,"template":"","meta":{"_monsterinsights_skip_tracking":false,"_monsterinsights_sitenote_active":false,"_monsterinsights_sitenote_note":"","_monsterinsights_sitenote_category":0},"product_brand":[],"product_cat":[12291,50487],"product_tag":[],"class_list":{"0":"post-729530","1":"product","2":"type-product","3":"status-publish","5":"product_cat-edebiyat","6":"product_cat-kurgu","7":"pa_cilt-ciltsiz","8":"pa_tur-kitap","9":"pa_yayinevi-epsilon-yayinlari","10":"pa_yazar-s-a-chakraborty","12":"first","13":"instock","14":"sale","15":"shipping-taxable","16":"purchasable","17":"product-type-simple"},"_links":{"self":[{"href":"https:\/\/roveyayinevi.com.tr\/index.php\/wp-json\/wp\/v2\/product\/729530","targetHints":{"allow":["GET"]}}],"collection":[{"href":"https:\/\/roveyayinevi.com.tr\/index.php\/wp-json\/wp\/v2\/product"}],"about":[{"href":"https:\/\/roveyayinevi.com.tr\/index.php\/wp-json\/wp\/v2\/types\/product"}],"wp:attachment":[{"href":"https:\/\/roveyayinevi.com.tr\/index.php\/wp-json\/wp\/v2\/media?parent=729530"}],"wp:term":[{"taxonomy":"product_brand","embeddable":true,"href":"https:\/\/roveyayinevi.com.tr\/index.php\/wp-json\/wp\/v2\/product_brand?post=729530"},{"taxonomy":"product_cat","embeddable":true,"href":"https:\/\/roveyayinevi.com.tr\/index.php\/wp-json\/wp\/v2\/product_cat?post=729530"},{"taxonomy":"product_tag","embeddable":true,"href":"https:\/\/roveyayinevi.com.tr\/index.php\/wp-json\/wp\/v2\/product_tag?post=729530"}],"curies":[{"name":"wp","href":"https:\/\/api.w.org\/{rel}","templated":true}]}}