{"id":729510,"date":"2025-08-27T20:57:06","date_gmt":"2025-08-27T17:57:06","guid":{"rendered":"https:\/\/roveyayinevi.com.tr\/index.php\/urun\/osmanli-imparatorlugunda-aydin-ve-burokrat-tarihci-mustafa-ali\/"},"modified":"2026-04-16T02:37:11","modified_gmt":"2026-04-15T23:37:11","slug":"osmanli-imparatorlugunda-aydin-ve-burokrat-tarihci-mustafa-ali","status":"publish","type":"product","link":"https:\/\/roveyayinevi.com.tr\/index.php\/urun\/osmanli-imparatorlugunda-aydin-ve-burokrat-tarihci-mustafa-ali\/","title":{"rendered":"Osmanl\u0131 \u0130mparatorlu\u011fu\u2019nda Ayd\u0131n Ve B\u00fcrokrat Tarih\u00e7i Mustafa Ali"},"content":{"rendered":"<p>Osmanl\u0131 \u0130mparatorlu\u011fu\u2019nun alt\u0131n \u00e7a\u011f\u0131n\u0131 incelemek ve o d\u00f6nemin siyasi ve k\u00fclt\u00fcrel yap\u0131s\u0131n\u0131, \u00e2limlerin, \u015fairlerin ve memurlar\u0131n yeti\u015fme ko\u015fullar\u0131n\u0131, devlette y\u00fcksek b\u00fcrokrasinin i\u015fleyi\u015fini, atamalar\u0131n, terfilerin, kadrola\u015fmalar\u0131n nas\u0131l \u015fekillendi\u011fini bir portre \u00fczerinden ara\u015ft\u0131rmak gerekseydi, herhalde Gelibolulu Mustafa \u00c2li\u2019den daha iyi bir \u00f6rnek se\u00e7ilemezdi. Ger\u00e7ekten de Mustafa \u00c2li\u2019nin geni\u015f tecr\u00fcbesi, ya\u015fad\u0131klar\u0131 ve tan\u0131kl\u0131klar\u0131, ayn\u0131 zamanda 16. y\u00fczy\u0131l\u0131n tart\u0131\u015fmas\u0131z en iyi tarih eseri \u201cK\u00fcnh\u00fc\u2019l-Ahbar\u201d\u0131 ve di\u011fer eserleri d\u00f6nemin ruhunu, T\u00fcrk devlet yap\u0131s\u0131n\u0131, b\u00fcrokratik gelene\u011fini anlamak i\u00e7in e\u015fsiz birer kaynakt\u0131r.   \u015eehzade Selim\u2019in k\u00e2tibi olarak ba\u015flayan kariyeri, uzmanla\u015fma ve profesyonelle\u015fme d\u00fczeyi y\u00fcksek maliye b\u00fcrokrasisinin se\u00e7kin bir \u00fcyesi olarak imparatorlu\u011fun \u00f6nemli \u015fehirlerinde devam etti. Halep, \u015eam, Bosna, \u00dcsk\u00fcp, Tiflis, Erzurum, Kahire, Cidde vb. gibi merkezlerde devlet hizmetinde bulunurken neredeyse dola\u015fmad\u0131\u011f\u0131 Osmanl\u0131 \u015fehri kalmam\u0131\u015ft\u0131r, ki bu bir memurun nas\u0131l bir imparatorluk co\u011frafyas\u0131 ve vizyonu i\u00e7inde oldu\u011funu da g\u00f6stermektedir. Bu \u015fehirlerin mali defterlerini tutarken, ayn\u0131 zamanda toplumun, siyasetin ve tarihin de kayd\u0131n\u0131 tuttu. Bak\u00ee, Hay\u00e2l\u00ee gibi okul arkada\u015flar\u0131 ve d\u00f6neminin di\u011fer \u00f6nemli \u015fairleri, edipleriyle hep i\u00e7 i\u00e7eydi; Osmanl\u0131 siyasi ve ahl\u00e2k literat\u00fcr\u00fcn\u00fcn ba\u015fyap\u0131t\u0131 Ahl\u00e2k-\u0131 Al\u00e2i yaz\u0131l\u0131rken K\u0131nal\u0131z\u00e2de\u2019nin yan\u0131ba\u015f\u0131nda olan, gerekti\u011finde d\u00fczeltmelerini yapan ve ondan pek \u00e7ok \u015fey \u00f6\u011frenen gene \u00c2li\u2019den ba\u015fkas\u0131 de\u011fildi. Nef\u2019\u00ee\u2019yi yeti\u015ftiren ve ona mahlas\u0131n\u0131 veren de kendisiydi.   Osmanl\u0131 b\u00fcrokratlar\u0131n\u0131n pek \u00e7o\u011fu ya\u015famlar\u0131na \u00f6nde gelen siyasi ki\u015filiklerin hizmetinde ba\u015flam\u0131\u015flard\u0131. \u00c2li de \u00f6yleydi. Ona g\u00f6re T\u00fcrk devlet yap\u0131s\u0131nda ve b\u00fcrokrasisinde en temel sorun adalet temelinde liy\u00e2kat\u0131 \u00f6d\u00fcllendiren toplum anlay\u0131\u015f\u0131n\u0131n \u00e7arp\u0131t\u0131lmas\u0131 ve akamete u\u011frat\u0131lmas\u0131 olmu\u015ftur. Siyasi ki\u015filiklerin b\u00fcy\u00fck m\u00fccadeleleri, liyakat, atamalar, kadrola\u015fma, ittifaklar, hiziple\u015fme ve partizanl\u0131k\u2026 T\u00fcrk siyasi ya\u015fam\u0131n\u0131n o g\u00fcn oldu\u011fu gibi bug\u00fcn de g\u00fcndemden hi\u00e7 d\u00fc\u015fmeyen konular\u0131.   Cornell H. Fleischer bu \u00e7al\u0131\u015fmas\u0131 ile \u201cOsmanl\u0131 iskeletini eksikli\u011fi olduk\u00e7a hissedilen ete b\u00fcr\u00fcnd\u00fcrme, yaln\u0131zca kemikleri de\u011fil, organlar\u0131, damarlar\u0131, duygular\u0131, ritimleri de belirleme, bug\u00fcn ancak cans\u0131z kal\u0131nt\u0131lar\u0131 bulunan organik ger\u00e7ekli\u011fi yeniden yap\u0131land\u0131rma giri\u015fimine\u201d soyunup, \u00e7ok ciddi bir ar\u015fiv \u00e7al\u0131\u015fmas\u0131yla birlikte d\u00f6nemin \u00e7ok canl\u0131, \u00e2deta roman tad\u0131nda okunacak bir tasvirini e\u015fsiz bir b\u00fcrokrat ve entelekt\u00fcel \u00fczerinden ger\u00e7ekle\u015ftirmi\u015f ve bu m\u00e2n\u00e2da ortaya ger\u00e7ek bir \u015faheser \u00e7\u0131km\u0131\u015ft\u0131r. <\/p>\n","protected":false},"excerpt":{"rendered":"<p>Osmanl\u0131 \u0130mparatorlu\u011fu\u2019nun alt\u0131n \u00e7a\u011f\u0131n\u0131 incelemek ve o d\u00f6nemin siyasi ve k\u00fclt\u00fcrel yap\u0131s\u0131n\u0131, \u00e2limlerin, \u015fairlerin ve memurlar\u0131n yeti\u015fme ko\u015fullar\u0131n\u0131, devlette y\u00fcksek b\u00fcrokrasinin i\u015fleyi\u015fini, atamalar\u0131n, terfilerin, kadrola\u015fmalar\u0131n nas\u0131l<span class=\"excerpt-hellip\"> [\u2026]<\/span><\/p>\n","protected":false},"featured_media":0,"template":"","meta":{"_monsterinsights_skip_tracking":false,"_monsterinsights_sitenote_active":false,"_monsterinsights_sitenote_note":"","_monsterinsights_sitenote_category":0},"product_brand":[],"product_cat":[13517,12304],"product_tag":[],"class_list":{"0":"post-729510","1":"product","2":"type-product","3":"status-publish","5":"product_cat-osmanli-tarihi","6":"product_cat-tarih","7":"pa_cilt-ciltsiz","8":"pa_tur-kitap","9":"pa_yayinevi-dogu-bati-yayinlari","10":"pa_yazar-cornell-h-fleischer","12":"first","13":"instock","14":"sale","15":"shipping-taxable","16":"purchasable","17":"product-type-simple"},"_links":{"self":[{"href":"https:\/\/roveyayinevi.com.tr\/index.php\/wp-json\/wp\/v2\/product\/729510","targetHints":{"allow":["GET"]}}],"collection":[{"href":"https:\/\/roveyayinevi.com.tr\/index.php\/wp-json\/wp\/v2\/product"}],"about":[{"href":"https:\/\/roveyayinevi.com.tr\/index.php\/wp-json\/wp\/v2\/types\/product"}],"wp:attachment":[{"href":"https:\/\/roveyayinevi.com.tr\/index.php\/wp-json\/wp\/v2\/media?parent=729510"}],"wp:term":[{"taxonomy":"product_brand","embeddable":true,"href":"https:\/\/roveyayinevi.com.tr\/index.php\/wp-json\/wp\/v2\/product_brand?post=729510"},{"taxonomy":"product_cat","embeddable":true,"href":"https:\/\/roveyayinevi.com.tr\/index.php\/wp-json\/wp\/v2\/product_cat?post=729510"},{"taxonomy":"product_tag","embeddable":true,"href":"https:\/\/roveyayinevi.com.tr\/index.php\/wp-json\/wp\/v2\/product_tag?post=729510"}],"curies":[{"name":"wp","href":"https:\/\/api.w.org\/{rel}","templated":true}]}}