{"id":729507,"date":"2025-08-27T20:57:04","date_gmt":"2025-08-27T17:57:04","guid":{"rendered":"https:\/\/roveyayinevi.com.tr\/index.php\/urun\/gunumuz-ve-gelecegin-girisimcilik-turleri\/"},"modified":"2026-04-16T02:37:11","modified_gmt":"2026-04-15T23:37:11","slug":"gunumuz-ve-gelecegin-girisimcilik-turleri","status":"publish","type":"product","link":"https:\/\/roveyayinevi.com.tr\/index.php\/urun\/gunumuz-ve-gelecegin-girisimcilik-turleri\/","title":{"rendered":"G\u00fcn\u00fcm\u00fcz ve Gelece\u011fin Giri\u015fimcilik T\u00fcrleri"},"content":{"rendered":"<p>\u0130\u00e7indekiler 1-Sosyal Giri\u015fimcilik 2- \u0130\u00e7 Giri\u015fimcilik 3- Sosyal Medya Giri\u015fimcili\u011fi 4- Akademik Giri\u015fimcilik 5-Dijital Giri\u015fimcilik 6-Diaspora Giri\u015fimcilik 7-Sanal Giri\u015fimcilik 8- Kad\u0131n Giri\u015fimcili\u011fi 9- Kurumsal Giri\u015fimcilik 10-Yarat\u0131c\u0131 Giri\u015fimcilik 11-G\u00f6\u00e7men Giri\u015fimcili\u011fi 12-Eko Giri\u015fimcilik 13-Stratejik Giri\u015fimcilik 14-Tekno Giri\u015fimcilik 15-Kamu Giri\u015fimcili\u011fi 16- F\u0131rsat Giri\u015fimcili\u011fi <\/p>\n","protected":false},"excerpt":{"rendered":"<p>\u0130\u00e7indekiler 1-Sosyal Giri\u015fimcilik 2- \u0130\u00e7 Giri\u015fimcilik 3- Sosyal Medya Giri\u015fimcili\u011fi 4- Akademik Giri\u015fimcilik 5-Dijital Giri\u015fimcilik 6-Diaspora Giri\u015fimcilik 7-Sanal Giri\u015fimcilik 8- Kad\u0131n Giri\u015fimcili\u011fi 9- Kurumsal Giri\u015fimcilik 10-Yarat\u0131c\u0131<span class=\"excerpt-hellip\"> [\u2026]<\/span><\/p>\n","protected":false},"featured_media":0,"template":"","meta":{"_monsterinsights_skip_tracking":false,"_monsterinsights_sitenote_active":false,"_monsterinsights_sitenote_note":"","_monsterinsights_sitenote_category":0},"product_brand":[],"product_cat":[13005,40995],"product_tag":[],"class_list":{"0":"post-729507","1":"product","2":"type-product","3":"status-publish","5":"product_cat-bilim-muhendislik","6":"product_cat-sosyal-bilimler","7":"pa_cilt-ciltsiz","8":"pa_tur-kitap","9":"pa_yayinevi-gazi-kitabevi","10":"pa_yazar-metin-isik-ferhat-ugurlu","12":"first","13":"instock","14":"sale","15":"shipping-taxable","16":"purchasable","17":"product-type-simple"},"_links":{"self":[{"href":"https:\/\/roveyayinevi.com.tr\/index.php\/wp-json\/wp\/v2\/product\/729507","targetHints":{"allow":["GET"]}}],"collection":[{"href":"https:\/\/roveyayinevi.com.tr\/index.php\/wp-json\/wp\/v2\/product"}],"about":[{"href":"https:\/\/roveyayinevi.com.tr\/index.php\/wp-json\/wp\/v2\/types\/product"}],"wp:attachment":[{"href":"https:\/\/roveyayinevi.com.tr\/index.php\/wp-json\/wp\/v2\/media?parent=729507"}],"wp:term":[{"taxonomy":"product_brand","embeddable":true,"href":"https:\/\/roveyayinevi.com.tr\/index.php\/wp-json\/wp\/v2\/product_brand?post=729507"},{"taxonomy":"product_cat","embeddable":true,"href":"https:\/\/roveyayinevi.com.tr\/index.php\/wp-json\/wp\/v2\/product_cat?post=729507"},{"taxonomy":"product_tag","embeddable":true,"href":"https:\/\/roveyayinevi.com.tr\/index.php\/wp-json\/wp\/v2\/product_tag?post=729507"}],"curies":[{"name":"wp","href":"https:\/\/api.w.org\/{rel}","templated":true}]}}