{"id":729505,"date":"2025-08-27T20:57:03","date_gmt":"2025-08-27T17:57:03","guid":{"rendered":"https:\/\/roveyayinevi.com.tr\/index.php\/urun\/sermayenin-korunmasi-piyasa-ornekleri\/"},"modified":"2026-04-16T02:37:11","modified_gmt":"2026-04-15T23:37:11","slug":"sermayenin-korunmasi-piyasa-ornekleri","status":"publish","type":"product","link":"https:\/\/roveyayinevi.com.tr\/index.php\/urun\/sermayenin-korunmasi-piyasa-ornekleri\/","title":{"rendered":"Sermayenin Korunmas\u0131 (Piyasa \u00d6rnekleri)"},"content":{"rendered":"<p>1-      Uluslararas\u0131 Finansal Raporlama Standartlar\u0131 ve \u015eirketlerin Sermaye Yap\u0131lar\u0131n\u0131n Analizi 2-      De\u011ferleme Kavram\u0131 ve \u015eirket De\u011ferleme Y\u00f6ntemleri 3-      De\u011fere Dayal\u0131 Performans \u00d6l\u00e7\u00fctleri Kapsam\u0131nda Reel Ticari Kar-Zarar Tutarlar\u0131n\u0131n Tespiti ve Muhasebele\u015ftirilmesi 4-      Piyasa Uygulama <\/p>\n","protected":false},"excerpt":{"rendered":"<p>1- Uluslararas\u0131 Finansal Raporlama Standartlar\u0131 ve \u015eirketlerin Sermaye Yap\u0131lar\u0131n\u0131n Analizi 2- De\u011ferleme Kavram\u0131 ve \u015eirket De\u011ferleme Y\u00f6ntemleri 3- De\u011fere Dayal\u0131 Performans \u00d6l\u00e7\u00fctleri Kapsam\u0131nda Reel Ticari Kar-Zarar<span class=\"excerpt-hellip\"> [\u2026]<\/span><\/p>\n","protected":false},"featured_media":0,"template":"","meta":{"_monsterinsights_skip_tracking":false,"_monsterinsights_sitenote_active":false,"_monsterinsights_sitenote_note":"","_monsterinsights_sitenote_category":0},"product_brand":[],"product_cat":[13043,14381],"product_tag":[],"class_list":{"0":"post-729505","1":"product","2":"type-product","3":"status-publish","5":"product_cat-ekonomi","6":"product_cat-isletme-muhasebe-maliye","7":"pa_cilt-ciltsiz","8":"pa_tur-kitap","9":"pa_yayinevi-gazi-kitabevi","10":"pa_yazar-firat-altinkaynak","12":"first","13":"instock","14":"sale","15":"shipping-taxable","16":"purchasable","17":"product-type-simple"},"_links":{"self":[{"href":"https:\/\/roveyayinevi.com.tr\/index.php\/wp-json\/wp\/v2\/product\/729505","targetHints":{"allow":["GET"]}}],"collection":[{"href":"https:\/\/roveyayinevi.com.tr\/index.php\/wp-json\/wp\/v2\/product"}],"about":[{"href":"https:\/\/roveyayinevi.com.tr\/index.php\/wp-json\/wp\/v2\/types\/product"}],"wp:attachment":[{"href":"https:\/\/roveyayinevi.com.tr\/index.php\/wp-json\/wp\/v2\/media?parent=729505"}],"wp:term":[{"taxonomy":"product_brand","embeddable":true,"href":"https:\/\/roveyayinevi.com.tr\/index.php\/wp-json\/wp\/v2\/product_brand?post=729505"},{"taxonomy":"product_cat","embeddable":true,"href":"https:\/\/roveyayinevi.com.tr\/index.php\/wp-json\/wp\/v2\/product_cat?post=729505"},{"taxonomy":"product_tag","embeddable":true,"href":"https:\/\/roveyayinevi.com.tr\/index.php\/wp-json\/wp\/v2\/product_tag?post=729505"}],"curies":[{"name":"wp","href":"https:\/\/api.w.org\/{rel}","templated":true}]}}