{"id":729504,"date":"2025-08-27T20:57:02","date_gmt":"2025-08-27T17:57:02","guid":{"rendered":"https:\/\/roveyayinevi.com.tr\/index.php\/urun\/spor-bilimlerinde-temel-anatomi\/"},"modified":"2026-04-16T02:37:11","modified_gmt":"2026-04-15T23:37:11","slug":"spor-bilimlerinde-temel-anatomi","status":"publish","type":"product","link":"https:\/\/roveyayinevi.com.tr\/index.php\/urun\/spor-bilimlerinde-temel-anatomi\/","title":{"rendered":"Spor Bilimlerinde Temel Anatomi"},"content":{"rendered":"<p>1-      Anatomiye Giri\u015f ve Temel Kavramlar 2-      Organizmadaki Yap\u0131sal D\u00fczen 3-      Dola\u015f\u0131m Sistemi 4-      Solunum Sistemi 5-      Sinir Sistemi 6-      Endokrin Sistem 7-      Sindirim Sistemi 8-      Bo\u015falt\u0131m Sistemi 9-      \u00dcreme Sistemi 10-  Hareket Sistemi 11-  \u0130skelet Sistemi 12-  V\u00fccuttaki Baz\u0131 \u0130skelet Kaslar\u0131 ve Fonksiyonlar\u0131 13-  \u00d6zet Bilgiler ve Baz\u0131 Terimler  <\/p>\n","protected":false},"excerpt":{"rendered":"<p>1- Anatomiye Giri\u015f ve Temel Kavramlar 2- Organizmadaki Yap\u0131sal D\u00fczen 3- Dola\u015f\u0131m Sistemi 4- Solunum Sistemi 5- Sinir Sistemi 6- Endokrin Sistem 7- Sindirim Sistemi 8-<span class=\"excerpt-hellip\"> [\u2026]<\/span><\/p>\n","protected":false},"featured_media":0,"template":"","meta":{"_monsterinsights_skip_tracking":false,"_monsterinsights_sitenote_active":false,"_monsterinsights_sitenote_note":"","_monsterinsights_sitenote_category":0},"product_brand":[],"product_cat":[15563,15564],"product_tag":[],"class_list":{"0":"post-729504","1":"product","2":"type-product","3":"status-publish","5":"product_cat-hobi","6":"product_cat-spor","7":"pa_cilt-ciltsiz","8":"pa_tur-kitap","9":"pa_yayinevi-gazi-kitabevi","10":"pa_yazar-mehmet-fatih-yuksel","12":"first","13":"instock","14":"sale","15":"shipping-taxable","16":"purchasable","17":"product-type-simple"},"_links":{"self":[{"href":"https:\/\/roveyayinevi.com.tr\/index.php\/wp-json\/wp\/v2\/product\/729504","targetHints":{"allow":["GET"]}}],"collection":[{"href":"https:\/\/roveyayinevi.com.tr\/index.php\/wp-json\/wp\/v2\/product"}],"about":[{"href":"https:\/\/roveyayinevi.com.tr\/index.php\/wp-json\/wp\/v2\/types\/product"}],"wp:attachment":[{"href":"https:\/\/roveyayinevi.com.tr\/index.php\/wp-json\/wp\/v2\/media?parent=729504"}],"wp:term":[{"taxonomy":"product_brand","embeddable":true,"href":"https:\/\/roveyayinevi.com.tr\/index.php\/wp-json\/wp\/v2\/product_brand?post=729504"},{"taxonomy":"product_cat","embeddable":true,"href":"https:\/\/roveyayinevi.com.tr\/index.php\/wp-json\/wp\/v2\/product_cat?post=729504"},{"taxonomy":"product_tag","embeddable":true,"href":"https:\/\/roveyayinevi.com.tr\/index.php\/wp-json\/wp\/v2\/product_tag?post=729504"}],"curies":[{"name":"wp","href":"https:\/\/api.w.org\/{rel}","templated":true}]}}