{"id":729499,"date":"2025-08-27T20:56:59","date_gmt":"2025-08-27T17:56:59","guid":{"rendered":"https:\/\/roveyayinevi.com.tr\/index.php\/urun\/turizm-isletmeciligi-pazarlamasi-ve-ekonomisi\/"},"modified":"2026-04-16T02:37:11","modified_gmt":"2026-04-15T23:37:11","slug":"turizm-isletmeciligi-pazarlamasi-ve-ekonomisi","status":"publish","type":"product","link":"https:\/\/roveyayinevi.com.tr\/index.php\/urun\/turizm-isletmeciligi-pazarlamasi-ve-ekonomisi\/","title":{"rendered":"Turizm \u0130\u015fletmecili\u011fi, Pazarlamas\u0131 ve Ekonomisi"},"content":{"rendered":"<p>1-      Gossip in Hotel Businesses 2-      Otel \u0130\u015fletmelerinde Organizasyon : Kavramlar, Modeller ve Uygulamalar 3-      Turizm \u0130\u015fletmelerinde Stratejik Y\u00f6netim 4-      Planlama ve Turizm 5-      Nepotism as an Organizational Behaviour in Tourism Establishments 6-      Konaklama \u0130\u015fletmeleri Y\u00f6neticilerinin End\u00fcstri 4.0 Uygulamalar\u0131na Bak\u0131\u015f A\u00e7\u0131lar\u0131 7-      M\u00fczelerde Hizmet Kalitesinin \u00d6l\u00e7\u00fcm\u00fc : Musequal 8-      T\u00fcrkiye\u2019deki K\u00fclt\u00fcr ve Turizm Bakanl\u0131\u011f\u0131\u2019na Ba\u011fl\u0131 M\u00fczelerin Web Sitelerinin De\u011ferlendirilmesi 9-      Seyahat Acentalar\u0131nda Gizli M\u00fc\u015fteri Programlar\u0131n\u0131n G\u00fc\u00e7lendirilmesine Y\u00f6nelik Bir \u00c7al\u0131\u015fma 10-  Turist Yabanc\u0131la\u015fmas\u0131n\u0131n Analizi 11-  Pazarlama Planlamas\u0131 : Turizm \u0130\u015fletmeleri 12-  Sosyal Medyan\u0131n Turist Davran\u0131\u015flar\u0131 \u00dczerinde EtkileriEffects of Hotels\u2019 Location and Stars on Preferences of Alternative Customer Types : Antalya Case 13-  The Tourist Exp\u00e9rience in Sustainable Plateau Tourism : The Example of Tripadvisor 14-  Her \u015eey Dahil Sisteminin Turizm \u0130\u015fletmeleri ve Turistik Destinasyona Etkilerinin Belirlenmesi : Antalya \u00d6rne\u011fi 15-  Airbnb Kullan\u0131c\u0131lar\u0131n\u0131n Destinasyon Hizmet Kalitesi, Memnuniyeti ve Sadakati Yorumlar\u0131n\u0131n \u0130ncelenmesine Y\u00f6nelik Bir Ara\u015ft\u0131rma : Bodrum \u00d6rne\u011fi 16-  Covid 19 Salg\u0131n\u0131n Turizm Sekt\u00f6r\u00fcne Etkisinin Hizmet Pazarlama Karmas\u0131 17-  K\u00fcreselle\u015fme S\u00fcrecinin Konaklama \u0130\u015fletmelerine Etkisi 18-  Gastronomi Turizmi Faaliyetlerinin Deneyim Ekonomisi Kapsam\u0131nda De\u011ferlendirilmesi 19-  Gastronomi \u0130\u015fletmelerinde Yiyecek \u0130\u00e7ecek Maliyet Kontrol Sistemleri ve G\u00fcncel Y\u00f6ntemler 20-  T\u00fcrkiye\u2019de Medikal Turizmin Geli\u015fimi ve Ortado\u011fu Pazar\u0131n\u0131n Etkisinin \u0130ncelenmesi 21-  \u0130zmir\u2019in L\u00fcks Turizm  Potansiyelinin SWOT Analizi ile De\u011ferlendirilmesi 22-  Stratejik \u0130ttifaklarda \u00d6rg\u00fctleraras\u0131 \u0130li\u015fki Unsurlar\u0131n\u0131n Ara\u015ft\u0131r\u0131lmas\u0131 : Turizm Sekt\u00f6r\u00fcne \u0130li\u015fkin Sistematik Literat\u00fcr Taramas\u0131 23-  Effect of the Coronavirus (Covid-19) Pandemic on Gastronomy, Food and Beverage Business <\/p>\n","protected":false},"excerpt":{"rendered":"<p>1- Gossip in Hotel Businesses 2- Otel \u0130\u015fletmelerinde Organizasyon : Kavramlar, Modeller ve Uygulamalar 3- Turizm \u0130\u015fletmelerinde Stratejik Y\u00f6netim 4- Planlama ve Turizm 5- Nepotism as<span class=\"excerpt-hellip\"> [\u2026]<\/span><\/p>\n","protected":false},"featured_media":0,"template":"","meta":{"_monsterinsights_skip_tracking":false,"_monsterinsights_sitenote_active":false,"_monsterinsights_sitenote_note":"","_monsterinsights_sitenote_category":0},"product_brand":[],"product_cat":[13043,17492],"product_tag":[],"class_list":{"0":"post-729499","1":"product","2":"type-product","3":"status-publish","5":"product_cat-ekonomi","6":"product_cat-pazarlama-satis-reklam","7":"pa_cilt-ciltsiz","8":"pa_tur-kitap","9":"pa_yayinevi-gazi-kitabevi","10":"pa_yazar-sahin-karabulut","12":"first","13":"instock","14":"sale","15":"shipping-taxable","16":"purchasable","17":"product-type-simple"},"_links":{"self":[{"href":"https:\/\/roveyayinevi.com.tr\/index.php\/wp-json\/wp\/v2\/product\/729499","targetHints":{"allow":["GET"]}}],"collection":[{"href":"https:\/\/roveyayinevi.com.tr\/index.php\/wp-json\/wp\/v2\/product"}],"about":[{"href":"https:\/\/roveyayinevi.com.tr\/index.php\/wp-json\/wp\/v2\/types\/product"}],"wp:attachment":[{"href":"https:\/\/roveyayinevi.com.tr\/index.php\/wp-json\/wp\/v2\/media?parent=729499"}],"wp:term":[{"taxonomy":"product_brand","embeddable":true,"href":"https:\/\/roveyayinevi.com.tr\/index.php\/wp-json\/wp\/v2\/product_brand?post=729499"},{"taxonomy":"product_cat","embeddable":true,"href":"https:\/\/roveyayinevi.com.tr\/index.php\/wp-json\/wp\/v2\/product_cat?post=729499"},{"taxonomy":"product_tag","embeddable":true,"href":"https:\/\/roveyayinevi.com.tr\/index.php\/wp-json\/wp\/v2\/product_tag?post=729499"}],"curies":[{"name":"wp","href":"https:\/\/api.w.org\/{rel}","templated":true}]}}