{"id":729493,"date":"2025-08-27T20:56:54","date_gmt":"2025-08-27T17:56:54","guid":{"rendered":"https:\/\/roveyayinevi.com.tr\/index.php\/urun\/wassily-kandinsky-ustalardan-cocuklar-icin-sanat-dersleri\/"},"modified":"2026-03-12T02:47:48","modified_gmt":"2026-03-11T23:47:48","slug":"wassily-kandinsky-ustalardan-cocuklar-icin-sanat-dersleri","status":"publish","type":"product","link":"https:\/\/roveyayinevi.com.tr\/index.php\/urun\/wassily-kandinsky-ustalardan-cocuklar-icin-sanat-dersleri\/","title":{"rendered":"Wassily Kandinsky Ustalardan \u00c7ocuklar \u0130\u00e7in Sanat Dersleri"},"content":{"rendered":"<p>Birbirinden farkl\u0131 \u00e7izim, boyama ve yap\u0131\u015ft\u0131rma etkinlikleri i\u00e7eren bu kitap ile sen de \u00fcnl\u00fc ressam Kandinsky\u2019den sanat dersleri al! Kendi sanat eserini yaratabilece\u011fin dev poster ile birlikte 50 \u00c7\u0131kartma   Yirminci y\u00fczy\u0131l\u0131n en \u00fcnl\u00fc sanat\u00e7\u0131lar\u0131ndan biri olan Wassily Kandinsky gibi sanat yapmay\u0131 \u00f6\u011fren. Bu kitaptaki pek \u00e7ok e\u011flenceli etkinli\u011fi yaparak ilham veren m\u00fczikleri dinleyip \u00e7e\u015fitli \u015fekilleri kullanmay\u0131, hayal g\u00fcc\u00fcnden yararlanarak resim yapmay\u0131 \u00f6\u011freneceksin.   Sanat derslerinin sonunda ise \u00f6\u011frendiklerinden faydalan\u0131p kitab\u0131n sonundaki ba\u015f yap\u0131t\u0131ndan ilham alarak kendi Kandinsky eserini \u00fcreteceksin! <\/p>\n","protected":false},"excerpt":{"rendered":"<p>Birbirinden farkl\u0131 \u00e7izim, boyama ve yap\u0131\u015ft\u0131rma etkinlikleri i\u00e7eren bu kitap ile sen de \u00fcnl\u00fc ressam Kandinsky\u2019den sanat dersleri al! Kendi sanat eserini yaratabilece\u011fin dev poster ile<span class=\"excerpt-hellip\"> [\u2026]<\/span><\/p>\n","protected":false},"featured_media":0,"template":"","meta":{"_monsterinsights_skip_tracking":false,"_monsterinsights_sitenote_active":false,"_monsterinsights_sitenote_note":"","_monsterinsights_sitenote_category":0},"product_brand":[],"product_cat":[12274,12518],"product_tag":[],"class_list":{"0":"post-729493","1":"product","2":"type-product","3":"status-publish","5":"product_cat-cocuk-ve-genclik-kitaplari","6":"product_cat-okul-oncesi-kitaplar","7":"pa_cilt-ciltsiz","8":"pa_tur-kitap","9":"pa_yayinevi-hayalperest-yayinlari","10":"pa_yazar-jenny-broom-rachel-williams","12":"first","13":"instock","14":"sale","15":"shipping-taxable","16":"purchasable","17":"product-type-simple"},"_links":{"self":[{"href":"https:\/\/roveyayinevi.com.tr\/index.php\/wp-json\/wp\/v2\/product\/729493","targetHints":{"allow":["GET"]}}],"collection":[{"href":"https:\/\/roveyayinevi.com.tr\/index.php\/wp-json\/wp\/v2\/product"}],"about":[{"href":"https:\/\/roveyayinevi.com.tr\/index.php\/wp-json\/wp\/v2\/types\/product"}],"wp:attachment":[{"href":"https:\/\/roveyayinevi.com.tr\/index.php\/wp-json\/wp\/v2\/media?parent=729493"}],"wp:term":[{"taxonomy":"product_brand","embeddable":true,"href":"https:\/\/roveyayinevi.com.tr\/index.php\/wp-json\/wp\/v2\/product_brand?post=729493"},{"taxonomy":"product_cat","embeddable":true,"href":"https:\/\/roveyayinevi.com.tr\/index.php\/wp-json\/wp\/v2\/product_cat?post=729493"},{"taxonomy":"product_tag","embeddable":true,"href":"https:\/\/roveyayinevi.com.tr\/index.php\/wp-json\/wp\/v2\/product_tag?post=729493"}],"curies":[{"name":"wp","href":"https:\/\/api.w.org\/{rel}","templated":true}]}}