{"id":729471,"date":"2025-08-27T20:56:33","date_gmt":"2025-08-27T17:56:33","guid":{"rendered":"https:\/\/roveyayinevi.com.tr\/index.php\/urun\/tebesir-bahcesi\/"},"modified":"2026-04-16T02:37:10","modified_gmt":"2026-04-15T23:37:10","slug":"tebesir-bahcesi","status":"publish","type":"product","link":"https:\/\/roveyayinevi.com.tr\/index.php\/urun\/tebesir-bahcesi\/","title":{"rendered":"Tebe\u015fir Bah\u00e7esi"},"content":{"rendered":"<p>unutma, baz\u0131 yang\u0131n merdivenlerinin yang\u0131na \u00e7\u0131kard\u0131\u011f\u0131n\u0131 ve meydanlara insan kan\u0131yla yaz\u0131ld\u0131\u011f\u0131n\u0131 sloganlar\u0131n yaram\u0131zda kaynayan kur\u015funu, avucumuzdaki k\u00f6z\u00fc unutma, g\u00f6ky\u00fcz\u00fcne bakt\u0131 diye yurdundan edilen g\u00f6z\u00fc <\/p>\n","protected":false},"excerpt":{"rendered":"<p>unutma, baz\u0131 yang\u0131n merdivenlerinin yang\u0131na \u00e7\u0131kard\u0131\u011f\u0131n\u0131 ve meydanlara insan kan\u0131yla yaz\u0131ld\u0131\u011f\u0131n\u0131 sloganlar\u0131n yaram\u0131zda kaynayan kur\u015funu, avucumuzdaki k\u00f6z\u00fc unutma, g\u00f6ky\u00fcz\u00fcne bakt\u0131 diye yurdundan edilen g\u00f6z\u00fc<\/p>\n","protected":false},"featured_media":0,"template":"","meta":{"_monsterinsights_skip_tracking":false,"_monsterinsights_sitenote_active":false,"_monsterinsights_sitenote_note":"","_monsterinsights_sitenote_category":0},"product_brand":[],"product_cat":[12291,12509],"product_tag":[],"class_list":{"0":"post-729471","1":"product","2":"type-product","3":"status-publish","5":"product_cat-edebiyat","6":"product_cat-siir","7":"pa_cilt-ciltsiz","8":"pa_tur-kitap","9":"pa_yayinevi-ithaki-yayinlari","10":"pa_yazar-gokhan-arslan","12":"first","13":"instock","14":"sale","15":"shipping-taxable","16":"purchasable","17":"product-type-simple"},"_links":{"self":[{"href":"https:\/\/roveyayinevi.com.tr\/index.php\/wp-json\/wp\/v2\/product\/729471","targetHints":{"allow":["GET"]}}],"collection":[{"href":"https:\/\/roveyayinevi.com.tr\/index.php\/wp-json\/wp\/v2\/product"}],"about":[{"href":"https:\/\/roveyayinevi.com.tr\/index.php\/wp-json\/wp\/v2\/types\/product"}],"wp:attachment":[{"href":"https:\/\/roveyayinevi.com.tr\/index.php\/wp-json\/wp\/v2\/media?parent=729471"}],"wp:term":[{"taxonomy":"product_brand","embeddable":true,"href":"https:\/\/roveyayinevi.com.tr\/index.php\/wp-json\/wp\/v2\/product_brand?post=729471"},{"taxonomy":"product_cat","embeddable":true,"href":"https:\/\/roveyayinevi.com.tr\/index.php\/wp-json\/wp\/v2\/product_cat?post=729471"},{"taxonomy":"product_tag","embeddable":true,"href":"https:\/\/roveyayinevi.com.tr\/index.php\/wp-json\/wp\/v2\/product_tag?post=729471"}],"curies":[{"name":"wp","href":"https:\/\/api.w.org\/{rel}","templated":true}]}}