{"id":729470,"date":"2025-08-27T20:56:32","date_gmt":"2025-08-27T17:56:32","guid":{"rendered":"https:\/\/roveyayinevi.com.tr\/index.php\/urun\/ic-savas-bir-marvel-evreni-romani\/"},"modified":"2026-04-16T02:37:10","modified_gmt":"2026-04-15T23:37:10","slug":"ic-savas-bir-marvel-evreni-romani","status":"publish","type":"product","link":"https:\/\/roveyayinevi.com.tr\/index.php\/urun\/ic-savas-bir-marvel-evreni-romani\/","title":{"rendered":"\u0130\u00e7 Sava\u015f: Bir Marvel Evreni Roman\u0131"},"content":{"rendered":"<p>Demir Adam ve Kaptan Amerika: D\u00fcnyan\u0131n en b\u00fcy\u00fck s\u00fcper kahraman birli\u011fi Yenilmezler\u2019in iki ana \u00fcyesi. Stamford \u015fehrinde ya\u015fanan trajik sava\u015f, b\u00fcy\u00fck hasarlara ve y\u00fczlerce \u00f6l\u00fcme sebep olunca ABD h\u00fck\u00fcmeti, t\u00fcm kahramanlar\u0131n kimliklerini ve s\u00fcper g\u00fc\u00e7lerini halka ve devlete a\u00e7\u0131klamalar\u0131n\u0131 ister. Tony Stark, nam\u0131di\u011fer Demir Adam i\u00e7in \u00fcz\u00fcc\u00fc ama yap\u0131lmas\u0131 gereken bir hamledir bu. Kaptan Amerika i\u00e7in ise insan haklar\u0131na kar\u015f\u0131 kabul edilemez bir sald\u0131r\u0131.   Ve i\u015fte \u0130\u00e7 Sava\u015f b\u00f6yle ba\u015flar. <\/p>\n","protected":false},"excerpt":{"rendered":"<p>Demir Adam ve Kaptan Amerika: D\u00fcnyan\u0131n en b\u00fcy\u00fck s\u00fcper kahraman birli\u011fi Yenilmezler\u2019in iki ana \u00fcyesi. Stamford \u015fehrinde ya\u015fanan trajik sava\u015f, b\u00fcy\u00fck hasarlara ve y\u00fczlerce \u00f6l\u00fcme sebep<span class=\"excerpt-hellip\"> [\u2026]<\/span><\/p>\n","protected":false},"featured_media":0,"template":"","meta":{"_monsterinsights_skip_tracking":false,"_monsterinsights_sitenote_active":false,"_monsterinsights_sitenote_note":"","_monsterinsights_sitenote_category":0},"product_brand":[],"product_cat":[12540,12291],"product_tag":[],"class_list":{"0":"post-729470","1":"product","2":"type-product","3":"status-publish","5":"product_cat-bilim-kurgu","6":"product_cat-edebiyat","7":"pa_cilt-ciltsiz","8":"pa_tur-kitap","9":"pa_yayinevi-ithaki-yayinlari","10":"pa_yazar-stuart-moore","12":"first","13":"instock","14":"sale","15":"shipping-taxable","16":"purchasable","17":"product-type-simple"},"_links":{"self":[{"href":"https:\/\/roveyayinevi.com.tr\/index.php\/wp-json\/wp\/v2\/product\/729470","targetHints":{"allow":["GET"]}}],"collection":[{"href":"https:\/\/roveyayinevi.com.tr\/index.php\/wp-json\/wp\/v2\/product"}],"about":[{"href":"https:\/\/roveyayinevi.com.tr\/index.php\/wp-json\/wp\/v2\/types\/product"}],"wp:attachment":[{"href":"https:\/\/roveyayinevi.com.tr\/index.php\/wp-json\/wp\/v2\/media?parent=729470"}],"wp:term":[{"taxonomy":"product_brand","embeddable":true,"href":"https:\/\/roveyayinevi.com.tr\/index.php\/wp-json\/wp\/v2\/product_brand?post=729470"},{"taxonomy":"product_cat","embeddable":true,"href":"https:\/\/roveyayinevi.com.tr\/index.php\/wp-json\/wp\/v2\/product_cat?post=729470"},{"taxonomy":"product_tag","embeddable":true,"href":"https:\/\/roveyayinevi.com.tr\/index.php\/wp-json\/wp\/v2\/product_tag?post=729470"}],"curies":[{"name":"wp","href":"https:\/\/api.w.org\/{rel}","templated":true}]}}