{"id":729465,"date":"2025-08-27T20:56:28","date_gmt":"2025-08-27T17:56:28","guid":{"rendered":"https:\/\/roveyayinevi.com.tr\/index.php\/urun\/canzoniere\/"},"modified":"2026-04-16T02:37:10","modified_gmt":"2026-04-15T23:37:10","slug":"canzoniere","status":"publish","type":"product","link":"https:\/\/roveyayinevi.com.tr\/index.php\/urun\/canzoniere\/","title":{"rendered":"Canzoniere"},"content":{"rendered":"<p>Canzoniere Petrarca&#8217;n\u0131n a\u015fk\u0131 \u00f6l\u00fcms\u00fczle\u015ftirme \u00e7abas\u0131 \u00fczerine kuruludur, \u015fiirlerde her \u015fey, b\u00fct\u00fcn do\u011fa betimleri ve tan\u0131mlanan her duygu, an\u0131msanan ve ya\u015fanan her olay sevilen y\u00fccelten d\u00fc\u015fsel bir d\u00fczlemde aktar\u0131l\u0131r. Ancak b\u00f6ylesi geleneksel izlekleri bile, klasik tarzla yeni \u015fiir bi\u00e7imlerini harmanlayarak son derece \u00f6zg\u00fcn bir \u00fcslupla i\u015fler Petrarca.Okur bu \u015fiirlerde a\u015fk\u0131n her bi\u00e7imine rastlayacak, erdem, tap\u0131nma ve tensellik olarak a\u015fk\u0131n; umut, korku ve tutsakl\u0131k olarak a\u015fk\u0131n an\u0131\u015ft\u0131rmal\u0131 bir \u00fcslupla, \u00e7a\u011fr\u0131\u015f\u0131mlarla, ola\u011fan\u00fcst\u00fc bir duyarl\u0131k ve ifade zenginli\u011fiyle betimlendi\u011fini g\u00f6recektir.,A\u015fk \u015farininin i\u015flevini ve amac\u0131n\u0131 da soru\u015fturur Petrarca lirik \u015fiirlerinde, bi\u00e7imsel ustal\u0131\u011f\u0131n\u0131, \u015fairlik bilincini ve teknik donan\u0131m\u0131n\u0131 da bu yola sergiler. Kemal Atakay&#8217;\u0131n titiz \u00e7evirisiyle sundu\u011fumuz bu ba\u015fyap\u0131t; Petrarca&#8217;n\u0131n \u015fiir anlay\u0131\u015f\u0131n\u0131 irdeleyen Giri\u015f yaz\u0131s\u0131yla, \u015fiirlere geni\u015f a\u00e7\u0131klamalar getiren notlar\u0131 ve sa\u011flam kaynak\u00e7as\u0131yla \u015fiirseverler i\u00e7in vazge\u00e7ilmez bir ba\u015fvuru kayna\u011f\u0131, bir temel kitap olu\u015fturacakt\u0131r.<\/p>\n","protected":false},"excerpt":{"rendered":"<p>Canzoniere Petrarca&#8217;n\u0131n a\u015fk\u0131 \u00f6l\u00fcms\u00fczle\u015ftirme \u00e7abas\u0131 \u00fczerine kuruludur, \u015fiirlerde her \u015fey, b\u00fct\u00fcn do\u011fa betimleri ve tan\u0131mlanan her duygu, an\u0131msanan ve ya\u015fanan her olay sevilen y\u00fccelten d\u00fc\u015fsel bir<span class=\"excerpt-hellip\"> [\u2026]<\/span><\/p>\n","protected":false},"featured_media":0,"template":"","meta":{"_monsterinsights_skip_tracking":false,"_monsterinsights_sitenote_active":false,"_monsterinsights_sitenote_note":"","_monsterinsights_sitenote_category":0},"product_brand":[],"product_cat":[12291,12509],"product_tag":[],"class_list":{"0":"post-729465","1":"product","2":"type-product","3":"status-publish","5":"product_cat-edebiyat","6":"product_cat-siir","7":"pa_cilt-ciltsiz","8":"pa_tur-kitap","9":"pa_yayinevi-yapi-kredi-yayinlari","10":"pa_yazar-francesco-petrarca","12":"first","13":"instock","14":"sale","15":"shipping-taxable","16":"purchasable","17":"product-type-simple"},"_links":{"self":[{"href":"https:\/\/roveyayinevi.com.tr\/index.php\/wp-json\/wp\/v2\/product\/729465","targetHints":{"allow":["GET"]}}],"collection":[{"href":"https:\/\/roveyayinevi.com.tr\/index.php\/wp-json\/wp\/v2\/product"}],"about":[{"href":"https:\/\/roveyayinevi.com.tr\/index.php\/wp-json\/wp\/v2\/types\/product"}],"wp:attachment":[{"href":"https:\/\/roveyayinevi.com.tr\/index.php\/wp-json\/wp\/v2\/media?parent=729465"}],"wp:term":[{"taxonomy":"product_brand","embeddable":true,"href":"https:\/\/roveyayinevi.com.tr\/index.php\/wp-json\/wp\/v2\/product_brand?post=729465"},{"taxonomy":"product_cat","embeddable":true,"href":"https:\/\/roveyayinevi.com.tr\/index.php\/wp-json\/wp\/v2\/product_cat?post=729465"},{"taxonomy":"product_tag","embeddable":true,"href":"https:\/\/roveyayinevi.com.tr\/index.php\/wp-json\/wp\/v2\/product_tag?post=729465"}],"curies":[{"name":"wp","href":"https:\/\/api.w.org\/{rel}","templated":true}]}}