{"id":729460,"date":"2025-08-27T20:56:24","date_gmt":"2025-08-27T17:56:24","guid":{"rendered":"https:\/\/roveyayinevi.com.tr\/index.php\/urun\/modern-sanatin-kisa-oykusu\/"},"modified":"2026-04-16T02:37:10","modified_gmt":"2026-04-15T23:37:10","slug":"modern-sanatin-kisa-oykusu","status":"publish","type":"product","link":"https:\/\/roveyayinevi.com.tr\/index.php\/urun\/modern-sanatin-kisa-oykusu\/","title":{"rendered":"Modern Sanat\u0131n K\u0131sa \u00d6yk\u00fcs\u00fc"},"content":{"rendered":"<p>\u00d6zenle derlenmi\u015f bilgiler, ola\u011fan\u00fcst\u00fc g\u00f6rseller, faydal\u0131 eser analizleri, sanat\u0131n belli ba\u015fl\u0131 dallar\u0131nda kullan\u0131lan temalar, teknikler. \u00d6nemli t\u00fcrlere, ak\u0131mlara, eserlere, temalara ve tekniklere y\u00f6nelik cep k\u0131lavuzlar\u0131\u2026 hep kitap\u2019tan sanatseverlerin elinden d\u00fc\u015f\u00fcrmeyece\u011fi \u00f6zg\u00fcn bir sanata giri\u015f serisi! Serinin ilk kitaplar\u0131; Sanat\u0131n K\u0131sa \u00d6yk\u00fcs\u00fc, Foto\u011fraf\u0131n K\u0131sa \u00d6yk\u00fcs\u00fc ile Modern Sanat\u0131n K\u0131sa \u00d6yk\u00fcs\u00fc\u2026 Modern sanat nas\u0131l ve neden ortaya \u00e7\u0131kt\u0131? Yeniliklerin alt\u0131nda kimlerin imzas\u0131 vard\u0131? Peki bu yenilikler nelerdi? Nerede ve nas\u0131l ger\u00e7ekle\u015ftiler? Modern Sanat\u0131n K\u0131sa \u00d6yk\u00fcs\u00fc, modern sanat konusuna yepyeni ve yenilik\u00e7i bir perspektiften bak\u0131yor. Rahatl\u0131kla takip edilebilen tasar\u0131m\u0131yla, modernizmin ilk d\u00f6neminden \u00e7a\u011fda\u015f sanat \u00f6rneklerine kadar, toplamda elli \u00f6nemli eserin analizini sunuyor. Bunu yaparken modern sanat tarihindeki farkl\u0131 teknikleri a\u00e7\u0131kl\u0131yor, teknik jargonu anla\u015f\u0131l\u0131r k\u0131larak her okurun modern sanattan keyif almas\u0131n\u0131 sa\u011fl\u0131yor.<\/p>\n","protected":false},"excerpt":{"rendered":"<p>\u00d6zenle derlenmi\u015f bilgiler, ola\u011fan\u00fcst\u00fc g\u00f6rseller, faydal\u0131 eser analizleri, sanat\u0131n belli ba\u015fl\u0131 dallar\u0131nda kullan\u0131lan temalar, teknikler. \u00d6nemli t\u00fcrlere, ak\u0131mlara, eserlere, temalara ve tekniklere y\u00f6nelik cep k\u0131lavuzlar\u0131\u2026 hep<span class=\"excerpt-hellip\"> [\u2026]<\/span><\/p>\n","protected":false},"featured_media":0,"template":"","meta":{"_monsterinsights_skip_tracking":false,"_monsterinsights_sitenote_active":false,"_monsterinsights_sitenote_note":"","_monsterinsights_sitenote_category":0},"product_brand":[],"product_cat":[12408,14197],"product_tag":[],"class_list":{"0":"post-729460","1":"product","2":"type-product","3":"status-publish","5":"product_cat-sanat","6":"product_cat-sanat-tarihi","7":"pa_cilt-ciltli","8":"pa_tur-kitap","9":"pa_yayinevi-hep-kitap","10":"pa_yazar-susie-hodge","12":"first","13":"instock","14":"sale","15":"shipping-taxable","16":"purchasable","17":"product-type-simple"},"_links":{"self":[{"href":"https:\/\/roveyayinevi.com.tr\/index.php\/wp-json\/wp\/v2\/product\/729460","targetHints":{"allow":["GET"]}}],"collection":[{"href":"https:\/\/roveyayinevi.com.tr\/index.php\/wp-json\/wp\/v2\/product"}],"about":[{"href":"https:\/\/roveyayinevi.com.tr\/index.php\/wp-json\/wp\/v2\/types\/product"}],"wp:attachment":[{"href":"https:\/\/roveyayinevi.com.tr\/index.php\/wp-json\/wp\/v2\/media?parent=729460"}],"wp:term":[{"taxonomy":"product_brand","embeddable":true,"href":"https:\/\/roveyayinevi.com.tr\/index.php\/wp-json\/wp\/v2\/product_brand?post=729460"},{"taxonomy":"product_cat","embeddable":true,"href":"https:\/\/roveyayinevi.com.tr\/index.php\/wp-json\/wp\/v2\/product_cat?post=729460"},{"taxonomy":"product_tag","embeddable":true,"href":"https:\/\/roveyayinevi.com.tr\/index.php\/wp-json\/wp\/v2\/product_tag?post=729460"}],"curies":[{"name":"wp","href":"https:\/\/api.w.org\/{rel}","templated":true}]}}