{"id":729459,"date":"2025-08-27T20:56:23","date_gmt":"2025-08-27T17:56:23","guid":{"rendered":"https:\/\/roveyayinevi.com.tr\/index.php\/urun\/osmanlidan-cumhuriyete-hashas-sosyo-ekonomik-ve-dis-politik-boyutlariyla-1909-1950\/"},"modified":"2026-04-16T02:37:10","modified_gmt":"2026-04-15T23:37:10","slug":"osmanlidan-cumhuriyete-hashas-sosyo-ekonomik-ve-dis-politik-boyutlariyla-1909-1950","status":"publish","type":"product","link":"https:\/\/roveyayinevi.com.tr\/index.php\/urun\/osmanlidan-cumhuriyete-hashas-sosyo-ekonomik-ve-dis-politik-boyutlariyla-1909-1950\/","title":{"rendered":"Osmanl\u0131\u2019dan Cumhuriyet\u2019e Ha\u015fha\u015f: Sosyo-Ekonomik Ve D\u0131\u015f Politik Boyutlar\u0131yla (1909-1950)"},"content":{"rendered":"<p>Osmanl\u0131\u2019dan Cumhuriyet\u2019e Ha\u015fha\u015f:Sosyo-Ekonomik Ve D\u0131\u015f PolitikBoyutlar\u0131yla (1909-1950) <\/p>\n","protected":false},"excerpt":{"rendered":"<p>Osmanl\u0131\u2019dan Cumhuriyet\u2019e Ha\u015fha\u015f:Sosyo-Ekonomik Ve D\u0131\u015f PolitikBoyutlar\u0131yla (1909-1950)<\/p>\n","protected":false},"featured_media":0,"template":"","meta":{"_monsterinsights_skip_tracking":false,"_monsterinsights_sitenote_active":false,"_monsterinsights_sitenote_note":"","_monsterinsights_sitenote_category":0},"product_brand":[],"product_cat":[13517,12304],"product_tag":[],"class_list":{"0":"post-729459","1":"product","2":"type-product","3":"status-publish","5":"product_cat-osmanli-tarihi","6":"product_cat-tarih","7":"pa_cilt-ciltsiz","8":"pa_tur-kitap","9":"pa_yayinevi-soncag-akademik-kitaplar","10":"pa_yazar-suna-altan","12":"first","13":"instock","14":"sale","15":"shipping-taxable","16":"purchasable","17":"product-type-simple"},"_links":{"self":[{"href":"https:\/\/roveyayinevi.com.tr\/index.php\/wp-json\/wp\/v2\/product\/729459","targetHints":{"allow":["GET"]}}],"collection":[{"href":"https:\/\/roveyayinevi.com.tr\/index.php\/wp-json\/wp\/v2\/product"}],"about":[{"href":"https:\/\/roveyayinevi.com.tr\/index.php\/wp-json\/wp\/v2\/types\/product"}],"wp:attachment":[{"href":"https:\/\/roveyayinevi.com.tr\/index.php\/wp-json\/wp\/v2\/media?parent=729459"}],"wp:term":[{"taxonomy":"product_brand","embeddable":true,"href":"https:\/\/roveyayinevi.com.tr\/index.php\/wp-json\/wp\/v2\/product_brand?post=729459"},{"taxonomy":"product_cat","embeddable":true,"href":"https:\/\/roveyayinevi.com.tr\/index.php\/wp-json\/wp\/v2\/product_cat?post=729459"},{"taxonomy":"product_tag","embeddable":true,"href":"https:\/\/roveyayinevi.com.tr\/index.php\/wp-json\/wp\/v2\/product_tag?post=729459"}],"curies":[{"name":"wp","href":"https:\/\/api.w.org\/{rel}","templated":true}]}}