{"id":729441,"date":"2025-08-27T20:56:05","date_gmt":"2025-08-27T17:56:05","guid":{"rendered":"https:\/\/roveyayinevi.com.tr\/index.php\/urun\/17-asrin-ortalarinda-malatya-kazasi\/"},"modified":"2026-04-16T02:37:10","modified_gmt":"2026-04-15T23:37:10","slug":"17-asrin-ortalarinda-malatya-kazasi","status":"publish","type":"product","link":"https:\/\/roveyayinevi.com.tr\/index.php\/urun\/17-asrin-ortalarinda-malatya-kazasi\/","title":{"rendered":"17. Asr\u0131n Ortalar\u0131nda Malatya Kazas\u0131"},"content":{"rendered":"<p>Osmanl\u0131 \u015fehir tarihi \u00e7al\u0131\u015fmalar\u0131 son y\u0131llarda giderek artmakta ve \u00f6nem kazanmaktad\u0131r. Bu \u00e7al\u0131\u015fmalar\u0131n h\u0131z kazanmas\u0131nda Osmanl\u0131 d\u00f6nemi ar\u015fiv kaynaklar\u0131n\u0131n d\u00fczenlenmesi ve kolay ula\u015f\u0131l\u0131r olmas\u0131n\u0131n katk\u0131s\u0131 \u00f6nemli olmu\u015ftur. Di\u011fer taraftan &#8220;\u015eehir tarihi \u00e7al\u0131\u015fmalar\u0131 nas\u0131l yap\u0131l\u0131r?&#8221; sorusunun cevab\u0131 hakk\u0131nda farkl\u0131 d\u00fc\u015f\u00fcnceler bulunmaktad\u0131r.Elinizde tutmu\u015f oldu\u011funuz bu \u00e7al\u0131\u015fma 17. y\u00fczy\u0131l\u0131n ortas\u0131nda (1657-1658) Malatya&#8217;ya ait bir \u015fer&#8217;iyye sicilinin bug\u00fcnk\u00fc harflere \u00e7evrilerek &#8220;bir \u015fehir tarihi d\u00fczeninde&#8221; de\u011ferlendirilmesi \u015feklinde yap\u0131lm\u0131\u015ft\u0131r.\u015eehir tarihi \u00e7al\u0131\u015fmalar\u0131na \u00f6nemli bir katk\u0131 sa\u011flayacak olan bu \u00e7al\u0131\u015fma, Malatya tarihine dair \u00f6nemli ipu\u00e7lar\u0131n\u0131n g\u00fcn y\u00fcz\u00fcne \u00e7\u0131kmas\u0131na imk\u00e2n sa\u011flamaktad\u0131r.<\/p>\n","protected":false},"excerpt":{"rendered":"<p>Osmanl\u0131 \u015fehir tarihi \u00e7al\u0131\u015fmalar\u0131 son y\u0131llarda giderek artmakta ve \u00f6nem kazanmaktad\u0131r. Bu \u00e7al\u0131\u015fmalar\u0131n h\u0131z kazanmas\u0131nda Osmanl\u0131 d\u00f6nemi ar\u015fiv kaynaklar\u0131n\u0131n d\u00fczenlenmesi ve kolay ula\u015f\u0131l\u0131r olmas\u0131n\u0131n katk\u0131s\u0131 \u00f6nemli<span class=\"excerpt-hellip\"> [\u2026]<\/span><\/p>\n","protected":false},"featured_media":0,"template":"","meta":{"_monsterinsights_skip_tracking":false,"_monsterinsights_sitenote_active":false,"_monsterinsights_sitenote_note":"","_monsterinsights_sitenote_category":0},"product_brand":[],"product_cat":[12370,12304],"product_tag":[],"class_list":{"0":"post-729441","1":"product","2":"type-product","3":"status-publish","5":"product_cat-arastirma-inceleme","6":"product_cat-tarih","7":"pa_cilt-ciltsiz","8":"pa_tur-kitap","9":"pa_yayinevi-timas-yayinlari","10":"pa_yazar-mehmet-karagoz","12":"first","13":"instock","14":"sale","15":"shipping-taxable","16":"purchasable","17":"product-type-simple"},"_links":{"self":[{"href":"https:\/\/roveyayinevi.com.tr\/index.php\/wp-json\/wp\/v2\/product\/729441","targetHints":{"allow":["GET"]}}],"collection":[{"href":"https:\/\/roveyayinevi.com.tr\/index.php\/wp-json\/wp\/v2\/product"}],"about":[{"href":"https:\/\/roveyayinevi.com.tr\/index.php\/wp-json\/wp\/v2\/types\/product"}],"wp:attachment":[{"href":"https:\/\/roveyayinevi.com.tr\/index.php\/wp-json\/wp\/v2\/media?parent=729441"}],"wp:term":[{"taxonomy":"product_brand","embeddable":true,"href":"https:\/\/roveyayinevi.com.tr\/index.php\/wp-json\/wp\/v2\/product_brand?post=729441"},{"taxonomy":"product_cat","embeddable":true,"href":"https:\/\/roveyayinevi.com.tr\/index.php\/wp-json\/wp\/v2\/product_cat?post=729441"},{"taxonomy":"product_tag","embeddable":true,"href":"https:\/\/roveyayinevi.com.tr\/index.php\/wp-json\/wp\/v2\/product_tag?post=729441"}],"curies":[{"name":"wp","href":"https:\/\/api.w.org\/{rel}","templated":true}]}}

17. Asrın Ortalarında Malatya Kazası

<p>Osmanlı şehir tarihi çalışmaları son yıllarda giderek artmakta ve önem kazanmaktadır. Bu çalışmaların hız kazanmasında Osmanlı dönemi arşiv kaynaklarının düzenlenmesi ve kolay ulaşılır olmasının katkısı önemli olmuştur. Diğer taraftan &#8220;Şehir tarihi çalışmaları nasıl yapılır?&#8221; sorusunun cevabı hakkında farklı düşünceler bulunmaktadır.Elinizde tutmuş olduğunuz bu çalışma 17. yüzyılın ortasında (1657-1658) Malatya&#8217;ya ait bir şer&#8217;iyye sicilinin bugünkü harflere çevrilerek &#8220;bir şehir tarihi düzeninde&#8221; değerlendirilmesi şeklinde yapılmıştır.Şehir tarihi çalışmalarına önemli bir katkı sağlayacak olan bu çalışma, Malatya tarihine dair önemli ipuçlarının gün yüzüne çıkmasına imkân sağlamaktadır.</p>

<p>Osmanlı şehir tarihi çalışmaları son yıllarda giderek artmakta ve önem kazanmaktadır. Bu çalışmaların hız kazanmasında Osmanlı dönemi arşiv kaynaklarının düzenlenmesi ve kolay ulaşılır olmasının katkısı önemli<span class="excerpt-hellip"> […]</span></p>
