{"id":729437,"date":"2025-08-27T20:56:02","date_gmt":"2025-08-27T17:56:02","guid":{"rendered":"https:\/\/roveyayinevi.com.tr\/index.php\/urun\/hayvan-ciftligi-15\/"},"modified":"2026-04-16T02:37:10","modified_gmt":"2026-04-15T23:37:10","slug":"hayvan-ciftligi-15","status":"publish","type":"product","link":"https:\/\/roveyayinevi.com.tr\/index.php\/urun\/hayvan-ciftligi-15\/","title":{"rendered":"Hayvan \u00c7iftli\u011fi"},"content":{"rendered":"<p>George Orwell\u2019\u0131n, Hayvan \u00c7iftli\u011fi bir ta\u015flama ve kara mizah klasi\u011fi olarak ad\u0131n\u0131 haf\u0131zalara kaz\u0131nm\u0131\u015ft\u0131r. Orwell, Hayvan \u00c7iftli\u011fi\u2019nde, \u00e7a\u011fda\u015f Sovyetler Birli\u011fi\u2019ni ve Stalin y\u00f6netimini ustaca hicveder ve b\u00f6ylece sosyalist teoriyle pratikteki uygulamalar aras\u0131ndaki b\u00fcy\u00fck farka dikkat \u00e7ekmeye \u00e7al\u0131\u015f\u0131r. Daha iyi ve e\u015fit bir sistem i\u00e7in yola \u00e7\u0131k\u0131lsa da, sonu\u00e7 yine e\u015fitsizlik ve ayr\u0131m olmu\u015ftur. Yazar, iktidar iste\u011finin ve farkl\u0131 insan miza\u00e7lar\u0131n\u0131n, her t\u00fcrl\u00fc e\u015fitlik\u00e7i projenin \u00f6n\u00fcnde bir engel oldu\u011fu gibi karamsar say\u0131labilecek bir sonuca da varm\u0131\u015f oluyor dolayl\u0131 olarak.Orwell, do\u011frudan ele\u015ftirdi\u011fi sistemin ve y\u00f6neticilerinin ad\u0131n\u0131 vermese de, roman\u0131n\u0131n genel \u00e7er\u00e7evesi kolayca benzetmeler yapmam\u0131za izin verir. Bu \u00e7er\u00e7evede de romandaki her bir karakterin, toplulu\u011fun ve mek\u00e2n\u0131n ger\u00e7ek hayatta bir kar\u015f\u0131l\u0131\u011f\u0131 vard\u0131r. Hayvan \u00c7iftli\u011fi, Sovyet Devrimi\u2019ni ve sonras\u0131n\u0131, metaforik ve alegorik tarzla anlatan bir ba\u015fyap\u0131t olarak pek \u00e7ok kez okunsa da tad\u0131n\u0131 damaklarda b\u0131rakacak, g\u00fcn\u00fcm\u00fcz toplumlar\u0131n\u0131 da, Orwell\u2019\u0131n ya\u015fad\u0131\u011f\u0131 g\u00fcnlerden muhte\u015fem bir \u00f6nsezi ile anlatacak kadar derin bir eser olarak okurlar\u0131n\u0131 beklemektedir.<\/p>\n","protected":false},"excerpt":{"rendered":"<p>George Orwell\u2019\u0131n, Hayvan \u00c7iftli\u011fi bir ta\u015flama ve kara mizah klasi\u011fi olarak ad\u0131n\u0131 haf\u0131zalara kaz\u0131nm\u0131\u015ft\u0131r. Orwell, Hayvan \u00c7iftli\u011fi\u2019nde, \u00e7a\u011fda\u015f Sovyetler Birli\u011fi\u2019ni ve Stalin y\u00f6netimini ustaca hicveder ve<span class=\"excerpt-hellip\"> [\u2026]<\/span><\/p>\n","protected":false},"featured_media":0,"template":"","meta":{"_monsterinsights_skip_tracking":false,"_monsterinsights_sitenote_active":false,"_monsterinsights_sitenote_note":"","_monsterinsights_sitenote_category":0},"product_brand":[],"product_cat":[12291,12711],"product_tag":[],"class_list":{"0":"post-729437","1":"product","2":"type-product","3":"status-publish","5":"product_cat-edebiyat","6":"product_cat-roman-oyku","7":"pa_cilt-ciltsiz","8":"pa_tur-kitap","9":"pa_yayinevi-iskele-yayincilik","10":"pa_yazar-george-orwell","12":"first","13":"instock","14":"sale","15":"shipping-taxable","16":"purchasable","17":"product-type-simple"},"_links":{"self":[{"href":"https:\/\/roveyayinevi.com.tr\/index.php\/wp-json\/wp\/v2\/product\/729437","targetHints":{"allow":["GET"]}}],"collection":[{"href":"https:\/\/roveyayinevi.com.tr\/index.php\/wp-json\/wp\/v2\/product"}],"about":[{"href":"https:\/\/roveyayinevi.com.tr\/index.php\/wp-json\/wp\/v2\/types\/product"}],"wp:attachment":[{"href":"https:\/\/roveyayinevi.com.tr\/index.php\/wp-json\/wp\/v2\/media?parent=729437"}],"wp:term":[{"taxonomy":"product_brand","embeddable":true,"href":"https:\/\/roveyayinevi.com.tr\/index.php\/wp-json\/wp\/v2\/product_brand?post=729437"},{"taxonomy":"product_cat","embeddable":true,"href":"https:\/\/roveyayinevi.com.tr\/index.php\/wp-json\/wp\/v2\/product_cat?post=729437"},{"taxonomy":"product_tag","embeddable":true,"href":"https:\/\/roveyayinevi.com.tr\/index.php\/wp-json\/wp\/v2\/product_tag?post=729437"}],"curies":[{"name":"wp","href":"https:\/\/api.w.org\/{rel}","templated":true}]}}