{"id":729412,"date":"2025-08-27T20:55:34","date_gmt":"2025-08-27T17:55:34","guid":{"rendered":"https:\/\/roveyayinevi.com.tr\/index.php\/urun\/ongorulemeyenler\/"},"modified":"2026-04-11T02:45:35","modified_gmt":"2026-04-10T23:45:35","slug":"ongorulemeyenler","status":"publish","type":"product","link":"https:\/\/roveyayinevi.com.tr\/index.php\/urun\/ongorulemeyenler\/","title":{"rendered":"\u00d6ng\u00f6r\u00fclemeyenler"},"content":{"rendered":"<p>Ger\u00e7ekler korkulardan daha b\u00fcy\u00fck olmal\u0131d\u0131r. Oyunu bozun. \u00d6ng\u00f6r\u00fclemez olun.   Bu kitapta art\u0131k ad\u0131 olmayan yitik bir \u00fclkenin \u00e7arp\u0131t\u0131lm\u0131\u015f ger\u00e7eklerle y\u00f6netilen topraklar\u0131nda b\u00fcy\u00fcyen bir \u00e7ocu\u011fun hik\u00e2yesini okuyacaks\u0131n\u0131z. Hi\u00e7 bitmeyen bir d\u00f6ng\u00fcn\u00fcn, s\u00fcrekli kendisini tamamlayan bir \u00e7emberin i\u00e7inde tutsak oldu\u011funu fark eden bir \u00e7ocuk&#8230; Bir \u00e7ocu\u011fu kurtarmak i\u00e7in m\u0131s\u0131r tarlalar\u0131nda ba\u015flayan s\u0131k\u0131 bir ko\u015fu bu. Akan Abdula, 80\u2019lerin totaliter Yugoslavya\u2019s\u0131nda so\u011fuk ve zorba bir apartman blokunda ba\u015flayan \u00e7ocuklu\u011funun, Noel Baba\u2019n\u0131n kuca\u011f\u0131ndan at\u0131lmas\u0131yla sonsuza dek d\u00f6n\u00fc\u015fen hayat\u0131n\u0131n zorlu ve lirik \u00f6yk\u00fcs\u00fcn\u00fc anlat\u0131yor. Rejimin co\u011frafyadan da sert oldu\u011fu o y\u0131llarda ya\u015fananlarla \u015fimdi s\u00f6zde \u00f6zg\u00fcrl\u00fckler vaat eden yeni \u00e7a\u011fa girerken ba\u015f\u0131m\u0131za gelecekler aras\u0131ndaki korkun\u00e7 benzerli\u011fi g\u00f6zler \u00f6n\u00fcne seriyor. Ger\u00e7eklik \u00f6tesi \u00e7a\u011f\u0131n\u0131n tutsaklar\u0131na, yalanlardan ger\u00e7eklik \u00fcreten teknolojik sistemlerin kurbanlar\u0131na, yani bizlere, erdemlerin ve hakikatin pe\u015fine d\u00fc\u015fmenin, tutsak eden \u00e7emberler kar\u015f\u0131s\u0131nda \u00f6ng\u00f6r\u00fclemez olman\u0131n yollar\u0131n\u0131 anlat\u0131yor. Elinizde tuttu\u011funuz kitap, bir otobiyografi ya da yak\u0131n tarih metni de\u011fil, d\u00fcped\u00fcz bir teknoloji kitab\u0131d\u0131r. Teknolojinin sert y\u00fcz\u00fcne kar\u015f\u0131 at\u0131lm\u0131\u015f cesur bir \u00e7\u0131\u011fl\u0131kt\u0131r. \u00c7\u00fcnk\u00fc ger\u00e7ekler ve \u00f6zg\u00fcrl\u00fckler her zaman korkulardan b\u00fcy\u00fckt\u00fcr. <\/p>\n","protected":false},"excerpt":{"rendered":"<p>Ger\u00e7ekler korkulardan daha b\u00fcy\u00fck olmal\u0131d\u0131r. Oyunu bozun. \u00d6ng\u00f6r\u00fclemez olun. Bu kitapta art\u0131k ad\u0131 olmayan yitik bir \u00fclkenin \u00e7arp\u0131t\u0131lm\u0131\u015f ger\u00e7eklerle y\u00f6netilen topraklar\u0131nda b\u00fcy\u00fcyen bir \u00e7ocu\u011fun hik\u00e2yesini okuyacaks\u0131n\u0131z.<span class=\"excerpt-hellip\"> [\u2026]<\/span><\/p>\n","protected":false},"featured_media":0,"template":"","meta":{"_monsterinsights_skip_tracking":false,"_monsterinsights_sitenote_active":false,"_monsterinsights_sitenote_note":"","_monsterinsights_sitenote_category":0},"product_brand":[],"product_cat":[13072,12291],"product_tag":[],"class_list":{"0":"post-729412","1":"product","2":"type-product","3":"status-publish","5":"product_cat-arastirma-inceleme-referans","6":"product_cat-edebiyat","7":"pa_cilt-ciltsiz","8":"pa_tur-kitap","9":"pa_yayinevi-destek-yayinlari","10":"pa_yazar-akan-abdula","12":"first","13":"instock","14":"sale","15":"shipping-taxable","16":"purchasable","17":"product-type-simple"},"_links":{"self":[{"href":"https:\/\/roveyayinevi.com.tr\/index.php\/wp-json\/wp\/v2\/product\/729412","targetHints":{"allow":["GET"]}}],"collection":[{"href":"https:\/\/roveyayinevi.com.tr\/index.php\/wp-json\/wp\/v2\/product"}],"about":[{"href":"https:\/\/roveyayinevi.com.tr\/index.php\/wp-json\/wp\/v2\/types\/product"}],"wp:attachment":[{"href":"https:\/\/roveyayinevi.com.tr\/index.php\/wp-json\/wp\/v2\/media?parent=729412"}],"wp:term":[{"taxonomy":"product_brand","embeddable":true,"href":"https:\/\/roveyayinevi.com.tr\/index.php\/wp-json\/wp\/v2\/product_brand?post=729412"},{"taxonomy":"product_cat","embeddable":true,"href":"https:\/\/roveyayinevi.com.tr\/index.php\/wp-json\/wp\/v2\/product_cat?post=729412"},{"taxonomy":"product_tag","embeddable":true,"href":"https:\/\/roveyayinevi.com.tr\/index.php\/wp-json\/wp\/v2\/product_tag?post=729412"}],"curies":[{"name":"wp","href":"https:\/\/api.w.org\/{rel}","templated":true}]}}