{"id":729411,"date":"2025-08-27T20:55:33","date_gmt":"2025-08-27T17:55:33","guid":{"rendered":"https:\/\/roveyayinevi.com.tr\/index.php\/urun\/hayal-gibiydik\/"},"modified":"2026-04-16T02:37:09","modified_gmt":"2026-04-15T23:37:09","slug":"hayal-gibiydik","status":"publish","type":"product","link":"https:\/\/roveyayinevi.com.tr\/index.php\/urun\/hayal-gibiydik\/","title":{"rendered":"Hayal Gibiydik"},"content":{"rendered":"<p>\u00c2\u015f\u0131k olmak ne demek? Birine tamamen g\u00fcvenmek, kendini ona ko\u015fulsuz teslim etmek sahi ne demek? Herkesin ac\u0131s\u0131yla tatl\u0131s\u0131yla bir hik\u00e2yesi vard\u0131r. B\u00fct\u00fcn ac\u0131lar, \u00fcz\u00fcnt\u00fcler, sevin\u00e7ler hatta insanlar bile gelip ge\u00e7icidir. Art\u0131k dayanamayaca\u011f\u0131m dedi\u011fimiz hi\u00e7bir ac\u0131 da baki de\u011fildir. \u00d6nemli olan senin kendine inanman ve kendi kendine yetebilmendir. \u00c7\u00fcnk\u00fc bu hayatta en \u00f6nemli \u015fey sensin! \u0130\u00e7inde kendinizden bir par\u00e7a bulurken, hayatta sevmekten ve sevilmekten daha \u00f6nemli bir \u015fey var m\u0131 gibi sorular\u0131n da cevab\u0131n\u0131 bulaca\u011f\u0131n\u0131z Hayal Gibiydik kitab\u0131n\u0131 b\u00fcy\u00fck bir tutkuyla okuyacaks\u0131n\u0131z.  <\/p>\n","protected":false},"excerpt":{"rendered":"<p>\u00c2\u015f\u0131k olmak ne demek? Birine tamamen g\u00fcvenmek, kendini ona ko\u015fulsuz teslim etmek sahi ne demek? Herkesin ac\u0131s\u0131yla tatl\u0131s\u0131yla bir hik\u00e2yesi vard\u0131r. B\u00fct\u00fcn ac\u0131lar, \u00fcz\u00fcnt\u00fcler, sevin\u00e7ler hatta<span class=\"excerpt-hellip\"> [\u2026]<\/span><\/p>\n","protected":false},"featured_media":0,"template":"","meta":{"_monsterinsights_skip_tracking":false,"_monsterinsights_sitenote_active":false,"_monsterinsights_sitenote_note":"","_monsterinsights_sitenote_category":0},"product_brand":[],"product_cat":[12777,12291],"product_tag":[],"class_list":{"0":"post-729411","1":"product","2":"type-product","3":"status-publish","5":"product_cat-deneme","6":"product_cat-edebiyat","7":"pa_cilt-ciltsiz","8":"pa_tur-kitap","9":"pa_yayinevi-ren-kitap","10":"pa_yazar-ahmet-aytimur","12":"first","13":"instock","14":"sale","15":"shipping-taxable","16":"purchasable","17":"product-type-simple"},"_links":{"self":[{"href":"https:\/\/roveyayinevi.com.tr\/index.php\/wp-json\/wp\/v2\/product\/729411","targetHints":{"allow":["GET"]}}],"collection":[{"href":"https:\/\/roveyayinevi.com.tr\/index.php\/wp-json\/wp\/v2\/product"}],"about":[{"href":"https:\/\/roveyayinevi.com.tr\/index.php\/wp-json\/wp\/v2\/types\/product"}],"wp:attachment":[{"href":"https:\/\/roveyayinevi.com.tr\/index.php\/wp-json\/wp\/v2\/media?parent=729411"}],"wp:term":[{"taxonomy":"product_brand","embeddable":true,"href":"https:\/\/roveyayinevi.com.tr\/index.php\/wp-json\/wp\/v2\/product_brand?post=729411"},{"taxonomy":"product_cat","embeddable":true,"href":"https:\/\/roveyayinevi.com.tr\/index.php\/wp-json\/wp\/v2\/product_cat?post=729411"},{"taxonomy":"product_tag","embeddable":true,"href":"https:\/\/roveyayinevi.com.tr\/index.php\/wp-json\/wp\/v2\/product_tag?post=729411"}],"curies":[{"name":"wp","href":"https:\/\/api.w.org\/{rel}","templated":true}]}}