{"id":729406,"date":"2025-08-27T20:55:29","date_gmt":"2025-08-27T17:55:29","guid":{"rendered":"https:\/\/roveyayinevi.com.tr\/index.php\/urun\/avrupa-hunlari-ve-avrupa-hun-turkcesi\/"},"modified":"2026-04-16T02:37:09","modified_gmt":"2026-04-15T23:37:09","slug":"avrupa-hunlari-ve-avrupa-hun-turkcesi","status":"publish","type":"product","link":"https:\/\/roveyayinevi.com.tr\/index.php\/urun\/avrupa-hunlari-ve-avrupa-hun-turkcesi\/","title":{"rendered":"Avrupa Hunlar\u0131 ve Avrupa Hun T\u00fcrk\u00e7esi"},"content":{"rendered":"<p>360 &#8211; 469 aras\u0131nda h\u00fck\u00fcm s\u00fcren Avrupa Hun devleti bir imparatorluktu. Hem \u00e7ok geni\u015f topraklara yay\u0131lm\u0131\u015ft\u0131, hem de devletin i\u00e7inde onlarca \u0131rka, dile, dine mensup kavimler, halklar, boylar vard\u0131. Fakat y\u00f6netici s\u0131n\u0131f ve asker\u00ee b\u00fcrokrasi ba\u015fat olarak T\u00fcrkt\u00fc.   D\u00fcnya ve Avrupa tarihinde derin izler b\u0131rakan Avrupa Hunlar\u0131n\u0131n unutulmamas\u0131n\u0131 sa\u011flayan iki \u00f6nemli olay vard\u0131r. Birincisi kavimler g\u00f6\u00e7\u00fcn\u00fc ba\u015flatmalar\u0131 ve Avrupa haritas\u0131n\u0131 de\u011fi\u015ftirmeleri, ikincisi \u00fcnl\u00fc Hun ba\u015fbu\u011fu Attila\u2019n\u0131n ve Hunlar\u0131n tarihte ve halklar\u0131n belle\u011finde b\u0131rakt\u0131\u011f\u0131 izlerdir (Efsaneler, menk\u0131beler, destanlar vb.).   Bu \u00e7al\u0131\u015fmada Hunlar\u0131n dili, tarihi, tarihsel co\u011frafyas\u0131, k\u00fclt\u00fcr ve uygarl\u0131\u011f\u0131, ya\u015fam\u0131, iktisad\u0131 \u00fczerinde durulmu\u015f, \u00f6zg\u00fcn g\u00f6r\u00fc\u015fler ortaya konulmu\u015ftur. Fakat esas a\u011f\u0131rl\u0131k Avrupa Hunlar\u0131n\u0131n diline verilmi\u015ftir. Avrupa Hunlar\u0131na ait bir\u00e7ok ki\u015fi, unvan, boy, yer ad\u0131 incelenmi\u015f; Balamir, Karaton, Mama, Atakam, Eskam, Bleda, Kr\u00e9ka ~ Cerca ~ Creca, Ellak, Dengizik, Ernek, Var, Hunnivar vb. s\u00f6zc\u00fckler \u00e7\u00f6z\u00fcme kavu\u015fturulmu\u015ftur. \u00d6zellikle Attila\u2019n\u0131n han\u0131mefendisi olan Kr\u00e9ka ~ Cerca ~ Creca\u2019n\u0131n T\u00fcrk\u00e7e K\u00f6rk oldu\u011fu bulgusu pek \u00f6nemlidir. Anlam\u0131 \u201cg\u00fczel\u201d olup unvand\u0131r. Ayr\u0131ca Attila\u2019n\u0131n \u00fc\u00e7 o\u011flunun adlar\u0131n\u0131n \u201cy\u00fcksek birer unvan\u201d oldu\u011fu bulgusu da \u00f6nemlidir. Sonu\u00e7 olarak Avrupa Hunlar\u0131n\u0131n dili T\u00fcrk\u00e7edir.<\/p>\n","protected":false},"excerpt":{"rendered":"<p>360 &#8211; 469 aras\u0131nda h\u00fck\u00fcm s\u00fcren Avrupa Hun devleti bir imparatorluktu. Hem \u00e7ok geni\u015f topraklara yay\u0131lm\u0131\u015ft\u0131, hem de devletin i\u00e7inde onlarca \u0131rka, dile, dine mensup kavimler,<span class=\"excerpt-hellip\"> [\u2026]<\/span><\/p>\n","protected":false},"featured_media":0,"template":"","meta":{"_monsterinsights_skip_tracking":false,"_monsterinsights_sitenote_active":false,"_monsterinsights_sitenote_note":"","_monsterinsights_sitenote_category":0},"product_brand":[],"product_cat":[12370,12304],"product_tag":[],"class_list":{"0":"post-729406","1":"product","2":"type-product","3":"status-publish","5":"product_cat-arastirma-inceleme","6":"product_cat-tarih","7":"pa_cilt-ciltsiz","8":"pa_tur-kitap","9":"pa_yayinevi-otuken-nesriyat","10":"pa_yazar-yusuf-gedikli","12":"first","13":"instock","14":"sale","15":"shipping-taxable","16":"purchasable","17":"product-type-simple"},"_links":{"self":[{"href":"https:\/\/roveyayinevi.com.tr\/index.php\/wp-json\/wp\/v2\/product\/729406","targetHints":{"allow":["GET"]}}],"collection":[{"href":"https:\/\/roveyayinevi.com.tr\/index.php\/wp-json\/wp\/v2\/product"}],"about":[{"href":"https:\/\/roveyayinevi.com.tr\/index.php\/wp-json\/wp\/v2\/types\/product"}],"wp:attachment":[{"href":"https:\/\/roveyayinevi.com.tr\/index.php\/wp-json\/wp\/v2\/media?parent=729406"}],"wp:term":[{"taxonomy":"product_brand","embeddable":true,"href":"https:\/\/roveyayinevi.com.tr\/index.php\/wp-json\/wp\/v2\/product_brand?post=729406"},{"taxonomy":"product_cat","embeddable":true,"href":"https:\/\/roveyayinevi.com.tr\/index.php\/wp-json\/wp\/v2\/product_cat?post=729406"},{"taxonomy":"product_tag","embeddable":true,"href":"https:\/\/roveyayinevi.com.tr\/index.php\/wp-json\/wp\/v2\/product_tag?post=729406"}],"curies":[{"name":"wp","href":"https:\/\/api.w.org\/{rel}","templated":true}]}}