{"id":729391,"date":"2025-08-27T20:55:13","date_gmt":"2025-08-27T17:55:13","guid":{"rendered":"https:\/\/roveyayinevi.com.tr\/index.php\/urun\/sorularla-kalite\/"},"modified":"2026-04-16T02:37:09","modified_gmt":"2026-04-15T23:37:09","slug":"sorularla-kalite","status":"publish","type":"product","link":"https:\/\/roveyayinevi.com.tr\/index.php\/urun\/sorularla-kalite\/","title":{"rendered":"Sorularla Kalite"},"content":{"rendered":"<p>ISO 9001:2015 Kalite Y\u00f6netim Sistemi (KYS), her t\u00fcr y\u00f6netim sisteminin ve y\u00f6netim modelinin temelini olu\u015fturur. Kurulu\u015fun uzun d\u00f6nem performans\u0131, bu temelin do\u011fru at\u0131l\u0131p at\u0131lmad\u0131\u011f\u0131na do\u011frudan ba\u011fl\u0131d\u0131r. Bu kitap; kurulu\u015flarda ISO 9001:2015 KYS\u2019yi kuracak, g\u00fcncelleyecek, uygulayacak ve\/veya geli\u015ftirecek olan profesyonellere, dan\u0131\u015fmanlara, y\u00f6neticilere, m\u00fchendislere, teknisyenlere ve \u00e7al\u0131\u015fanlara a\u015fa\u011f\u0131daki yetkinlikleri kazand\u0131rmay\u0131 ama\u00e7lar; KYS\u2019nin kavramlar\u0131n\u0131, tan\u0131mlar\u0131n\u0131 ve prensiplerini do\u011fru kavramak, KYS\u2019nin \u015fartlar\u0131n\u0131 do\u011fru anlamak ve do\u011fru yorumlamak, KYS\u2019nin tasar\u0131m\u0131, kurulmas\u0131, uygulanmas\u0131, tetkik edilmesi ve iyile\u015ftirilmesi faaliyetlerinde yer almak.   Bu kitapta verilen bilgiler; yazar\u0131n KYS hakk\u0131ndaki 30 y\u0131l\u0131 a\u015fan tecr\u00fcbesi \u0131\u015f\u0131\u011f\u0131nda ilgili standartlar\u0131n (kaynak\u00e7ada belirtilmi\u015ftir) yorumlanmas\u0131 ile derlenmi\u015ftir. Kimi yerde standartlar\u0131n \u00f6zetlenmesi ile as\u0131l ama\u00e7 \u00f6ne \u00e7\u0131kart\u0131lm\u0131\u015f, kimi yerde yorumlanarak zenginle\u015ftirilmi\u015f, kimi yerde de oldu\u011fu gibi verilmi\u015ftir.   ISO 9001 KYS\u2019yi \u00f6\u011frenmeye yeni ba\u015flayacak okuyuculara bu kitaba ba\u015flamadan \u00f6nce konu ile ilgili \u00f6n bilgi edinmeleri tavsiye edilir. Bu \u00f6n bilgi, do\u011fru se\u00e7ilmi\u015f bir e\u011fitmenden al\u0131nacak bir seminer veya online e\u011fitim olabilir.   Ayr\u0131ca bu kitapta verilen al\u0131\u015ft\u0131rmalar ve testler ile okuyucular\u0131n KYS\u2019yi yorumlama becerilerini art\u0131rmalar\u0131 ama\u00e7lanm\u0131\u015ft\u0131r. Bu kitapta yer alan al\u0131\u015ft\u0131rmalar\u0131n ve testlerin haz\u0131rlanma nedenleri a\u015fa\u011f\u0131da belirtilmi\u015ftir;   ISO 9001 KYS\u2019ni \u00f6\u011frenmeye yeni ba\u015flayacak okuyuculara bu kitaba ba\u015flamadan \u00f6nce konu ile ilgili \u00f6n bilgi edinmeleri \u00f6nerilir. Bu \u00f6n bilgi, do\u011fru se\u00e7ilmi\u015f bir e\u011fitmenden al\u0131nacak bir seminer veya online e\u011fitim olabilir.   Ayr\u0131ca bu kitapta verilen al\u0131\u015ft\u0131rmalar ve testler ile okuyucular\u0131n KYS\u2019ni yorumlama becerilerini art\u0131rmalar\u0131 ama\u00e7lanm\u0131\u015ft\u0131r. Bu nedenle bu kitapta yer alan al\u0131\u015ft\u0131rmalar ve testlerin haz\u0131rlanma nedeni a\u015fa\u011f\u0131daki gibidir;   \u00d6n Test Kitab\u0131n ba\u015f\u0131nda yer alan ve 20 sorudan olu\u015fan bu test ile ISO 9001 KYS hakk\u0131ndaki \u00f6n alg\u0131n\u0131z\u0131 test edeceksiniz. Not: T\u00fcm okuyucular i\u00e7in \u00f6nerilir.   Al\u0131\u015ft\u0131rmalar Bu kitab\u0131n B, C, D, ve E b\u00f6l\u00fcmlerinde yer alan ve toplam 100 sorudan olu\u015fan (her biri 10 sorudan olu\u015fan 10 farkl\u0131 soru seti) al\u0131\u015ft\u0131rmalar ile ISO 9001 KYS\u2019nin ilgili b\u00f6l\u00fcm\u00fc hakk\u0131ndaki bilginizi test edeceksiniz. Not: T\u00fcm okuyucular i\u00e7in \u00f6nerilir.   Birinci a\u015fama testler \u201cI-1\u201d b\u00f6l\u00fcmde verilen ve her biri 25 sorudan olu\u015fan 5 test ile ISO 9001 KYS hakk\u0131ndaki genel bilginizi test edeceksiniz. Not: Birinci a\u015fama testler, kurulu\u015flar\u0131nda ISO 9001 KYS\u2019yi uygulayacak \u00e7al\u0131\u015fanlar (\u00fcst y\u00f6netim, orta kademe y\u00f6netim veya \u00e7al\u0131\u015fanlar) i\u00e7in \u00f6nerilir.   \u0130kinci a\u015fama testler \u201cI-2\u201d b\u00f6l\u00fcmde verilen ve her biri 25 sorudan olu\u015fan 5 test ile ISO 9001 KYS hakk\u0131ndaki detay bilginizi test edeceksiniz. Not: \u0130kinci a\u015fama testler, kurulu\u015flarda ISO 9001 KYS\u2019yi olu\u015fturacak, dok\u00fcmante edecek, tetkik edecek ve\/veya iyile\u015ftirecek kalite profesyonelleri ve dan\u0131\u015fmanlar i\u00e7in \u00f6nerilir.   Ekler Bu kitab\u0131n \u201cJ\u201d b\u00f6l\u00fcm\u00fcnde ekler verilmi\u015ftir. Bu ekler KYS i\u00e7erisinde kullan\u0131lan \u00e7e\u015fitli formlar, tablolar, prosed\u00fcrler ve planlardan olu\u015fmaktad\u0131r. Bu eklerin ilki hayali bir kurulu\u015f olan XYZ A.\u015e.\u2019yi anlatmaktad\u0131r. Bu hayali kurulu\u015f do\u011fru \u015fekilde alg\u0131lan\u0131r ise di\u011fer eklerin de alg\u0131lanmas\u0131 daha kolay olacakt\u0131r. Yararl\u0131 olmas\u0131 dile\u011fiyle\u2026 <\/p>\n","protected":false},"excerpt":{"rendered":"<p>ISO 9001:2015 Kalite Y\u00f6netim Sistemi (KYS), her t\u00fcr y\u00f6netim sisteminin ve y\u00f6netim modelinin temelini olu\u015fturur. Kurulu\u015fun uzun d\u00f6nem performans\u0131, bu temelin do\u011fru at\u0131l\u0131p at\u0131lmad\u0131\u011f\u0131na do\u011frudan ba\u011fl\u0131d\u0131r.<span class=\"excerpt-hellip\"> [\u2026]<\/span><\/p>\n","protected":false},"featured_media":0,"template":"","meta":{"_monsterinsights_skip_tracking":false,"_monsterinsights_sitenote_active":false,"_monsterinsights_sitenote_note":"","_monsterinsights_sitenote_category":0},"product_brand":[],"product_cat":[13043,17647],"product_tag":[],"class_list":{"0":"post-729391","1":"product","2":"type-product","3":"status-publish","5":"product_cat-ekonomi","6":"product_cat-is-dunyasi","7":"pa_cilt-ciltsiz","8":"pa_tur-kitap","9":"pa_yayinevi-sigma-akademi-yayinevi","10":"pa_yazar-yilmaz-altas","12":"first","13":"instock","14":"sale","15":"shipping-taxable","16":"purchasable","17":"product-type-simple"},"_links":{"self":[{"href":"https:\/\/roveyayinevi.com.tr\/index.php\/wp-json\/wp\/v2\/product\/729391","targetHints":{"allow":["GET"]}}],"collection":[{"href":"https:\/\/roveyayinevi.com.tr\/index.php\/wp-json\/wp\/v2\/product"}],"about":[{"href":"https:\/\/roveyayinevi.com.tr\/index.php\/wp-json\/wp\/v2\/types\/product"}],"wp:attachment":[{"href":"https:\/\/roveyayinevi.com.tr\/index.php\/wp-json\/wp\/v2\/media?parent=729391"}],"wp:term":[{"taxonomy":"product_brand","embeddable":true,"href":"https:\/\/roveyayinevi.com.tr\/index.php\/wp-json\/wp\/v2\/product_brand?post=729391"},{"taxonomy":"product_cat","embeddable":true,"href":"https:\/\/roveyayinevi.com.tr\/index.php\/wp-json\/wp\/v2\/product_cat?post=729391"},{"taxonomy":"product_tag","embeddable":true,"href":"https:\/\/roveyayinevi.com.tr\/index.php\/wp-json\/wp\/v2\/product_tag?post=729391"}],"curies":[{"name":"wp","href":"https:\/\/api.w.org\/{rel}","templated":true}]}}