{"id":729390,"date":"2025-08-27T20:55:12","date_gmt":"2025-08-27T17:55:12","guid":{"rendered":"https:\/\/roveyayinevi.com.tr\/index.php\/urun\/erotologya\/"},"modified":"2026-04-16T02:37:09","modified_gmt":"2026-04-15T23:37:09","slug":"erotologya","status":"publish","type":"product","link":"https:\/\/roveyayinevi.com.tr\/index.php\/urun\/erotologya\/","title":{"rendered":"Erotologya?"},"content":{"rendered":"<p>&#8220;&#8230; Hulki Aktun\u00e7&#8217;un Erotologya&#8217;s\u0131 cinsellik \u00fclkesinde alabildi\u011fine s\u00f6rf yapaca\u011f\u0131n\u0131z, edebiyat lezzetine cinsel baharat\u0131 katan denemelerden olu\u015fuyor. Cinsellik \u00fczerine akl\u0131n\u0131za gelen, bilin\u00e7alt\u0131ndan bilince \u00e7\u0131kmamas\u0131 i\u00e7in helak edici \u00e7aba g\u00f6sterdii\u011finiz konularda tatl\u0131 tatl\u0131 bilgi veriyor. \u00dcstelik zor bir i\u015fe giri\u015fmi\u015f: Ortado\u011fu&#8217;nun eroto-logyas\u0131n\u0131 yazmaya. Kimdir bu Ortado\u011fululu erotoman? Ba\u015fta yazar\u0131n kendisini, sonra bu co\u011frafyada ya\u015fayan hepimiz. 1001 Gece Masallar\u0131&#8217;n\u0131 okudunuz mu? Tam \u00e7evirisi \u00e7\u0131kt\u0131. Evliya \u00c7elebi&#8217;nin Seyahatname&#8217;sini sever misiniz? \u0130kisine de evet dediyseniz, onlar\u0131n yan\u0131na \u00fc\u00e7\u00fcnc\u00fc birkitap daha geldi: Erotologya. (&#8230;) Hat\u0131rlatmalarda, geriye d\u00f6n\u00fc\u015flerle, tarihin tan\u0131kl\u0131\u011f\u0131na ba\u015fvurular\u0131yla mahremiyetimizin gizli hazinesi bu kitap&#8230;&#8221; Do\u011fan H\u0131zlan Yeni bask\u0131ya eklenen iki yaz\u0131yla &#8220;lmahremiyetimizin gizli hazinesi&#8221; biraz daha zenginle\u015fiyor.<\/p>\n","protected":false},"excerpt":{"rendered":"<p>&#8220;&#8230; Hulki Aktun\u00e7&#8217;un Erotologya&#8217;s\u0131 cinsellik \u00fclkesinde alabildi\u011fine s\u00f6rf yapaca\u011f\u0131n\u0131z, edebiyat lezzetine cinsel baharat\u0131 katan denemelerden olu\u015fuyor. Cinsellik \u00fczerine akl\u0131n\u0131za gelen, bilin\u00e7alt\u0131ndan bilince \u00e7\u0131kmamas\u0131 i\u00e7in helak edici<span class=\"excerpt-hellip\"> [\u2026]<\/span><\/p>\n","protected":false},"featured_media":0,"template":"","meta":{"_monsterinsights_skip_tracking":false,"_monsterinsights_sitenote_active":false,"_monsterinsights_sitenote_note":"","_monsterinsights_sitenote_category":0},"product_brand":[],"product_cat":[12777,12291],"product_tag":[],"class_list":{"0":"post-729390","1":"product","2":"type-product","3":"status-publish","5":"product_cat-deneme","6":"product_cat-edebiyat","7":"pa_cilt-ciltsiz","8":"pa_tur-kitap","9":"pa_yayinevi-yapi-kredi-yayinlari","10":"pa_yazar-hulki-aktunc","12":"first","13":"instock","14":"sale","15":"shipping-taxable","16":"purchasable","17":"product-type-simple"},"_links":{"self":[{"href":"https:\/\/roveyayinevi.com.tr\/index.php\/wp-json\/wp\/v2\/product\/729390","targetHints":{"allow":["GET"]}}],"collection":[{"href":"https:\/\/roveyayinevi.com.tr\/index.php\/wp-json\/wp\/v2\/product"}],"about":[{"href":"https:\/\/roveyayinevi.com.tr\/index.php\/wp-json\/wp\/v2\/types\/product"}],"wp:attachment":[{"href":"https:\/\/roveyayinevi.com.tr\/index.php\/wp-json\/wp\/v2\/media?parent=729390"}],"wp:term":[{"taxonomy":"product_brand","embeddable":true,"href":"https:\/\/roveyayinevi.com.tr\/index.php\/wp-json\/wp\/v2\/product_brand?post=729390"},{"taxonomy":"product_cat","embeddable":true,"href":"https:\/\/roveyayinevi.com.tr\/index.php\/wp-json\/wp\/v2\/product_cat?post=729390"},{"taxonomy":"product_tag","embeddable":true,"href":"https:\/\/roveyayinevi.com.tr\/index.php\/wp-json\/wp\/v2\/product_tag?post=729390"}],"curies":[{"name":"wp","href":"https:\/\/api.w.org\/{rel}","templated":true}]}}