{"id":729374,"date":"2025-08-27T20:55:00","date_gmt":"2025-08-27T17:55:00","guid":{"rendered":"https:\/\/roveyayinevi.com.tr\/index.php\/urun\/ozgurluk-ve-bilgi-fons-eldersle-soylesi\/"},"modified":"2026-04-16T02:37:08","modified_gmt":"2026-04-15T23:37:08","slug":"ozgurluk-ve-bilgi-fons-eldersle-soylesi","status":"publish","type":"product","link":"https:\/\/roveyayinevi.com.tr\/index.php\/urun\/ozgurluk-ve-bilgi-fons-eldersle-soylesi\/","title":{"rendered":"\u00d6zg\u00fcrl\u00fck ve Bilgi &#8211; Fons Elders&#8217;le S\u00f6yle\u015fi"},"content":{"rendered":"<p>Okuru, Noam Chomsky&#8217;yle yapt\u0131\u011f\u0131 &#8220;adalet&#8221; \u00fcst\u00fcne me\u015fhur tart\u0131\u015fman\u0131n \u00f6ncesine g\u00f6t\u00fcren ve ilk kez yay\u0131nlanan bu s\u00f6yle\u015fi, bir hakikat dillendiricisi olarak Foucault&#8217;nun \u00f6zg\u00fcrl\u00fck ile bilgi aras\u0131ndaki gerilimli ili\u015fkiyi sorunsalla\u015ft\u0131rmas\u0131na \u0131\u015f\u0131k tutuyor. Bu ili\u015fki \u00e7er\u00e7evesinde iktidar sorununu ele alan Foucault, evrensel, ancak bask\u0131 arac\u0131na d\u00f6n\u00fc\u015fmeyen bir bilgi ihtimali \u00fczerine d\u00fc\u015f\u00fcnmemizi sa\u011flayacak ipu\u00e7lar\u0131n\u0131 sunuyor.\u00d6zg\u00fcrl\u00fck ve Bilgi, yaln\u0131zca d\u00fc\u015f\u00fcn\u00fcr\u00fcn erken d\u00f6nemine dair \u00f6nemli bir teorik ekseni ortaya koymakla kalm\u0131yor; s\u00f6yle\u015fiyi ger\u00e7ekle\u015ftiren Fons Elders&#8217;in notlar\u0131yla birlikte Foucault&#8217;nun televizyona \u00e7\u0131kmaya dair \u00e7ekincelerini, kendisine dair konu\u015fmay\u0131 reddetmesinin nedenlerini ve hatta yay\u0131nc\u0131lar\u0131n Delili\u011fin Tarihi&#8217;nin kapaklar\u0131na neden yanl\u0131\u015f g\u00f6rselleri se\u00e7ti\u011fini d\u00fc\u015f\u00fcnd\u00fc\u011f\u00fcn\u00fc de g\u00f6steren ve onu daha yak\u0131ndan tan\u0131mam\u0131z\u0131 sa\u011flayan veriler i\u00e7eriyor.<\/p>\n","protected":false},"excerpt":{"rendered":"<p>Okuru, Noam Chomsky&#8217;yle yapt\u0131\u011f\u0131 &#8220;adalet&#8221; \u00fcst\u00fcne me\u015fhur tart\u0131\u015fman\u0131n \u00f6ncesine g\u00f6t\u00fcren ve ilk kez yay\u0131nlanan bu s\u00f6yle\u015fi, bir hakikat dillendiricisi olarak Foucault&#8217;nun \u00f6zg\u00fcrl\u00fck ile bilgi aras\u0131ndaki gerilimli<span class=\"excerpt-hellip\"> [\u2026]<\/span><\/p>\n","protected":false},"featured_media":0,"template":"","meta":{"_monsterinsights_skip_tracking":false,"_monsterinsights_sitenote_active":false,"_monsterinsights_sitenote_note":"","_monsterinsights_sitenote_category":0},"product_brand":[],"product_cat":[12291,30969],"product_tag":[],"class_list":{"0":"post-729374","1":"product","2":"type-product","3":"status-publish","5":"product_cat-edebiyat","6":"product_cat-soylesi-edebiyat","7":"pa_cilt-ciltsiz","8":"pa_tur-kitap","9":"pa_yayinevi-sel-yayincilik","10":"pa_yazar-michel-foucault","12":"first","13":"instock","14":"sale","15":"shipping-taxable","16":"purchasable","17":"product-type-simple"},"_links":{"self":[{"href":"https:\/\/roveyayinevi.com.tr\/index.php\/wp-json\/wp\/v2\/product\/729374","targetHints":{"allow":["GET"]}}],"collection":[{"href":"https:\/\/roveyayinevi.com.tr\/index.php\/wp-json\/wp\/v2\/product"}],"about":[{"href":"https:\/\/roveyayinevi.com.tr\/index.php\/wp-json\/wp\/v2\/types\/product"}],"wp:attachment":[{"href":"https:\/\/roveyayinevi.com.tr\/index.php\/wp-json\/wp\/v2\/media?parent=729374"}],"wp:term":[{"taxonomy":"product_brand","embeddable":true,"href":"https:\/\/roveyayinevi.com.tr\/index.php\/wp-json\/wp\/v2\/product_brand?post=729374"},{"taxonomy":"product_cat","embeddable":true,"href":"https:\/\/roveyayinevi.com.tr\/index.php\/wp-json\/wp\/v2\/product_cat?post=729374"},{"taxonomy":"product_tag","embeddable":true,"href":"https:\/\/roveyayinevi.com.tr\/index.php\/wp-json\/wp\/v2\/product_tag?post=729374"}],"curies":[{"name":"wp","href":"https:\/\/api.w.org\/{rel}","templated":true}]}}