{"id":729373,"date":"2025-08-27T20:54:58","date_gmt":"2025-08-27T17:54:58","guid":{"rendered":"https:\/\/roveyayinevi.com.tr\/index.php\/urun\/gokyuzundeki-parlak-sey\/"},"modified":"2026-04-16T02:37:08","modified_gmt":"2026-04-15T23:37:08","slug":"gokyuzundeki-parlak-sey","status":"publish","type":"product","link":"https:\/\/roveyayinevi.com.tr\/index.php\/urun\/gokyuzundeki-parlak-sey\/","title":{"rendered":"G\u00f6ky\u00fcz\u00fcndeki Parlak \u015eey"},"content":{"rendered":"<p>Lili g\u00f6ky\u00fcz\u00fcndeki parlak \u015feye bakt\u0131\u011f\u0131 anda, Olmad\u0131 hi\u00e7bir \u015fey eskisi gibi bir daha. Yepyeni ke\u015fifler tahta kap\u0131n\u0131n ard\u0131ndayd\u0131, De\u011fi\u015fim ise ka\u00e7\u0131n\u0131lmazd\u0131.   Kap\u0131ld\u0131\u011f\u0131nda kelebek y\u0131ld\u0131z\u0131n\u0131n ihti\u015fam\u0131na bir anl\u0131\u011f\u0131na, D\u00fc\u015ft\u00fc kendi i\u00e7indeki \u0131\u015f\u0131\u011f\u0131 bulmak i\u00e7in yollara\u2026   Koyun Lili\u2019nin b\u00fcy\u00fck bir hayranl\u0131kla bakakald\u0131\u011f\u0131 parlak y\u0131ld\u0131z onu b\u00fcy\u00fcleyerek daha \u00f6nce hi\u00e7 tecr\u00fcbe etmedi\u011fi bir yolculu\u011fa \u00e7\u0131kmas\u0131n\u0131 sa\u011flar. G\u00fcnd\u00fczleri s\u00fcr\u00fcs\u00fcyle birlikte edindi\u011fi deneyimlerden \u00e7ok farkl\u0131d\u0131r bu. Ah\u0131r\u0131n kap\u0131s\u0131 kapanmadan \u00f6nce yuvas\u0131na yeti\u015fememesi, ilk defa gece vakti d\u0131\u015far\u0131da hem de tek ba\u015f\u0131na kalmas\u0131na sebep olur. Lili\u2019ye ba\u015fta bu durum tedirgin edici gelse de biraz cesaretle \u00e7evresine ve bedenine oda\u011f\u0131n\u0131 \u00e7evirir. B\u00f6ylelikle daha \u00f6nce hi\u00e7 fark etmedi\u011fi \u015feylerle kar\u015f\u0131la\u015f\u0131r. R\u00fczgar bir ba\u015fka esiyordur, her g\u00fcn \u00fczerinde y\u00fcr\u00fcd\u00fc\u011f\u00fc \u00e7al\u0131lar bir ba\u015fka g\u00f6r\u00fcn\u00fcyordur. Gecenin hayvanlar\u0131 da farkl\u0131d\u0131r. Gecenin sessizli\u011finde atan kalbi ise capcanl\u0131d\u0131r.   G\u00fcn do\u011fdu\u011funda Lili s\u00fcr\u00fcs\u00fcndeki dostlar\u0131na kavu\u015fur. Onlarla mutlu bir g\u00fcn ge\u00e7irir ama yeniden gece oldu\u011funda g\u00fcvenli alan\u0131na d\u00f6nmek eskisi kadar cazip gelmemektedir. Bu ke\u015fif \u015funu fark ettirmi\u015ftir Lili\u2019ye; bir seferde bile bu muazzam kar\u015f\u0131la\u015fmalar\u0131 ya\u015fayabildi\u011fine g\u00f6re, kim bilir daha neler neler beklemektedir onu bu \u0131\u015f\u0131lt\u0131l\u0131 gecede. Y\u0131ld\u0131zlar\u0131n b\u00fcy\u00fcs\u00fcne kap\u0131lan Lili yeni bir par\u00e7as\u0131n\u0131 ke\u015ffetmi\u015ftir art\u0131k.   \u00c7ocuklara kendi parlak y\u0131ld\u0131zlar\u0131n\u0131 bulabilmeleri i\u00e7in \u0131\u015f\u0131k tutan Cristina Bellemo ve Simona Mulazzani\u2019nin G\u00f6ky\u00fcz\u00fcndeki Parlak \u015eey kitab\u0131 Hayriye Selen \u0130yicil\u2019in \u00e7evirisi ve Petek Halman Kara\u2019n\u0131n \u00f6ns\u00f6z\u00fcyle herkesi \u00f6zg\u00fcn bir yolculu\u011fa davet ediyor. <\/p>\n","protected":false},"excerpt":{"rendered":"<p>Lili g\u00f6ky\u00fcz\u00fcndeki parlak \u015feye bakt\u0131\u011f\u0131 anda, Olmad\u0131 hi\u00e7bir \u015fey eskisi gibi bir daha. Yepyeni ke\u015fifler tahta kap\u0131n\u0131n ard\u0131ndayd\u0131, De\u011fi\u015fim ise ka\u00e7\u0131n\u0131lmazd\u0131. Kap\u0131ld\u0131\u011f\u0131nda kelebek y\u0131ld\u0131z\u0131n\u0131n ihti\u015fam\u0131na bir<span class=\"excerpt-hellip\"> [\u2026]<\/span><\/p>\n","protected":false},"featured_media":0,"template":"","meta":{"_monsterinsights_skip_tracking":false,"_monsterinsights_sitenote_active":false,"_monsterinsights_sitenote_note":"","_monsterinsights_sitenote_category":0},"product_brand":[],"product_cat":[12913,12274],"product_tag":[],"class_list":{"0":"post-729373","1":"product","2":"type-product","3":"status-publish","5":"product_cat-3-6-yas-kitaplari","6":"product_cat-cocuk-ve-genclik-kitaplari","7":"pa_cilt-ciltsiz","8":"pa_tur-kitap","9":"pa_yayinevi-okuyan-koala","10":"pa_yazar-cristina-bellemo-simona-mulazzani","12":"first","13":"instock","14":"sale","15":"shipping-taxable","16":"purchasable","17":"product-type-simple"},"_links":{"self":[{"href":"https:\/\/roveyayinevi.com.tr\/index.php\/wp-json\/wp\/v2\/product\/729373","targetHints":{"allow":["GET"]}}],"collection":[{"href":"https:\/\/roveyayinevi.com.tr\/index.php\/wp-json\/wp\/v2\/product"}],"about":[{"href":"https:\/\/roveyayinevi.com.tr\/index.php\/wp-json\/wp\/v2\/types\/product"}],"wp:attachment":[{"href":"https:\/\/roveyayinevi.com.tr\/index.php\/wp-json\/wp\/v2\/media?parent=729373"}],"wp:term":[{"taxonomy":"product_brand","embeddable":true,"href":"https:\/\/roveyayinevi.com.tr\/index.php\/wp-json\/wp\/v2\/product_brand?post=729373"},{"taxonomy":"product_cat","embeddable":true,"href":"https:\/\/roveyayinevi.com.tr\/index.php\/wp-json\/wp\/v2\/product_cat?post=729373"},{"taxonomy":"product_tag","embeddable":true,"href":"https:\/\/roveyayinevi.com.tr\/index.php\/wp-json\/wp\/v2\/product_tag?post=729373"}],"curies":[{"name":"wp","href":"https:\/\/api.w.org\/{rel}","templated":true}]}}