{"id":729347,"date":"2025-08-27T20:54:34","date_gmt":"2025-08-27T17:54:34","guid":{"rendered":"https:\/\/roveyayinevi.com.tr\/index.php\/urun\/gecmis-zaman-kedileri-turk-edebiyatindan-kedi-metinleri-1870-1950\/"},"modified":"2026-04-16T02:37:07","modified_gmt":"2026-04-15T23:37:07","slug":"gecmis-zaman-kedileri-turk-edebiyatindan-kedi-metinleri-1870-1950","status":"publish","type":"product","link":"https:\/\/roveyayinevi.com.tr\/index.php\/urun\/gecmis-zaman-kedileri-turk-edebiyatindan-kedi-metinleri-1870-1950\/","title":{"rendered":"Ge\u00e7mi\u015f Zaman Kedileri T\u00fcrk Edebiyat\u0131ndan Kedi Metinleri (1870-1950)"},"content":{"rendered":"<p>\u201cBu m\u00fchim kusuruyla beraber Tosun\u2019u bir kedi gibi de\u011fil; bir refik, hatta yeg\u00e2ne bir refik-i sad\u0131k s\u0131fat\u0131yla severdim ve hissederdim ki o da beni alelade de\u011fil, b\u00fct\u00fcn h\u00fcviyet-i manevisinin merbutiyetiyle seviyordu.\u201d Ge\u00e7mi\u015f Zaman Kedileri, 1870\u2019lerden 1950\u2019lere hayvanlar\u0131n edebiyatta nas\u0131l temsil edildi\u011fi sorusuna kedi hik\u00e2yeleriyle cevap veriyor. Ahmet Ha\u015fim\u2019den Halit Ziya U\u015fakl\u0131gil\u2019e, Fatma M\u00fcnire\u2019den Osman Cemal Kayg\u0131l\u0131\u2019ya, H\u00fcseyin Rahmi G\u00fcrp\u0131nar\u2019dan Ahmet Midhat\u2019a uzanan metin derlemesinde \u015fehir deneyimiyle kedi hik\u00e2yeleri i\u00e7 i\u00e7e ge\u00e7iyor, b\u00f6ylece kitap, \u0130stanbul sokaklar\u0131nda ve konaklar\u0131nda gezinen, insanlara refakat eden kedilerin rehberli\u011finde bir \u00e7e\u015fit seyir defterine d\u00f6n\u00fc\u015f\u00fcyor. Kedilerle kurulan arkada\u015fl\u0131klar ve kedilere y\u00f6nelik d\u00fc\u015fmanl\u0131klar, yolda\u015f ve tekinsiz kediler, bu metinler aras\u0131nda dola\u015f\u0131rken y\u00fcz y\u0131l \u00f6ncesinde insan kedi ili\u015fkilerinin serencam\u0131n\u0131 da resmediyor. <\/p>\n","protected":false},"excerpt":{"rendered":"<p>\u201cBu m\u00fchim kusuruyla beraber Tosun\u2019u bir kedi gibi de\u011fil; bir refik, hatta yeg\u00e2ne bir refik-i sad\u0131k s\u0131fat\u0131yla severdim ve hissederdim ki o da beni alelade de\u011fil,<span class=\"excerpt-hellip\"> [\u2026]<\/span><\/p>\n","protected":false},"featured_media":0,"template":"","meta":{"_monsterinsights_skip_tracking":false,"_monsterinsights_sitenote_active":false,"_monsterinsights_sitenote_note":"","_monsterinsights_sitenote_category":0},"product_brand":[],"product_cat":[12291,12711],"product_tag":[],"class_list":{"0":"post-729347","1":"product","2":"type-product","3":"status-publish","5":"product_cat-edebiyat","6":"product_cat-roman-oyku","7":"pa_cilt-ciltsiz","8":"pa_tur-kitap","9":"pa_yayinevi-turkuvaz-kitap","10":"pa_yazar-turkuvaz-kitap-kolektif","12":"first","13":"instock","14":"sale","15":"shipping-taxable","16":"purchasable","17":"product-type-simple"},"_links":{"self":[{"href":"https:\/\/roveyayinevi.com.tr\/index.php\/wp-json\/wp\/v2\/product\/729347","targetHints":{"allow":["GET"]}}],"collection":[{"href":"https:\/\/roveyayinevi.com.tr\/index.php\/wp-json\/wp\/v2\/product"}],"about":[{"href":"https:\/\/roveyayinevi.com.tr\/index.php\/wp-json\/wp\/v2\/types\/product"}],"wp:attachment":[{"href":"https:\/\/roveyayinevi.com.tr\/index.php\/wp-json\/wp\/v2\/media?parent=729347"}],"wp:term":[{"taxonomy":"product_brand","embeddable":true,"href":"https:\/\/roveyayinevi.com.tr\/index.php\/wp-json\/wp\/v2\/product_brand?post=729347"},{"taxonomy":"product_cat","embeddable":true,"href":"https:\/\/roveyayinevi.com.tr\/index.php\/wp-json\/wp\/v2\/product_cat?post=729347"},{"taxonomy":"product_tag","embeddable":true,"href":"https:\/\/roveyayinevi.com.tr\/index.php\/wp-json\/wp\/v2\/product_tag?post=729347"}],"curies":[{"name":"wp","href":"https:\/\/api.w.org\/{rel}","templated":true}]}}