{"id":729341,"date":"2025-08-27T20:54:28","date_gmt":"2025-08-27T17:54:28","guid":{"rendered":"https:\/\/roveyayinevi.com.tr\/index.php\/urun\/hayvan-ciftligi-bir-peri-masali-karikaturlu\/"},"modified":"2026-04-16T02:37:07","modified_gmt":"2026-04-15T23:37:07","slug":"hayvan-ciftligi-bir-peri-masali-karikaturlu","status":"publish","type":"product","link":"https:\/\/roveyayinevi.com.tr\/index.php\/urun\/hayvan-ciftligi-bir-peri-masali-karikaturlu\/","title":{"rendered":"Hayvan \u00c7iftli\u011fi &#8211; Bir Peri Masal\u0131 (Karikat\u00fcrl\u00fc)"},"content":{"rendered":"<p>D\u00fcnya Prometheus \u015eeref K\u00fcrs\u00fcs\u00fc \u00d6d\u00fcl\u00fc sahibi Orwell\u2019\u0131n Hayvan \u00c7iftli\u011fi kitab\u0131, bug\u00fcn yediden yetmi\u015fe herkesin anlayabilece\u011fi \u015fekilde distopik bir realizmi g\u00fcn y\u00fcz\u00fcne \u00e7\u0131kar\u0131yor.Kitap hem bir sosyalizm hem de bir kapitalizm ele\u015ftirisi olarak 2. D\u00fcnya sava\u015f\u0131ndan bu yana g\u00fcncelli\u011fini koruyor. Bay Jones\u2019un Manor \u00c7iftli\u011fi\u2019nde ya\u015fayan hayvanlar, \u00e7iftlik ko\u015fullar\u0131na isyan ederek insanlar\u0131 g\u00f6nderir ve \u00e7iftli\u011fi ele ge\u00e7irir. Hayvanlar kendi kurallar\u0131n\u0131 belirleyerek, e\u015fit ve \u00f6zg\u00fcr olarak ya\u015famak isteseler de olaylar planland\u0131\u011f\u0131 gibi geli\u015fmez. Gelinen noktada; \u201cb\u00fct\u00fcn hayvanlar e\u015fittir ama baz\u0131lar\u0131 daha e\u015fittir.\u201dBu kitab\u0131 okudu\u011funuzda hayvanlar \u00fczerinden alegorik bir d\u00fczen ele\u015ftirisi ile kar\u015f\u0131la\u015facaks\u0131n\u0131z.D\u00fcnya genelinde en \u00e7ok okunanlar aras\u0131nda y\u0131llarca ba\u015f\u0131 \u00e7eken Hayvan \u00c7iftli\u011fi, Seda Yekeler \u00e7evirisi ile Spesifik okurlar\u0131 ile bulu\u015fuyor.<\/p>\n","protected":false},"excerpt":{"rendered":"<p>D\u00fcnya Prometheus \u015eeref K\u00fcrs\u00fcs\u00fc \u00d6d\u00fcl\u00fc sahibi Orwell\u2019\u0131n Hayvan \u00c7iftli\u011fi kitab\u0131, bug\u00fcn yediden yetmi\u015fe herkesin anlayabilece\u011fi \u015fekilde distopik bir realizmi g\u00fcn y\u00fcz\u00fcne \u00e7\u0131kar\u0131yor.Kitap hem bir sosyalizm hem<span class=\"excerpt-hellip\"> [\u2026]<\/span><\/p>\n","protected":false},"featured_media":0,"template":"","meta":{"_monsterinsights_skip_tracking":false,"_monsterinsights_sitenote_active":false,"_monsterinsights_sitenote_note":"","_monsterinsights_sitenote_category":0},"product_brand":[],"product_cat":[12291,12711],"product_tag":[],"class_list":{"0":"post-729341","1":"product","2":"type-product","3":"status-publish","5":"product_cat-edebiyat","6":"product_cat-roman-oyku","7":"pa_cilt-ciltsiz","8":"pa_tur-kitap","9":"pa_yayinevi-spesifik-yayinlari","10":"pa_yazar-george-orwell","12":"first","13":"instock","14":"sale","15":"shipping-taxable","16":"purchasable","17":"product-type-simple"},"_links":{"self":[{"href":"https:\/\/roveyayinevi.com.tr\/index.php\/wp-json\/wp\/v2\/product\/729341","targetHints":{"allow":["GET"]}}],"collection":[{"href":"https:\/\/roveyayinevi.com.tr\/index.php\/wp-json\/wp\/v2\/product"}],"about":[{"href":"https:\/\/roveyayinevi.com.tr\/index.php\/wp-json\/wp\/v2\/types\/product"}],"wp:attachment":[{"href":"https:\/\/roveyayinevi.com.tr\/index.php\/wp-json\/wp\/v2\/media?parent=729341"}],"wp:term":[{"taxonomy":"product_brand","embeddable":true,"href":"https:\/\/roveyayinevi.com.tr\/index.php\/wp-json\/wp\/v2\/product_brand?post=729341"},{"taxonomy":"product_cat","embeddable":true,"href":"https:\/\/roveyayinevi.com.tr\/index.php\/wp-json\/wp\/v2\/product_cat?post=729341"},{"taxonomy":"product_tag","embeddable":true,"href":"https:\/\/roveyayinevi.com.tr\/index.php\/wp-json\/wp\/v2\/product_tag?post=729341"}],"curies":[{"name":"wp","href":"https:\/\/api.w.org\/{rel}","templated":true}]}}