{"id":729337,"date":"2025-08-27T20:54:24","date_gmt":"2025-08-27T17:54:24","guid":{"rendered":"https:\/\/roveyayinevi.com.tr\/index.php\/urun\/bir-okurun-notlari\/"},"modified":"2026-04-16T02:37:07","modified_gmt":"2026-04-15T23:37:07","slug":"bir-okurun-notlari","status":"publish","type":"product","link":"https:\/\/roveyayinevi.com.tr\/index.php\/urun\/bir-okurun-notlari\/","title":{"rendered":"Bir Okurun Notlar\u0131"},"content":{"rendered":"<p>Kitaplar ve dergiler aras\u0131nda ge\u00e7en bir \u00f6m\u00fcr. Okumakla yo\u011frulmu\u015f bir hayat. Yaz\u0131ya ve yazmaya yazg\u0131l\u0131 bir meslek. Hemi okumu\u015f hemi yazm\u0131\u015f bir insan. Fakat en \u00e7ok okumu\u015f. M\u00fctalaa ettiklerinin y\u00fczde biri kadar bile yazamam\u0131\u015f. Bir Okurun Notlar\u0131, okumay\u0131 hayat\u0131n\u0131n en m\u00fchim u\u011fra\u015f\u0131 h\u00e2line getiren bir insan\u0131n boh\u00e7as\u0131nda biriktirdikleridir. K\u0131rk senenin h\u00e2s\u0131las\u0131. Her yaz\u0131 bir kitaba, dolay\u0131s\u0131yla cins bir kafaya ve duyarl\u0131 bir y\u00fcre\u011fe g\u00f6t\u00fcr\u00fcyor. D\u00fcnya yolcu\u011fumuza \u0131\u015f\u0131k d\u00fc\u015f\u00fcrecek, sorular\u0131m\u0131za ses verecek kap\u0131lar\u0131 a\u00e7\u0131yor. Nice k\u0131ymetli kitab\u0131n ve \u015fahsiyetin fark\u0131na varaca\u011f\u0131z bu yaz\u0131lar\u0131 okuduktan sonra. Ve \u015funu diyece\u011fiz i\u00e7tenlikle: Sevgilimiz kitap, sen hep var ol! <\/p>\n","protected":false},"excerpt":{"rendered":"<p>Kitaplar ve dergiler aras\u0131nda ge\u00e7en bir \u00f6m\u00fcr. Okumakla yo\u011frulmu\u015f bir hayat. Yaz\u0131ya ve yazmaya yazg\u0131l\u0131 bir meslek. Hemi okumu\u015f hemi yazm\u0131\u015f bir insan. Fakat en \u00e7ok<span class=\"excerpt-hellip\"> [\u2026]<\/span><\/p>\n","protected":false},"featured_media":0,"template":"","meta":{"_monsterinsights_skip_tracking":false,"_monsterinsights_sitenote_active":false,"_monsterinsights_sitenote_note":"","_monsterinsights_sitenote_category":0},"product_brand":[],"product_cat":[12777,12291],"product_tag":[],"class_list":{"0":"post-729337","1":"product","2":"type-product","3":"status-publish","5":"product_cat-deneme","6":"product_cat-edebiyat","7":"pa_cilt-ciltsiz","8":"pa_tur-kitap","9":"pa_yayinevi-muhit-kitap","10":"pa_yazar-turan-karatas","12":"first","13":"instock","14":"sale","15":"shipping-taxable","16":"purchasable","17":"product-type-simple"},"_links":{"self":[{"href":"https:\/\/roveyayinevi.com.tr\/index.php\/wp-json\/wp\/v2\/product\/729337","targetHints":{"allow":["GET"]}}],"collection":[{"href":"https:\/\/roveyayinevi.com.tr\/index.php\/wp-json\/wp\/v2\/product"}],"about":[{"href":"https:\/\/roveyayinevi.com.tr\/index.php\/wp-json\/wp\/v2\/types\/product"}],"wp:attachment":[{"href":"https:\/\/roveyayinevi.com.tr\/index.php\/wp-json\/wp\/v2\/media?parent=729337"}],"wp:term":[{"taxonomy":"product_brand","embeddable":true,"href":"https:\/\/roveyayinevi.com.tr\/index.php\/wp-json\/wp\/v2\/product_brand?post=729337"},{"taxonomy":"product_cat","embeddable":true,"href":"https:\/\/roveyayinevi.com.tr\/index.php\/wp-json\/wp\/v2\/product_cat?post=729337"},{"taxonomy":"product_tag","embeddable":true,"href":"https:\/\/roveyayinevi.com.tr\/index.php\/wp-json\/wp\/v2\/product_tag?post=729337"}],"curies":[{"name":"wp","href":"https:\/\/api.w.org\/{rel}","templated":true}]}}