{"id":729333,"date":"2025-08-27T20:54:21","date_gmt":"2025-08-27T17:54:21","guid":{"rendered":"https:\/\/roveyayinevi.com.tr\/index.php\/urun\/makaleler-2-2\/"},"modified":"2026-04-16T02:37:07","modified_gmt":"2026-04-15T23:37:07","slug":"makaleler-2-2","status":"publish","type":"product","link":"https:\/\/roveyayinevi.com.tr\/index.php\/urun\/makaleler-2-2\/","title":{"rendered":"Makaleler 2"},"content":{"rendered":"<p>Prof. Dr. Osman Turan\u2019\u0131n Makaleler k\u00fclliyat\u0131n\u0131n bu ikinci cildi, onun as\u0131l uzmanl\u0131k alan\u0131na giren Sel\u00e7uklu as\u0131rlar\u0131na, B\u00fcy\u00fck Sel\u00e7uklu ve bilhassa T\u00fcrkiye Sel\u00e7uklular\u0131 devrine ait siyasi tarih, \u015fehir tarihi ve d\u00fc\u015f\u00fcnce tarihi konular\u0131na ve her biri birer monografi k\u0131ymetindeki biyografik ansiklopedi maddeleriyle T\u00fcrk-\u0130sl\u00e2m medeniyetinin en g\u00fczel abidelerini i\u00e7eren vakfiyelerin metin ve terc\u00fcmelerine ayr\u0131lm\u0131\u015f, toprak hukuku hakk\u0131ndaki bir Frans\u0131zca \u00f6zeti saymazsak, bu derlemeye toplam otuz \u00fc\u00e7 makale al\u0131nm\u0131\u015ft\u0131r.<\/p>\n","protected":false},"excerpt":{"rendered":"<p>Prof. Dr. Osman Turan\u2019\u0131n Makaleler k\u00fclliyat\u0131n\u0131n bu ikinci cildi, onun as\u0131l uzmanl\u0131k alan\u0131na giren Sel\u00e7uklu as\u0131rlar\u0131na, B\u00fcy\u00fck Sel\u00e7uklu ve bilhassa T\u00fcrkiye Sel\u00e7uklular\u0131 devrine ait siyasi tarih,<span class=\"excerpt-hellip\"> [\u2026]<\/span><\/p>\n","protected":false},"featured_media":0,"template":"","meta":{"_monsterinsights_skip_tracking":false,"_monsterinsights_sitenote_active":false,"_monsterinsights_sitenote_note":"","_monsterinsights_sitenote_category":0},"product_brand":[],"product_cat":[12304,13650],"product_tag":[],"class_list":{"0":"post-729333","1":"product","2":"type-product","3":"status-publish","5":"product_cat-tarih","6":"product_cat-turk-tarihi-arastirmalari","7":"pa_cilt-ciltsiz","8":"pa_tur-kitap","9":"pa_yayinevi-otuken-nesriyat","10":"pa_yazar-osman-turan","12":"first","13":"instock","14":"sale","15":"shipping-taxable","16":"purchasable","17":"product-type-simple"},"_links":{"self":[{"href":"https:\/\/roveyayinevi.com.tr\/index.php\/wp-json\/wp\/v2\/product\/729333","targetHints":{"allow":["GET"]}}],"collection":[{"href":"https:\/\/roveyayinevi.com.tr\/index.php\/wp-json\/wp\/v2\/product"}],"about":[{"href":"https:\/\/roveyayinevi.com.tr\/index.php\/wp-json\/wp\/v2\/types\/product"}],"wp:attachment":[{"href":"https:\/\/roveyayinevi.com.tr\/index.php\/wp-json\/wp\/v2\/media?parent=729333"}],"wp:term":[{"taxonomy":"product_brand","embeddable":true,"href":"https:\/\/roveyayinevi.com.tr\/index.php\/wp-json\/wp\/v2\/product_brand?post=729333"},{"taxonomy":"product_cat","embeddable":true,"href":"https:\/\/roveyayinevi.com.tr\/index.php\/wp-json\/wp\/v2\/product_cat?post=729333"},{"taxonomy":"product_tag","embeddable":true,"href":"https:\/\/roveyayinevi.com.tr\/index.php\/wp-json\/wp\/v2\/product_tag?post=729333"}],"curies":[{"name":"wp","href":"https:\/\/api.w.org\/{rel}","templated":true}]}}