{"id":729330,"date":"2025-08-27T20:54:18","date_gmt":"2025-08-27T17:54:18","guid":{"rendered":"https:\/\/roveyayinevi.com.tr\/index.php\/urun\/batini-siyah\/"},"modified":"2026-04-08T02:46:08","modified_gmt":"2026-04-07T23:46:08","slug":"batini-siyah","status":"publish","type":"product","link":"https:\/\/roveyayinevi.com.tr\/index.php\/urun\/batini-siyah\/","title":{"rendered":"Bat\u0131ni Siyah"},"content":{"rendered":"<p>\u015eiir, primordium\u2019dan beri Meridyen\u2019de seyr\u2019ediyor\u2026\u201cSoyut ama yine de maddi ve d\u00fcnyevi, d\u00f6ng\u00fcsel, her iki kutbu da boydan boya katedip kendine kavu\u015fan\u2026\u201d bir meridyende!Varl\u0131\u011f\u0131\/n\u0131 kendisi i\u00e7in vazge\u00e7ilmez bir y\u00fck bilenlerin dokundu\u011fu bu Meridyen\u2019de yaln\u0131zd\u0131r \u015eiir; yaln\u0131z ve seyr halinde. \u201cOnu yazan, ona refakat etmelidir&#8230;\u201dAncak bir yandan da \u2018\u00d6teki\u2019ne ula\u015fmak ister; herkes ve her \u015feyde suretini g\u00f6rd\u00fc\u011f\u00fc \u2018\u00d6teki\u2019ni arar, Ona seslenir. B\u00f6ylelikle belki de, daima \u015fiirin umutlar\u0131 aras\u0131nda yer alan bu me\u00e7hul \u00d6teki u\u011fruna konu\u015fma tavr\u0131 sayesinde, bir muhayyel an\u2019da, yeniden bir kar\u015f\u0131la\u015fma tasavvur etmek m\u00fcmk\u00fcn olabilir!B\u00e2t\u0131n\u00ee Siyah\u2019la bu neviden bir kar\u015f\u0131la\u015fma i\u00e7in \u201cbaz\u0131 kederlerin riy\u00e2ziyesi\u201dni temrin eden Sald\u0131ray, Ha\u015fim\u2019in mel\u00e2l\u2019i ile Verlaine\u2019in h\u00fczn\u00fc aras\u0131nda bir muhayyel \u00e1n\u0131 koval\u0131yor. Ve udunun perdelerinde        \u201cTout en chantant sur le mode mineur        L\u2019amour vainqueur et la vie opportune        ils n\u2019ont pas l\u2019air de croire \u00e0 leur bonheur        t leur chanson se m\u00eale au clair de lune\u201d diyerek serho\u015f gezinen Verlaine misali, ruhun T\u00e9n\u00e9breux karnaval\u0131ndan se\u00e7ilmi\u015f latif hay\u00e2llerle ay\u0131\u015f\u0131\u011f\u0131na kar\u0131\u015f\u0131yor \u015fark\u0131lar\u0131\u2026C. Y.<\/p>\n","protected":false},"excerpt":{"rendered":"<p>\u015eiir, primordium\u2019dan beri Meridyen\u2019de seyr\u2019ediyor\u2026\u201cSoyut ama yine de maddi ve d\u00fcnyevi, d\u00f6ng\u00fcsel, her iki kutbu da boydan boya katedip kendine kavu\u015fan\u2026\u201d bir meridyende!Varl\u0131\u011f\u0131\/n\u0131 kendisi i\u00e7in vazge\u00e7ilmez<span class=\"excerpt-hellip\"> [\u2026]<\/span><\/p>\n","protected":false},"featured_media":0,"template":"","meta":{"_monsterinsights_skip_tracking":false,"_monsterinsights_sitenote_active":false,"_monsterinsights_sitenote_note":"","_monsterinsights_sitenote_category":0},"product_brand":[],"product_cat":[12291,12509],"product_tag":[],"class_list":{"0":"post-729330","1":"product","2":"type-product","3":"status-publish","5":"product_cat-edebiyat","6":"product_cat-siir","7":"pa_cilt-ciltsiz","8":"pa_tur-kitap","9":"pa_yayinevi-otuken-nesriyat","10":"pa_yazar-murat-saldiray","12":"first","13":"instock","14":"sale","15":"shipping-taxable","16":"purchasable","17":"product-type-simple"},"_links":{"self":[{"href":"https:\/\/roveyayinevi.com.tr\/index.php\/wp-json\/wp\/v2\/product\/729330","targetHints":{"allow":["GET"]}}],"collection":[{"href":"https:\/\/roveyayinevi.com.tr\/index.php\/wp-json\/wp\/v2\/product"}],"about":[{"href":"https:\/\/roveyayinevi.com.tr\/index.php\/wp-json\/wp\/v2\/types\/product"}],"wp:attachment":[{"href":"https:\/\/roveyayinevi.com.tr\/index.php\/wp-json\/wp\/v2\/media?parent=729330"}],"wp:term":[{"taxonomy":"product_brand","embeddable":true,"href":"https:\/\/roveyayinevi.com.tr\/index.php\/wp-json\/wp\/v2\/product_brand?post=729330"},{"taxonomy":"product_cat","embeddable":true,"href":"https:\/\/roveyayinevi.com.tr\/index.php\/wp-json\/wp\/v2\/product_cat?post=729330"},{"taxonomy":"product_tag","embeddable":true,"href":"https:\/\/roveyayinevi.com.tr\/index.php\/wp-json\/wp\/v2\/product_tag?post=729330"}],"curies":[{"name":"wp","href":"https:\/\/api.w.org\/{rel}","templated":true}]}}