{"id":729323,"date":"2025-08-27T20:54:12","date_gmt":"2025-08-27T17:54:12","guid":{"rendered":"https:\/\/roveyayinevi.com.tr\/index.php\/urun\/sakin-goz-kirpma\/"},"modified":"2026-04-16T02:37:07","modified_gmt":"2026-04-15T23:37:07","slug":"sakin-goz-kirpma","status":"publish","type":"product","link":"https:\/\/roveyayinevi.com.tr\/index.php\/urun\/sakin-goz-kirpma\/","title":{"rendered":"Sak\u0131n G\u00f6z K\u0131rpma"},"content":{"rendered":"<p>NE? G\u00f6z k\u0131rpmama yar\u0131\u015fmas\u0131nda iyi oldu\u011funu mu d\u00fc\u015f\u00fcn\u00fcyorsun? Beni yeneceksin, \u00f6yle mi??? HAYD\u0130 BAKALIM! Dene de g\u00f6relim. Nicholas Solis, yaz\u0131p resimledi\u011fi bu ilk kitab\u0131yla, seni d\u00fcnyan\u0131n en sevilen oyunlar\u0131ndan birine davet ediyor. Dikkat etsen iyi olur \u00e7\u00fcnk\u00fc bu hik\u00e2yede g\u00f6z k\u0131rpmak yasak. Hem de t\u00fcm kitap boyunca. <\/p>\n","protected":false},"excerpt":{"rendered":"<p>NE? G\u00f6z k\u0131rpmama yar\u0131\u015fmas\u0131nda iyi oldu\u011funu mu d\u00fc\u015f\u00fcn\u00fcyorsun? Beni yeneceksin, \u00f6yle mi??? HAYD\u0130 BAKALIM! Dene de g\u00f6relim. Nicholas Solis, yaz\u0131p resimledi\u011fi bu ilk kitab\u0131yla, seni d\u00fcnyan\u0131n<span class=\"excerpt-hellip\"> [\u2026]<\/span><\/p>\n","protected":false},"featured_media":0,"template":"","meta":{"_monsterinsights_skip_tracking":false,"_monsterinsights_sitenote_active":false,"_monsterinsights_sitenote_note":"","_monsterinsights_sitenote_category":0},"product_brand":[],"product_cat":[12274,12518],"product_tag":[],"class_list":{"0":"post-729323","1":"product","2":"type-product","3":"status-publish","5":"product_cat-cocuk-ve-genclik-kitaplari","6":"product_cat-okul-oncesi-kitaplar","7":"pa_cilt-ciltsiz","8":"pa_tur-kitap","9":"pa_yayinevi-domingo-yayinevi","10":"pa_yazar-nicholas-solis","12":"first","13":"instock","14":"sale","15":"shipping-taxable","16":"purchasable","17":"product-type-simple"},"_links":{"self":[{"href":"https:\/\/roveyayinevi.com.tr\/index.php\/wp-json\/wp\/v2\/product\/729323","targetHints":{"allow":["GET"]}}],"collection":[{"href":"https:\/\/roveyayinevi.com.tr\/index.php\/wp-json\/wp\/v2\/product"}],"about":[{"href":"https:\/\/roveyayinevi.com.tr\/index.php\/wp-json\/wp\/v2\/types\/product"}],"wp:attachment":[{"href":"https:\/\/roveyayinevi.com.tr\/index.php\/wp-json\/wp\/v2\/media?parent=729323"}],"wp:term":[{"taxonomy":"product_brand","embeddable":true,"href":"https:\/\/roveyayinevi.com.tr\/index.php\/wp-json\/wp\/v2\/product_brand?post=729323"},{"taxonomy":"product_cat","embeddable":true,"href":"https:\/\/roveyayinevi.com.tr\/index.php\/wp-json\/wp\/v2\/product_cat?post=729323"},{"taxonomy":"product_tag","embeddable":true,"href":"https:\/\/roveyayinevi.com.tr\/index.php\/wp-json\/wp\/v2\/product_tag?post=729323"}],"curies":[{"name":"wp","href":"https:\/\/api.w.org\/{rel}","templated":true}]}}