{"id":729318,"date":"2025-08-27T20:54:08","date_gmt":"2025-08-27T17:54:08","guid":{"rendered":"https:\/\/roveyayinevi.com.tr\/index.php\/urun\/kafkaesk-anorexia\/"},"modified":"2026-04-16T02:37:06","modified_gmt":"2026-04-15T23:37:06","slug":"kafkaesk-anorexia","status":"publish","type":"product","link":"https:\/\/roveyayinevi.com.tr\/index.php\/urun\/kafkaesk-anorexia\/","title":{"rendered":"Kafkaesk Anorexia"},"content":{"rendered":"<p>Kafka \u00e7al\u0131\u015fmalar\u0131yla tan\u0131nan Prof. Dr. Ahmet Sar\u0131, \u00fcnl\u00fc yazar\u0131n az bilinen bir y\u00f6n\u00fcne \u0131\u015f\u0131k tutuyor: Kafka\u2019n\u0131n vejetaryenli\u011fi, yeme-i\u00e7me al\u0131\u015fkanl\u0131klar\u0131 ve bunlar\u0131n eserlerine yans\u0131malar\u0131n\u0131, titiz bir \u00e7al\u0131\u015fmayla inceliyor. Kafka\u2019n\u0131n pek bilinmeyen bu y\u00f6n\u00fc, yazd\u0131klar\u0131n\u0131 yorumlamakta size bamba\u015fka pencereler a\u00e7acakt\u0131r.\u201cKafkaesk Anorexia\u201d sadece beden ve ba\u015f\u0131n, ruhla bedenin birbirinden kopuklu\u011funu dillendirmez, bir varl\u0131k alan\u0131na a\u00e7\u0131larak organs\u0131z beden olu\u015flu\u011fu da dillendirir. Somut etten soyut alana a\u00e7\u0131lmay\u0131 bir \u00f6dev sayar. Derisi, k\u0131llar\u0131, g\u00f6zenekleri olan; terleyen, kanl\u0131 canl\u0131 etten olan, kanl\u0131 canl\u0131 bir et par\u00e7as\u0131nda \u015fekil bulan ve bu canl\u0131n\u0131n zihninde yurt edinen, yuva kuran ancak onun zihninde geli\u015fme ve serpilme olana\u011f\u0131na sahip epistemenin, bilginin, bilmenin de bir anorexik kaz\u0131s\u0131n\u0131 ama\u00e7lar.Ahmet Sar\u0131<\/p>\n","protected":false},"excerpt":{"rendered":"<p>Kafka \u00e7al\u0131\u015fmalar\u0131yla tan\u0131nan Prof. Dr. Ahmet Sar\u0131, \u00fcnl\u00fc yazar\u0131n az bilinen bir y\u00f6n\u00fcne \u0131\u015f\u0131k tutuyor: Kafka\u2019n\u0131n vejetaryenli\u011fi, yeme-i\u00e7me al\u0131\u015fkanl\u0131klar\u0131 ve bunlar\u0131n eserlerine yans\u0131malar\u0131n\u0131, titiz bir \u00e7al\u0131\u015fmayla<span class=\"excerpt-hellip\"> [\u2026]<\/span><\/p>\n","protected":false},"featured_media":0,"template":"","meta":{"_monsterinsights_skip_tracking":false,"_monsterinsights_sitenote_active":false,"_monsterinsights_sitenote_note":"","_monsterinsights_sitenote_category":0},"product_brand":[],"product_cat":[13072,12291],"product_tag":[],"class_list":{"0":"post-729318","1":"product","2":"type-product","3":"status-publish","5":"product_cat-arastirma-inceleme-referans","6":"product_cat-edebiyat","7":"pa_cilt-ciltsiz","8":"pa_tur-kitap","9":"pa_yayinevi-cem-yayinevi","10":"pa_yazar-ahmet-sari","12":"first","13":"instock","14":"sale","15":"shipping-taxable","16":"purchasable","17":"product-type-simple"},"_links":{"self":[{"href":"https:\/\/roveyayinevi.com.tr\/index.php\/wp-json\/wp\/v2\/product\/729318","targetHints":{"allow":["GET"]}}],"collection":[{"href":"https:\/\/roveyayinevi.com.tr\/index.php\/wp-json\/wp\/v2\/product"}],"about":[{"href":"https:\/\/roveyayinevi.com.tr\/index.php\/wp-json\/wp\/v2\/types\/product"}],"wp:attachment":[{"href":"https:\/\/roveyayinevi.com.tr\/index.php\/wp-json\/wp\/v2\/media?parent=729318"}],"wp:term":[{"taxonomy":"product_brand","embeddable":true,"href":"https:\/\/roveyayinevi.com.tr\/index.php\/wp-json\/wp\/v2\/product_brand?post=729318"},{"taxonomy":"product_cat","embeddable":true,"href":"https:\/\/roveyayinevi.com.tr\/index.php\/wp-json\/wp\/v2\/product_cat?post=729318"},{"taxonomy":"product_tag","embeddable":true,"href":"https:\/\/roveyayinevi.com.tr\/index.php\/wp-json\/wp\/v2\/product_tag?post=729318"}],"curies":[{"name":"wp","href":"https:\/\/api.w.org\/{rel}","templated":true}]}}