{"id":729316,"date":"2025-08-27T20:54:06","date_gmt":"2025-08-27T17:54:06","guid":{"rendered":"https:\/\/roveyayinevi.com.tr\/index.php\/urun\/karamel-4-cifte-karamel\/"},"modified":"2026-04-16T02:37:06","modified_gmt":"2026-04-15T23:37:06","slug":"karamel-4-cifte-karamel","status":"publish","type":"product","link":"https:\/\/roveyayinevi.com.tr\/index.php\/urun\/karamel-4-cifte-karamel\/","title":{"rendered":"Karamel 4 &#8211; \u00c7ifte Karamel"},"content":{"rendered":"<p>Karamel\u2019in yeni tutkusu para. Evde yapt\u0131\u011f\u0131 \u201cKaramel Papelleri\u201dyle akl\u0131na gelen her \u015feyi sat\u0131n almay\u0131 saplant\u0131 haline getirince Peter ve ailesi darphane gezisi yapmaya karar verir. Gezide y\u0131llard\u0131r haber almad\u0131klar\u0131 akrabalar\u0131yla kar\u015f\u0131la\u015f\u0131r ve kendilerini \u00e7\u0131lg\u0131n bir maceran\u0131n i\u00e7inde bulurlar. Peter karde\u015finden \u00e7ektikleri yetmezmi\u015f gibi bu kez de birbirinden sinir bozucu ikiz kuzenleri ve Karamel\u2019le ayn\u0131 ad\u0131 ta\u015f\u0131yan, yaramazl\u0131kta da ondan hi\u00e7 a\u015fa\u011f\u0131 kalmayan k\u00fc\u00e7\u00fck erkek karde\u015fleri Minik Karamel\u2019le u\u011fra\u015fmak zorunda kal\u0131r!   D\u00fcnyaca \u00fcnl\u00fc \u00f6d\u00fcll\u00fc yazar Judy Blume\u2019un klasikle\u015fmi\u015f Karamel dizisinin son kitab\u0131 \u00c7ifte Karamel\u2019de Peter ailesiyle yard\u0131mla\u015farak hep birlikte i\u00e7ine d\u00fc\u015ft\u00fckleri \u00e7\u0131lg\u0131n maceray\u0131 atlatmaya \u00e7al\u0131\u015f\u0131yor. <\/p>\n","protected":false},"excerpt":{"rendered":"<p>Karamel\u2019in yeni tutkusu para. Evde yapt\u0131\u011f\u0131 \u201cKaramel Papelleri\u201dyle akl\u0131na gelen her \u015feyi sat\u0131n almay\u0131 saplant\u0131 haline getirince Peter ve ailesi darphane gezisi yapmaya karar verir. Gezide<span class=\"excerpt-hellip\"> [\u2026]<\/span><\/p>\n","protected":false},"featured_media":0,"template":"","meta":{"_monsterinsights_skip_tracking":false,"_monsterinsights_sitenote_active":false,"_monsterinsights_sitenote_note":"","_monsterinsights_sitenote_category":0},"product_brand":[],"product_cat":[12275,12274],"product_tag":[],"class_list":{"0":"post-729316","1":"product","2":"type-product","3":"status-publish","5":"product_cat-6-12-yas-kitaplari","6":"product_cat-cocuk-ve-genclik-kitaplari","7":"pa_cilt-ciltsiz","8":"pa_tur-kitap","9":"pa_yayinevi-kolektif-kitap","10":"pa_yazar-judy-blume","12":"first","13":"instock","14":"sale","15":"shipping-taxable","16":"purchasable","17":"product-type-simple"},"_links":{"self":[{"href":"https:\/\/roveyayinevi.com.tr\/index.php\/wp-json\/wp\/v2\/product\/729316","targetHints":{"allow":["GET"]}}],"collection":[{"href":"https:\/\/roveyayinevi.com.tr\/index.php\/wp-json\/wp\/v2\/product"}],"about":[{"href":"https:\/\/roveyayinevi.com.tr\/index.php\/wp-json\/wp\/v2\/types\/product"}],"wp:attachment":[{"href":"https:\/\/roveyayinevi.com.tr\/index.php\/wp-json\/wp\/v2\/media?parent=729316"}],"wp:term":[{"taxonomy":"product_brand","embeddable":true,"href":"https:\/\/roveyayinevi.com.tr\/index.php\/wp-json\/wp\/v2\/product_brand?post=729316"},{"taxonomy":"product_cat","embeddable":true,"href":"https:\/\/roveyayinevi.com.tr\/index.php\/wp-json\/wp\/v2\/product_cat?post=729316"},{"taxonomy":"product_tag","embeddable":true,"href":"https:\/\/roveyayinevi.com.tr\/index.php\/wp-json\/wp\/v2\/product_tag?post=729316"}],"curies":[{"name":"wp","href":"https:\/\/api.w.org\/{rel}","templated":true}]}}